{"id":5595,"date":"2026-03-18T17:07:01","date_gmt":"2026-03-18T17:07:01","guid":{"rendered":"http:\/\/www.le-professionnel.com\/?post_type=product&#038;p=5595"},"modified":"2026-03-18T17:07:01","modified_gmt":"2026-03-18T17:07:01","slug":"boulonneuse-20v-1000nm-8675","status":"publish","type":"product","link":"https:\/\/www.le-professionnel.com\/?product=boulonneuse-20v-1000nm-8675","title":{"rendered":"BOULONNEUSE 20V 1000NM 8675"},"content":{"rendered":"","protected":false},"excerpt":{"rendered":"<p>Perforateur sans fil 20V avec mandrin SDS-Plus et moteur brushless\u00a0. D\u00e9veloppant une \u00e9nergie de frappe de 2,5 J, il permet de percer dans le b\u00e9ton jusqu&rsquo;\u00e0 22 mm de diam\u00e8tre. Il dispose de 4 modes de fonctionnement (per\u00e7age, percussion, burinage, r\u00e9glage d&rsquo;angle)\u00a0.<\/p>\n","protected":false},"featured_media":5504,"template":"","meta":[],"brands":[{"id":162,"name":"Ronix","slug":"ronix"}],"_links":{"self":[{"href":"https:\/\/www.le-professionnel.com\/index.php?rest_route=\/wp\/v2\/product\/5595"}],"collection":[{"href":"https:\/\/www.le-professionnel.com\/index.php?rest_route=\/wp\/v2\/product"}],"about":[{"href":"https:\/\/www.le-professionnel.com\/index.php?rest_route=\/wp\/v2\/types\/product"}],"version-history":[{"count":1,"href":"https:\/\/www.le-professionnel.com\/index.php?rest_route=\/wp\/v2\/product\/5595\/revisions"}],"predecessor-version":[{"id":5596,"href":"https:\/\/www.le-professionnel.com\/index.php?rest_route=\/wp\/v2\/product\/5595\/revisions\/5596"}],"wp:featuredmedia":[{"embeddable":true,"href":"https:\/\/www.le-professionnel.com\/index.php?rest_route=\/wp\/v2\/media\/5504"}],"wp:attachment":[{"href":"https:\/\/www.le-professionnel.com\/index.php?rest_route=%2Fwp%2Fv2%2Fmedia&parent=5595"}],"curies":[{"name":"wp","href":"https:\/\/api.w.org\/{rel}","templated":true}]}}