{"id":5019,"date":"2025-01-23T14:37:02","date_gmt":"2025-01-23T14:37:02","guid":{"rendered":"http:\/\/www.le-professionnel.com\/?post_type=product&#038;p=5019"},"modified":"2025-01-23T14:37:02","modified_gmt":"2025-01-23T14:37:02","slug":"67801-pince-a-rivets-a-tete-pivotante","status":"publish","type":"product","link":"https:\/\/www.le-professionnel.com\/?product=67801-pince-a-rivets-a-tete-pivotante","title":{"rendered":"67801 Pince \u00e0 rivets \u00e0 t\u00eate pivotante"},"content":{"rendered":"<p>T\u00eate double position permettant de travailler avec une ou deux mains, parfaite aussi pour les endroits difficilement accessibles.<\/p>\n","protected":false},"excerpt":{"rendered":"<ul>\n<li>Aluminium: \u00d8 2.4mm, \u00d8 3.0mm, \u00d8 4.0mm, \u00d8 4.8mm<\/li>\n<\/ul>\n","protected":false},"featured_media":5020,"template":"","meta":[],"brands":[{"id":29,"name":"FORCE","slug":"force"}],"_links":{"self":[{"href":"https:\/\/www.le-professionnel.com\/index.php?rest_route=\/wp\/v2\/product\/5019"}],"collection":[{"href":"https:\/\/www.le-professionnel.com\/index.php?rest_route=\/wp\/v2\/product"}],"about":[{"href":"https:\/\/www.le-professionnel.com\/index.php?rest_route=\/wp\/v2\/types\/product"}],"version-history":[{"count":1,"href":"https:\/\/www.le-professionnel.com\/index.php?rest_route=\/wp\/v2\/product\/5019\/revisions"}],"predecessor-version":[{"id":5021,"href":"https:\/\/www.le-professionnel.com\/index.php?rest_route=\/wp\/v2\/product\/5019\/revisions\/5021"}],"wp:featuredmedia":[{"embeddable":true,"href":"https:\/\/www.le-professionnel.com\/index.php?rest_route=\/wp\/v2\/media\/5020"}],"wp:attachment":[{"href":"https:\/\/www.le-professionnel.com\/index.php?rest_route=%2Fwp%2Fv2%2Fmedia&parent=5019"}],"curies":[{"name":"wp","href":"https:\/\/api.w.org\/{rel}","templated":true}]}}