{"id":4983,"date":"2025-01-22T12:21:06","date_gmt":"2025-01-22T12:21:06","guid":{"rendered":"http:\/\/www.le-professionnel.com\/?post_type=product&#038;p=4983"},"modified":"2025-01-22T12:21:06","modified_gmt":"2025-01-22T12:21:06","slug":"62114-rodoir-de-soupapes-pneumatique","status":"publish","type":"product","link":"https:\/\/www.le-professionnel.com\/?product=62114-rodoir-de-soupapes-pneumatique","title":{"rendered":"62114 Rodoir de soupapes pneumatique"},"content":{"rendered":"<p>Cet appareil rend automatique et parfaitement homog\u00e8ne le rodage de soupapes, en agissant par rotations altern\u00e9es droites et gauches. Toutes les parties tournantes sont usin\u00e9es avec pr\u00e9cision et garantissent une longue dur\u00e9e de vie de l\u2019appareil. Fourni en bo\u00eete plastique compl\u00e8te avec ventouses et douilles permettant la prise des soupapes soit par le queue soit par la t\u00eate. Le r\u00e9glage de la vitesse de l\u2019arbre s\u2019effectue en augmentant ou en diminuant le d\u00e9bit d\u2019air.<\/p>\n","protected":false},"excerpt":{"rendered":"<p><strong>Contenu:<\/strong><\/p>\n<ul>\n<li>Rodoir de soupapes pneumatique<\/li>\n<li>Ventouse \u00d8 20 mm<\/li>\n<li>Ventouse \u00d8 30 mm<\/li>\n<li>Ventouse \u00d8 35 mm<\/li>\n<li>Ventouse \u00d8 45 mm<\/li>\n<\/ul>\n","protected":false},"featured_media":4984,"template":"","meta":[],"brands":[{"id":29,"name":"FORCE","slug":"force"}],"_links":{"self":[{"href":"https:\/\/www.le-professionnel.com\/index.php?rest_route=\/wp\/v2\/product\/4983"}],"collection":[{"href":"https:\/\/www.le-professionnel.com\/index.php?rest_route=\/wp\/v2\/product"}],"about":[{"href":"https:\/\/www.le-professionnel.com\/index.php?rest_route=\/wp\/v2\/types\/product"}],"version-history":[{"count":1,"href":"https:\/\/www.le-professionnel.com\/index.php?rest_route=\/wp\/v2\/product\/4983\/revisions"}],"predecessor-version":[{"id":4985,"href":"https:\/\/www.le-professionnel.com\/index.php?rest_route=\/wp\/v2\/product\/4983\/revisions\/4985"}],"wp:featuredmedia":[{"embeddable":true,"href":"https:\/\/www.le-professionnel.com\/index.php?rest_route=\/wp\/v2\/media\/4984"}],"wp:attachment":[{"href":"https:\/\/www.le-professionnel.com\/index.php?rest_route=%2Fwp%2Fv2%2Fmedia&parent=4983"}],"curies":[{"name":"wp","href":"https:\/\/api.w.org\/{rel}","templated":true}]}}