{"id":4961,"date":"2025-01-22T11:57:57","date_gmt":"2025-01-22T11:57:57","guid":{"rendered":"http:\/\/www.le-professionnel.com\/?post_type=product&#038;p=4961"},"modified":"2025-01-22T11:57:57","modified_gmt":"2025-01-22T11:57:57","slug":"611b175-pince-universelle","status":"publish","type":"product","link":"https:\/\/www.le-professionnel.com\/?product=611b175-pince-universelle","title":{"rendered":"611B175 Pince universelle"},"content":{"rendered":"<p>Les pinces combin\u00e9es Force de qualit\u00e9 industrielle sont dot\u00e9es de poign\u00e9es antid\u00e9rapantes et de m\u00e2choires en acier tremp\u00e9 dentel\u00e9es. Ces superbes pinces font partie de la gamme Force, qui jouit d&rsquo;une solide r\u00e9putation de qualit\u00e9 extr\u00eamement \u00e9lev\u00e9e ! Poign\u00e9es antid\u00e9rapantes. Longueur : 175 mm (7&Prime;)<\/p>\n","protected":false},"excerpt":{"rendered":"<p>Les pinces combin\u00e9es Force de qualit\u00e9 industrielle sont dot\u00e9es de poign\u00e9es antid\u00e9rapantes et de m\u00e2choires en acier tremp\u00e9 dentel\u00e9es. Ces&#8230;<\/p>\n","protected":false},"featured_media":4962,"template":"","meta":[],"brands":[{"id":29,"name":"FORCE","slug":"force"}],"_links":{"self":[{"href":"https:\/\/www.le-professionnel.com\/index.php?rest_route=\/wp\/v2\/product\/4961"}],"collection":[{"href":"https:\/\/www.le-professionnel.com\/index.php?rest_route=\/wp\/v2\/product"}],"about":[{"href":"https:\/\/www.le-professionnel.com\/index.php?rest_route=\/wp\/v2\/types\/product"}],"version-history":[{"count":1,"href":"https:\/\/www.le-professionnel.com\/index.php?rest_route=\/wp\/v2\/product\/4961\/revisions"}],"predecessor-version":[{"id":4963,"href":"https:\/\/www.le-professionnel.com\/index.php?rest_route=\/wp\/v2\/product\/4961\/revisions\/4963"}],"wp:featuredmedia":[{"embeddable":true,"href":"https:\/\/www.le-professionnel.com\/index.php?rest_route=\/wp\/v2\/media\/4962"}],"wp:attachment":[{"href":"https:\/\/www.le-professionnel.com\/index.php?rest_route=%2Fwp%2Fv2%2Fmedia&parent=4961"}],"curies":[{"name":"wp","href":"https:\/\/api.w.org\/{rel}","templated":true}]}}