{"id":3447,"date":"2021-03-02T13:12:55","date_gmt":"2021-03-02T13:12:55","guid":{"rendered":"http:\/\/www.le-professionnel.com\/?post_type=product&#038;p=3447"},"modified":"2021-03-02T13:12:56","modified_gmt":"2021-03-02T13:12:56","slug":"perceuse-a-percussion-gsb-16-re","status":"publish","type":"product","link":"https:\/\/www.le-professionnel.com\/?product=perceuse-a-percussion-gsb-16-re","title":{"rendered":"Perceuse \u00e0 percussion GSB 16 RE"},"content":{"rendered":"<div class=\"row\">\n<div class=\"col-xs-12\">\n<div class=\"headline hl1\">Caract\u00e9ristiques techniques<\/div>\n<\/div>\n<\/div>\n<div class=\"row\">\n<div class=\"col-lg-8 col-xs-12\">\n<table class=\"table\">\n<colgroup>\n<col class=\"col-xs-5\" \/>\n<col class=\"col-xs-3\" \/><\/colgroup>\n<thead>\n<tr>\n<th class=\"headline hl4\" colspan=\"2\">Donn\u00e9es suppl\u00e9mentaires<\/th>\n<\/tr>\n<\/thead>\n<tbody>\n<tr>\n<td>Puissance absorb\u00e9e nominale<\/td>\n<td>750\u00a0W<\/td>\n<\/tr>\n<tr>\n<td>Poids<\/td>\n<td>1,8\u00a0kg<\/td>\n<\/tr>\n<tr>\n<td>Couple nominal<\/td>\n<td>2.1\u00a0Nm<\/td>\n<\/tr>\n<tr>\n<td>Plage de serrage du mandrin, min.\/max.<\/td>\n<td>1.5 \u2013 13\u00a0mm<\/td>\n<\/tr>\n<tr>\n<td>R\u00e9gime \u00e0 vide, 1\u00e8re vitesse<\/td>\n<td>0 \u2013 3,250\u00a0t\/min<\/td>\n<\/tr>\n<tr>\n<td>Dimensions de l\u2019outil (largeur)<\/td>\n<td>70\u00a0mm<\/td>\n<\/tr>\n<tr>\n<td>Dimensions de l\u2019outil (longueur)<\/td>\n<td>270\u00a0mm<\/td>\n<\/tr>\n<tr>\n<td>Dimensions de l\u2019outil (hauteur)<\/td>\n<td>190\u00a0mm<\/td>\n<\/tr>\n<tr>\n<td>Fr\u00e9quence de frappe \u00e0 vide<\/td>\n<td>0 \u2013 48,500\u00a0cps\/min<\/td>\n<\/tr>\n<\/tbody>\n<\/table>\n<table class=\"table\">\n<colgroup>\n<col class=\"col-xs-5\" \/>\n<col class=\"col-xs-3\" \/><\/colgroup>\n<thead>\n<tr>\n<th class=\"headline hl4\" colspan=\"2\">Plage de per\u00e7age<\/th>\n<\/tr>\n<\/thead>\n<tbody>\n<tr>\n<td>\u00d8 per\u00e7age b\u00e9ton<\/td>\n<td>16\u00a0mm<\/td>\n<\/tr>\n<tr>\n<td>\u00d8 per\u00e7age bois<\/td>\n<td>25\u00a0mm<\/td>\n<\/tr>\n<tr>\n<td>\u00d8 per\u00e7age acier<\/td>\n<td>12\u00a0mm<\/td>\n<\/tr>\n<\/tbody>\n<\/table>\n<\/div>\n<\/div>\n","protected":false},"excerpt":{"rendered":"<h2 class=\"headline hl1\">Avantages<\/h2>\n<div class=\"row\">\n<div class=\"col-md-6\">\n<div class=\"m-product_hightlights__content-wrapper\">\n<h3 class=\"headline hl4\">Une avanc\u00e9e technologique qui \u00e9tablit de nouvelles normes Performance am\u00e9lior\u00e9e, efficacit\u00e9 d\u00e9cupl\u00e9e<\/h3>\n<p class=\"m-product_hightlights__paragraph\">\n<ul class=\"m-product_hightlights__list\">\n<li>Carter d\u2019engrenage cylindrique et carter de moteur avec collier de fixation pour r\u00e9sister aux conditions de travail les plus difficiles<\/li>\n<li>Un moteur puissant de 750 W pour s\u2019adapter \u00e0 tous les besoins professionnels<\/li>\n<li>Conception compacte et ergonomique pour une utilisation sans fatigue<\/li>\n<\/ul>\n<\/div>\n<\/div>\n<\/div>\n","protected":false},"featured_media":3448,"template":"","meta":[],"brands":[{"id":19,"name":"BOSCH","slug":"bosch"}],"_links":{"self":[{"href":"https:\/\/www.le-professionnel.com\/index.php?rest_route=\/wp\/v2\/product\/3447"}],"collection":[{"href":"https:\/\/www.le-professionnel.com\/index.php?rest_route=\/wp\/v2\/product"}],"about":[{"href":"https:\/\/www.le-professionnel.com\/index.php?rest_route=\/wp\/v2\/types\/product"}],"version-history":[{"count":1,"href":"https:\/\/www.le-professionnel.com\/index.php?rest_route=\/wp\/v2\/product\/3447\/revisions"}],"predecessor-version":[{"id":3449,"href":"https:\/\/www.le-professionnel.com\/index.php?rest_route=\/wp\/v2\/product\/3447\/revisions\/3449"}],"wp:featuredmedia":[{"embeddable":true,"href":"https:\/\/www.le-professionnel.com\/index.php?rest_route=\/wp\/v2\/media\/3448"}],"wp:attachment":[{"href":"https:\/\/www.le-professionnel.com\/index.php?rest_route=%2Fwp%2Fv2%2Fmedia&parent=3447"}],"curies":[{"name":"wp","href":"https:\/\/api.w.org\/{rel}","templated":true}]}}