{"id":3370,"date":"2021-02-01T10:34:17","date_gmt":"2021-02-01T10:34:17","guid":{"rendered":"http:\/\/www.le-professionnel.com\/?post_type=product&#038;p=3370"},"modified":"2021-02-01T11:04:39","modified_gmt":"2021-02-01T11:04:39","slug":"masque-facial-rf-731-climax","status":"publish","type":"product","link":"https:\/\/www.le-professionnel.com\/?product=masque-facial-rf-731-climax","title":{"rendered":"Masque facial RF 731 CLIMAX"},"content":{"rendered":"<p>Masque panoramique \u00e0 usage g\u00e9n\u00e9ral.\u00a0CLASSE 2.<br \/>\nPi\u00e8ce faciale compl\u00e8te fabriqu\u00e9e en caoutchouc\u00a0naturel.<br \/>\nVisi\u00e8re panoramique en polycarbonate, r\u00e9sistante\u00a0aux impacts et aux rayures.<br \/>\nLarge champ\u00a0de vision.\u00a0Filtres \u00e0 gaz, \u00e0 particules et filtre combin\u00e9. Harnais<br \/>\n\u00e0 5 points d\u2019ancrage pour un meilleur soutien.\u00a0Les filtres sont fournis s\u00e9par\u00e9ment en fonction<br \/>\nde la protection n\u00e9cessaire de l\u2019utilisateur.<\/p>\n<ul>\n<li>Classe: 2<\/li>\n<li>Points harnais: 5<\/li>\n<li>Lien filtre: Standard EN 148-1<\/li>\n<li>Filtres: 725<\/li>\n<li>Mat\u00e9riel: Caoutchouc<\/li>\n<li>Facteur protection nominale (FPN): 1000<\/li>\n<li>Poids:\u00a0 580 gr<\/li>\n<li>Norm: EN 136:1998 \u2013\u00a0EN 148-1<\/li>\n<\/ul>\n","protected":false},"excerpt":{"rendered":"<p>Masque panoramique \u00e0 usage g\u00e9n\u00e9ral.\u00a0CLASSE 2. Pi\u00e8ce faciale compl\u00e8te fabriqu\u00e9e en caoutchouc\u00a0naturel. Visi\u00e8re panoramique en polycarbonate, r\u00e9sistante\u00a0aux impacts et aux&#8230;<\/p>\n","protected":false},"featured_media":3371,"template":"","meta":[],"brands":[{"id":34,"name":"CLIMAX","slug":"climax"}],"_links":{"self":[{"href":"https:\/\/www.le-professionnel.com\/index.php?rest_route=\/wp\/v2\/product\/3370"}],"collection":[{"href":"https:\/\/www.le-professionnel.com\/index.php?rest_route=\/wp\/v2\/product"}],"about":[{"href":"https:\/\/www.le-professionnel.com\/index.php?rest_route=\/wp\/v2\/types\/product"}],"version-history":[{"count":2,"href":"https:\/\/www.le-professionnel.com\/index.php?rest_route=\/wp\/v2\/product\/3370\/revisions"}],"predecessor-version":[{"id":3374,"href":"https:\/\/www.le-professionnel.com\/index.php?rest_route=\/wp\/v2\/product\/3370\/revisions\/3374"}],"wp:featuredmedia":[{"embeddable":true,"href":"https:\/\/www.le-professionnel.com\/index.php?rest_route=\/wp\/v2\/media\/3371"}],"wp:attachment":[{"href":"https:\/\/www.le-professionnel.com\/index.php?rest_route=%2Fwp%2Fv2%2Fmedia&parent=3370"}],"curies":[{"name":"wp","href":"https:\/\/api.w.org\/{rel}","templated":true}]}}