{"id":3242,"date":"2021-01-25T14:31:14","date_gmt":"2021-01-25T14:31:14","guid":{"rendered":"http:\/\/www.le-professionnel.com\/?post_type=product&#038;p=3242"},"modified":"2021-01-25T14:33:55","modified_gmt":"2021-01-25T14:33:55","slug":"fc-915g2-coffret-15-douilles-bouchons-vidange","status":"publish","type":"product","link":"https:\/\/www.le-professionnel.com\/?product=fc-915g2-coffret-15-douilles-bouchons-vidange","title":{"rendered":"915G2 Coffret 15 douilles bouchons vidange"},"content":{"rendered":"<p>Coffret de 15 douilles pour tout type de bouchons de vidange moteur, boite, diff\u00e9rentiel etc.<br \/>\nExemple de marque de v\u00e9hicules pouvant \u00eatre compatible avec ce coffret; Audi, BMW, Citro\u00ebn, Fiat, Ford, Honda, Lancia, Mazda, Mercedes, Nissan, Opel, Peugeot, Renault, Saab, Subaru, Toyota, Volkswagen et Volvo.<\/p>\n<p><strong>Contenu:<\/strong><\/p>\n<ul>\n<li>3\/8&Prime; Poign\u00e9e en T<\/li>\n<li>3\/8&Prime; Douille triangulaire 3 pans: 9,5 mm<\/li>\n<li>3\/8&Prime; Douille femelle carr\u00e9: 10 mm<\/li>\n<li>3\/8&Prime; Douille carr\u00e9 4 pans: 8 &#8211; 9,5 &#8211; 11 &#8211; 12 &#8211; 13 mm<\/li>\n<li>3\/8&Prime; Douille hexagonal 6 pans: 8 &#8211; 9 &#8211; 9,5 &#8211; 10 &#8211; 12 &#8211; 14 &#8211; 17 mm<\/li>\n<\/ul>\n","protected":false},"excerpt":{"rendered":"<p>Coffret de 15 douilles pour tout type de bouchons de vidange moteur, boite, diff\u00e9rentiel etc. Exemple de marque de v\u00e9hicules&#8230;<\/p>\n","protected":false},"featured_media":3244,"template":"","meta":[],"brands":[{"id":29,"name":"FORCE","slug":"force"}],"_links":{"self":[{"href":"https:\/\/www.le-professionnel.com\/index.php?rest_route=\/wp\/v2\/product\/3242"}],"collection":[{"href":"https:\/\/www.le-professionnel.com\/index.php?rest_route=\/wp\/v2\/product"}],"about":[{"href":"https:\/\/www.le-professionnel.com\/index.php?rest_route=\/wp\/v2\/types\/product"}],"version-history":[{"count":2,"href":"https:\/\/www.le-professionnel.com\/index.php?rest_route=\/wp\/v2\/product\/3242\/revisions"}],"predecessor-version":[{"id":3246,"href":"https:\/\/www.le-professionnel.com\/index.php?rest_route=\/wp\/v2\/product\/3242\/revisions\/3246"}],"wp:featuredmedia":[{"embeddable":true,"href":"https:\/\/www.le-professionnel.com\/index.php?rest_route=\/wp\/v2\/media\/3244"}],"wp:attachment":[{"href":"https:\/\/www.le-professionnel.com\/index.php?rest_route=%2Fwp%2Fv2%2Fmedia&parent=3242"}],"curies":[{"name":"wp","href":"https:\/\/api.w.org\/{rel}","templated":true}]}}