{"id":3149,"date":"2021-01-20T10:11:54","date_gmt":"2021-01-20T10:11:54","guid":{"rendered":"http:\/\/www.le-professionnel.com\/?post_type=product&#038;p=3149"},"modified":"2021-01-20T10:12:01","modified_gmt":"2021-01-20T10:12:01","slug":"nettoyeur-haute-pression-bz-140","status":"publish","type":"product","link":"https:\/\/www.le-professionnel.com\/?product=nettoyeur-haute-pression-bz-140","title":{"rendered":"NETTOYEUR HAUTE PRESSION BZ 140"},"content":{"rendered":"<p><strong>Nettoyeur haute pression<\/strong>\u00a0\u00a0efficace dans tous les probl\u00e8mes de nettoyage.\u00a0Id\u00e9al pour les surfaces rugueuses, les pr\u00e9lavages dans les lave-autos et le lavage des machines lourdes.<br \/>\nParmi ses caract\u00e9ristiques standard figurent 2 lances, un enrouleur de tuyau (tuyau de 6 m), un r\u00e9servoir de d\u00e9tergent et un dispositif d&rsquo;arr\u00eat automatique (TS).<\/p>\n<table class=\"table-data-sheet\">\n<tbody>\n<tr class=\"odd\">\n<td><span>Moteur<\/span><\/td>\n<td><span>\u00c9lectrique<\/span><\/td>\n<\/tr>\n<tr class=\"even\">\n<td><span>Temp\u00e9rature<\/span><\/td>\n<td><span>40 \u00baC (max.)<\/span><\/td>\n<\/tr>\n<tr class=\"odd\">\n<td><span>D\u00e9bit<\/span><\/td>\n<td><span>6,7 l \/ min<\/span><\/td>\n<\/tr>\n<tr class=\"even\">\n<td><span>Puissance maximum<\/span><\/td>\n<td><span>1 800 W<\/span><\/td>\n<\/tr>\n<tr class=\"odd\">\n<td><span>Faible.\u00a0(LxlxH)<\/span><\/td>\n<td><span>245 x 270 x 798 millim\u00e8tre<\/span><\/td>\n<\/tr>\n<tr class=\"even\">\n<td><span>La fr\u00e9quence<\/span><\/td>\n<td><span>50 Hz<\/span><\/td>\n<\/tr>\n<tr class=\"odd\">\n<td><span>Tension nominale<\/span><\/td>\n<td><span>AC220 &#8211; 240V, 50Hz<\/span><\/td>\n<\/tr>\n<tr class=\"even\">\n<td><span>Pression maximum<\/span><\/td>\n<td><span>140 barres<\/span><\/td>\n<\/tr>\n<tr class=\"odd\">\n<td><span>Poids<\/span><\/td>\n<td><span>8,6 kg<\/span><\/td>\n<\/tr>\n<\/tbody>\n<\/table>\n","protected":false},"excerpt":{"rendered":"<p><span>Le BZ140 est un\u00a0<\/span><strong><span>nettoyeur haute pression de Benza<\/span><\/strong><span>\u00a0avec\u00a0<\/span><strong><span>d\u00e9marrage \u00e9lectrique<\/span><\/strong><span>\u00a0.\u00a0Il fonctionne \u00e0 l&rsquo;eau froide et est la machine id\u00e9ale\u00a0<\/span><strong><span>pour nettoyer les terrasses et les v\u00e9hicules<\/span><\/strong><span>\u00a0.\u00a0En fait, le BZ140 est tr\u00e8s polyvalent car il fonctionne avec des surfaces en m\u00e9tal, aluminium, plastique, PVC et pierre.\u00a0Il atteint une\u00a0<\/span><strong><span>pression de 140 bars<\/span><\/strong><span>\u00a0, un\u00a0<\/span><strong><span>d\u00e9bit de 6,7 l \/ min<\/span><\/strong><span>\u00a0, ce qui lui permet d&rsquo;\u00eatre utilis\u00e9 dans tous types de t\u00e2ches.\u00a0Le moteur \u00e9lectrique a une puissance maximale de 1800 W, une tension nominale de 230 V et une fr\u00e9quence de 50 Hz. Sa pompe est axiale, 3 pistons inox, a une t\u00eate en aluminium et un dispositif d&rsquo;arr\u00eat automatique (Total Stop) .<\/span><\/p>\n<p><span>Le mod\u00e8le BZ140 est<\/span><strong><span>vendu en standard avec un pistolet et 2 lances: jet rotatif et jet plat<\/span><\/strong><span>\u00a0.\u00a0Gr\u00e2ce \u00e0 cela, vous pouvez choisir le meilleur pour chaque type de t\u00e2che.\u00a0Le rotatif, par exemple, est\u00a0<\/span><strong><span>id\u00e9al pour se d\u00e9barrasser de la salet\u00e9 la plus incrust\u00e9e<\/span><\/strong><span>\u00a0, comme la mousse.\u00a0La\u00a0<\/span><strong><span>lance \u00e0 jet plat est parfaite pour les utilisations les plus courantes<\/span><\/strong><span>\u00a0.\u00a0<strong>Il dispose d&rsquo;un tuyau de 6 m\u00e8tres<\/strong>\u00a0et son enrouleur assure une grande mobilit\u00e9 lorsqu&rsquo;il est utilis\u00e9 \u00e0 l&rsquo;ext\u00e9rieur, il sera donc possible de se d\u00e9placer sans avoir \u00e0 changer de prise \u00e9lectrique en continu ou \u00e0 utiliser des rallonges de courant.\u00a0Le\u00a0<strong>nettoyeur haute pression BZ140<\/strong>\u00a0dispose d&rsquo;un r\u00e9servoir de d\u00e9tergent.\u00a0En plus de cet \u00e9quipement standard, une brosse rotative, une brosse fixe ou un manom\u00e8tre peuvent \u00eatre attach\u00e9s.<\/span><strong><\/p>\n<p><\/strong><\/p>\n<h3><span>Avantages du nettoyeur haute pression BZ140<\/span><\/h3>\n<p><span>Ce nettoyeur haute pression est parfait pour ceux qui ont besoin d&rsquo;une machine efficace, simple \u00e0 utiliser, maniable et, en m\u00eame temps, robuste.\u00a0Les lances, pistolets et brosses qui sont soit standards, soit des accessoires que vous pouvez acheter et attacher, ainsi que leur d\u00e9tendeur, vous permettent de nettoyer tous types de surfaces, machines ou v\u00e9hicules sans se d\u00e9t\u00e9riorer ni se d\u00e9former.\u00a0Sa port\u00e9e et sa mobilit\u00e9, ainsi que la grande longueur du tuyau vous permettront de couvrir des zones ou d&rsquo;effectuer des mouvements tout en l&rsquo;utilisant sans avoir \u00e0 changer constamment de prise ou de robinet, vous gagnerez ainsi en agilit\u00e9 et en commodit\u00e9.\u00a0Quant \u00e0 sa consommation, ce mod\u00e8le est extraordinairement efficace au regard de sa consommation \u00e9lectrique: avec une puissance d&rsquo;entr\u00e9e nominale de 1800W.<\/span><\/p>\n<p>&nbsp;<\/p>\n<p><strong><span>Avantages du nettoyeur haute pression BZ140<\/span><\/strong><span>\u00a0:<\/span><\/p>\n<ul>\n<li><strong><span>Manipulation et facilit\u00e9<\/span><\/strong><span>\u00a0d&rsquo;utilisation, aussi bien pour les finitions professionnelles que pour une utilisation \u00e0 domicile.\u00a0<\/span><\/li>\n<li><strong><span>S&rsquo;adapte \u00e0 tout type de surface<\/span><\/strong><span>\u00a0: m\u00e9tal, fibre de carbone, ciment, pierre, etc.<\/span><\/li>\n<li><span>Il n&rsquo;endommage ni n&rsquo;endommage la plaque de votre v\u00e9hicule lorsqu&rsquo;il est utilis\u00e9 pour le laver.\u00a0<\/span><\/li>\n<li><strong><span>Consommation \u00e9lectrique efficace<\/span><\/strong><span>\u00a0.\u00a0<\/span><\/li>\n<li><strong><span>Robuste et r\u00e9sistant<\/span><\/strong><span>\u00a0, ce qui garantit une longue dur\u00e9e de vie.\u00a0<\/span><\/li>\n<li><span>Dot\u00e9 d&rsquo;une\u00a0<\/span><strong><span>grande mobilit\u00e9<\/span><\/strong><span>\u00a0, il sera donc tr\u00e8s confortable \u00e0 utiliser.\u00a0<\/span><\/li>\n<\/ul>\n","protected":false},"featured_media":3150,"template":"","meta":[],"brands":[{"id":50,"name":"BENZA","slug":"benza"}],"_links":{"self":[{"href":"https:\/\/www.le-professionnel.com\/index.php?rest_route=\/wp\/v2\/product\/3149"}],"collection":[{"href":"https:\/\/www.le-professionnel.com\/index.php?rest_route=\/wp\/v2\/product"}],"about":[{"href":"https:\/\/www.le-professionnel.com\/index.php?rest_route=\/wp\/v2\/types\/product"}],"version-history":[{"count":1,"href":"https:\/\/www.le-professionnel.com\/index.php?rest_route=\/wp\/v2\/product\/3149\/revisions"}],"predecessor-version":[{"id":3151,"href":"https:\/\/www.le-professionnel.com\/index.php?rest_route=\/wp\/v2\/product\/3149\/revisions\/3151"}],"wp:featuredmedia":[{"embeddable":true,"href":"https:\/\/www.le-professionnel.com\/index.php?rest_route=\/wp\/v2\/media\/3150"}],"wp:attachment":[{"href":"https:\/\/www.le-professionnel.com\/index.php?rest_route=%2Fwp%2Fv2%2Fmedia&parent=3149"}],"curies":[{"name":"wp","href":"https:\/\/api.w.org\/{rel}","templated":true}]}}