{"id":3053,"date":"2021-01-19T18:38:22","date_gmt":"2021-01-19T18:38:22","guid":{"rendered":"http:\/\/www.le-professionnel.com\/?post_type=product&#038;p=3053"},"modified":"2021-01-19T18:38:26","modified_gmt":"2021-01-19T18:38:26","slug":"nettoyeur-haute-pression-benza-170-10","status":"publish","type":"product","link":"https:\/\/www.le-professionnel.com\/?product=nettoyeur-haute-pression-benza-170-10","title":{"rendered":"NETTOYEUR HAUTE PRESSION BENZA 170\/10"},"content":{"rendered":"<p><span>Le\u00a0\u00a0<\/span><strong><span>nettoyeur haute pression BENZA 170\/10<\/span><\/strong><span>\u00a0est fabriqu\u00e9 avec un moteur Robin EX 17 de 6 ch \/ 169 cm3.\u00a0L&rsquo;\u00e9quipement standard comprend: un r\u00e9gulateur de pression, un pistolet et une lance, un manom\u00e8tre et un tuyau.<\/span><\/p>\n<p><span>Le\u00a0<\/span><strong><span>nettoyeur haute pression \u00e0<\/span><\/strong><span>\u00a0\u00a0essence\u00a0<strong>BENZA 170\/10<\/strong>\u00a0dispose d&rsquo;une pompe r\u00e9sistante avec des pistons en c\u00e9ramique avec moins d&rsquo;usure et qui fonctionne \u00e0 basse vitesse, assurant ainsi la dur\u00e9e de vie du laveur et un entretien facile.<\/span><\/p>\n<p><span>De plus, il dispose d&rsquo;un m\u00e9canisme de ralenti automatique, qui est activ\u00e9 lorsque la pompe ne fonctionne pas, r\u00e9duisant la consommation et l&rsquo;usure du moteur et de la pompe.<\/span><\/p>\n<p><span>Le nettoyeur haute pression BENZA a un ch\u00e2ssis renforc\u00e9 et des roues en caoutchouc qui facilitent sa manipulation et son transport.<\/span><\/p>\n<p>&nbsp;<\/p>\n<p><span>Les plus grands points forts de ce mod\u00e8le sont:<\/span><\/p>\n<ul>\n<li><span>Le\u00a0<\/span><strong><span>moteur essence<\/span><\/strong><span>\u00a0puissant\u00a0<strong>, fiable et \u00e0 faible consommation avec une garantie de 3 ans<\/strong>\u00a0.\u00a0Vous serez ravi des performances et du rapport qualit\u00e9 \/ prix du propulseur et de ses composants.<\/span><\/li>\n<li><span>Les 170 bars que vous obtenez comme une force d&rsquo;eau, pour travailler sur n&rsquo;importe quelle surface et besoin.<\/span><\/li>\n<li><span>Il a un\u00a0<\/span><strong><span>d\u00e9bit de 10 litres par minute<\/span><\/strong><span>\u00a0, plus que suffisant pour toute t\u00e2che de nettoyage professionnel.<\/span><\/li>\n<li><span>D\u00e9marrage manuel tr\u00e8s simple et rapide en seulement trois \u00e9tapes.<\/span><\/li>\n<li><span>Enti\u00e8rement \u00e9quip\u00e9 de plusieurs accessoires standard.<\/span><\/li>\n<\/ul>\n<p><span>Concernant les dimensions et le poids du 170\/10, il mesure 56 cm de long, 57,5 \u200b\u200bcm de large et 49,5 cm de haut.\u00a0Ces mesures le rendent\u00a0<\/span><strong><span>extr\u00eamement compact<\/span><\/strong><span>\u00a0pour ses performances.\u00a0Il p\u00e8se 46 kilos, a une coh\u00e9rence et une charge suffisantes pour accueillir les \u00e9l\u00e9ments et les pi\u00e8ces qui offrent la stabilit\u00e9 et la puissance que vous recherchez pour n&rsquo;importe quelle t\u00e2che.<\/span><\/p>\n<p><span>La 170\/10 est une machine de volume et de taille r\u00e9duits, elle\u00a0<\/span><strong><span>peut donc \u00eatre d\u00e9plac\u00e9e sans effort<\/span><\/strong><span>\u00a0gr\u00e2ce \u00e0 sa poign\u00e9e robuste et ses deux roues en caoutchouc avec roulements et centre m\u00e9tallique.\u00a0Quel que soit le terrain sur lequel vous allez nettoyer ou pr\u00e9laver, le trajet sera confortable et peu agressif pour la machine.<\/span><\/p>\n","protected":false},"excerpt":{"rendered":"<p><strong><span>Autonomie et mobilit\u00e9<\/span><\/strong><span>\u00a0: il est id\u00e9al pour travailler sur de grandes surfaces, car il ne n\u00e9cessite pas d&rsquo;\u00e9lectricit\u00e9 et dispose d&rsquo;un tuyau haute pression renforc\u00e9 d&rsquo;un treillis m\u00e9tallique de 10 m\u00e8tres de long.\u00a0En n&rsquo;ayant pas besoin d&rsquo;\u00eatre connect\u00e9 au secteur et ayant un tuyau de dix m\u00e8tres, vous pouvez nettoyer librement avec un grand diam\u00e8tre sans avoir \u00e0 d\u00e9placer des c\u00e2bles et vous pourrez entourer les machines ou les \u00e9l\u00e9ments que vous souhaitez laver sans probl\u00e8me.<\/span><br \/>\n<strong><span>Puissance<\/span><\/strong><span>\u00a0: les 1450 tr \/ min que produit le moteur d\u00e9placent la pompe de la machine pour g\u00e9n\u00e9rer la force avec laquelle elle expulse l&rsquo;eau jusqu&rsquo;\u00e0 ce qu&rsquo;elle atteigne 170 bars.\u00a0Ce type de pression est capable d&rsquo;\u00e9liminer les taches sans fin, l&rsquo;humidit\u00e9, la moisissure et la salet\u00e9, avec une finition de qualit\u00e9 professionnelle.<\/span><\/p>\n<p><strong><span>Durabilit\u00e9<\/span><\/strong><span>\u00a0: plusieurs \u00e9l\u00e9ments sont con\u00e7us pour offrir \u00e0 ce nettoyeur haute pression la dur\u00e9e de vie la plus longue possible.\u00a0Parmi eux, le ch\u00e2ssis avec des plaques de protection \u00e0 l&rsquo;avant et sur le c\u00f4t\u00e9 se d\u00e9marque, une demi-douzaine d&rsquo;amortisseurs pour prot\u00e9ger le moteur et la pompe des vibrations et un pied de support, \u00e9galement avec amortisseur, qui coupe les coups secs qu&rsquo;il peut recevoir.\u00a0Un tout-terrain authentique pour travailler dans toutes les conditions avec une grande tranquillit\u00e9.<\/span><\/p>\n<p><em><strong><span>Arr\u00eat total<\/span><\/strong><\/em><span>\u00a0: cette fonction est tr\u00e8s utile, \u00e0 la fois en termes d&rsquo;efficacit\u00e9 et en termes de consommation et d&rsquo;\u00e9conomies.\u00a0Il consiste \u00e0 tourner au ralenti (ralenti) lorsque la pompe ne fonctionne pas.\u00a0Cela \u00e9conomise du carburant et r\u00e9duit l&rsquo;usure des composants internes et des pi\u00e8ces du nettoyeur haute pression.<\/span><\/p>\n<table class=\"table-data-sheet\">\n<tbody>\n<tr class=\"odd\">\n<td><span>Moteur<\/span><\/td>\n<td><span>Robin EX 17<\/span><\/td>\n<\/tr>\n<tr class=\"even\">\n<td><span>poids (kg)<\/span><\/td>\n<td><span>46<\/span><\/td>\n<\/tr>\n<tr class=\"odd\">\n<td><span>Pression<\/span><\/td>\n<td><span>170 bar<\/span><\/td>\n<\/tr>\n<tr class=\"even\">\n<td><span>Commencez<\/span><\/td>\n<td><span>Manuel<\/span><\/td>\n<\/tr>\n<tr class=\"odd\">\n<td><span>RPM<\/span><\/td>\n<td><span>1450<\/span><\/td>\n<\/tr>\n<tr class=\"even\">\n<td><span>Pot.\u00a0Acoustique<\/span><\/td>\n<td><span>105dbA<\/span><\/td>\n<\/tr>\n<tr class=\"odd\">\n<td><span>D\u00e9bit<\/span><\/td>\n<td><span>10 l \/ min<\/span><\/td>\n<\/tr>\n<tr class=\"even\">\n<td><span>Consommation<\/span><\/td>\n<td><span>2,2 l \/ h<\/span><\/td>\n<\/tr>\n<tr class=\"odd\">\n<td><span>Faible.\u00a0(LxlxH)<\/span><\/td>\n<td><span>760 x 595 x 500<\/span><\/td>\n<\/tr>\n<\/tbody>\n<\/table>\n","protected":false},"featured_media":3054,"template":"","meta":[],"brands":[{"id":50,"name":"BENZA","slug":"benza"}],"_links":{"self":[{"href":"https:\/\/www.le-professionnel.com\/index.php?rest_route=\/wp\/v2\/product\/3053"}],"collection":[{"href":"https:\/\/www.le-professionnel.com\/index.php?rest_route=\/wp\/v2\/product"}],"about":[{"href":"https:\/\/www.le-professionnel.com\/index.php?rest_route=\/wp\/v2\/types\/product"}],"version-history":[{"count":1,"href":"https:\/\/www.le-professionnel.com\/index.php?rest_route=\/wp\/v2\/product\/3053\/revisions"}],"predecessor-version":[{"id":3055,"href":"https:\/\/www.le-professionnel.com\/index.php?rest_route=\/wp\/v2\/product\/3053\/revisions\/3055"}],"wp:featuredmedia":[{"embeddable":true,"href":"https:\/\/www.le-professionnel.com\/index.php?rest_route=\/wp\/v2\/media\/3054"}],"wp:attachment":[{"href":"https:\/\/www.le-professionnel.com\/index.php?rest_route=%2Fwp%2Fv2%2Fmedia&parent=3053"}],"curies":[{"name":"wp","href":"https:\/\/api.w.org\/{rel}","templated":true}]}}