{"id":2809,"date":"2021-01-14T14:18:36","date_gmt":"2021-01-14T14:18:36","guid":{"rendered":"http:\/\/www.le-professionnel.com\/?post_type=product&#038;p=2809"},"modified":"2021-01-14T14:18:40","modified_gmt":"2021-01-14T14:18:40","slug":"echelle-platinium-transformable-2-plans","status":"publish","type":"product","link":"https:\/\/www.le-professionnel.com\/?product=echelle-platinium-transformable-2-plans","title":{"rendered":"\u00e9chelle Platinium transformable 2 plans"},"content":{"rendered":"<p>L&rsquo;\u00e9chelle Platinium transformable 2 plans en aluminium dispose d&rsquo;une base \u00e9vas\u00e9e, de sabots enveloppants haute s\u00e9curit\u00e9 et d&rsquo;une articulation brevet\u00e9e Quick Safe qui en font la r\u00e9f\u00e9rence sur le march\u00e9. Elle garantit r\u00e9sistance, polyvalence et s\u00e9curit\u00e9 \u00e0 tous ses utilisateurs. Avec des mod\u00e8les de 2&#215;6 \u00e0 2&#215;12 \u00e9chelons elle permet d&rsquo;acc\u00e9der jusqu&rsquo;\u00e0 6,90 m et offre 4 positions d&rsquo;utilisation. Elle est norm\u00e9e EN 131, conforme au d\u00e9cret 96333 et au label NF.<\/p>\n","protected":false},"excerpt":{"rendered":"<ul>\n<li>Des performances de r\u00e9sistance, de s\u00e9curit\u00e9 et de confort hors du commun.<\/li>\n<li>Mise en place des plans, intuitive et automatique.<\/li>\n<li>Aussi \u00e0 l\u2019aise sur sol plat que dans les escaliers.<\/li>\n<li>Profils renforc\u00e9s pour plus de stabilit\u00e9 et de durabilit\u00e9.<\/li>\n<li>Sangle amovible pour passage libre.<\/li>\n<li>Essais de r\u00e9sistance et de dimensions sup\u00e9rieurs aux exigences des normes et d\u00e9crets.<\/li>\n<li>Articulations capables de r\u00e9sister aux tests les plus draconiens.<\/li>\n<li>Sabots enveloppants haute s\u00e9curit\u00e9.<\/li>\n<\/ul>\n","protected":false},"featured_media":2811,"template":"","meta":[],"brands":[],"_links":{"self":[{"href":"https:\/\/www.le-professionnel.com\/index.php?rest_route=\/wp\/v2\/product\/2809"}],"collection":[{"href":"https:\/\/www.le-professionnel.com\/index.php?rest_route=\/wp\/v2\/product"}],"about":[{"href":"https:\/\/www.le-professionnel.com\/index.php?rest_route=\/wp\/v2\/types\/product"}],"version-history":[{"count":1,"href":"https:\/\/www.le-professionnel.com\/index.php?rest_route=\/wp\/v2\/product\/2809\/revisions"}],"predecessor-version":[{"id":2814,"href":"https:\/\/www.le-professionnel.com\/index.php?rest_route=\/wp\/v2\/product\/2809\/revisions\/2814"}],"wp:featuredmedia":[{"embeddable":true,"href":"https:\/\/www.le-professionnel.com\/index.php?rest_route=\/wp\/v2\/media\/2811"}],"wp:attachment":[{"href":"https:\/\/www.le-professionnel.com\/index.php?rest_route=%2Fwp%2Fv2%2Fmedia&parent=2809"}],"curies":[{"name":"wp","href":"https:\/\/api.w.org\/{rel}","templated":true}]}}