{"id":2801,"date":"2021-01-14T14:12:23","date_gmt":"2021-01-14T14:12:23","guid":{"rendered":"http:\/\/www.le-professionnel.com\/?post_type=product&#038;p=2801"},"modified":"2021-01-14T14:12:26","modified_gmt":"2021-01-14T14:12:26","slug":"echafaudage-roulant-tour-generis-450","status":"publish","type":"product","link":"https:\/\/www.le-professionnel.com\/?product=echafaudage-roulant-tour-generis-450","title":{"rendered":"\u00e9chafaudage roulant TOUR GENERIS 450"},"content":{"rendered":"<p>La Tour Generis 450 COMABI en acier galavanis\u00e9 a une large plateforme de 290 x 142 cm, ce qui permettra de manipuler des objets encombrants, de stocker du mat\u00e9riel ou d&rsquo;intervenir sur une surface plafond de 6,5 m2. De plus, ses roues de 200 mm \u00e0 r\u00e9glage milim\u00e9trique, son plancher r\u00e9glable tous les m\u00e8tres permettront \u00e0 cette plateforme un ajustement sur toutes les surfaces et pour toute hauteur plafond jusqu&rsquo;\u00e0 18,30 m\u00e8tres.<\/p>\n","protected":false},"excerpt":{"rendered":"<ul>\n<li>Assemblage simplifi\u00e9 gr\u00e2ce aux cadres monoblocs.<\/li>\n<li>R\u00e9hausse m\u00e8tre par m\u00e8tre pour un montage en compl\u00e8te s\u00e9curit\u00e9.<\/li>\n<li>Plateaux 3,00 m standards compatibles avec les \u00e9chafaudages fixes COMABI.<\/li>\n<li>Compatible avec structures R200 et multi.<\/li>\n<\/ul>\n","protected":false},"featured_media":2802,"template":"","meta":[],"brands":[],"_links":{"self":[{"href":"https:\/\/www.le-professionnel.com\/index.php?rest_route=\/wp\/v2\/product\/2801"}],"collection":[{"href":"https:\/\/www.le-professionnel.com\/index.php?rest_route=\/wp\/v2\/product"}],"about":[{"href":"https:\/\/www.le-professionnel.com\/index.php?rest_route=\/wp\/v2\/types\/product"}],"version-history":[{"count":2,"href":"https:\/\/www.le-professionnel.com\/index.php?rest_route=\/wp\/v2\/product\/2801\/revisions"}],"predecessor-version":[{"id":2804,"href":"https:\/\/www.le-professionnel.com\/index.php?rest_route=\/wp\/v2\/product\/2801\/revisions\/2804"}],"wp:featuredmedia":[{"embeddable":true,"href":"https:\/\/www.le-professionnel.com\/index.php?rest_route=\/wp\/v2\/media\/2802"}],"wp:attachment":[{"href":"https:\/\/www.le-professionnel.com\/index.php?rest_route=%2Fwp%2Fv2%2Fmedia&parent=2801"}],"curies":[{"name":"wp","href":"https:\/\/api.w.org\/{rel}","templated":true}]}}