{"id":2687,"date":"2021-01-09T09:42:41","date_gmt":"2021-01-09T09:42:41","guid":{"rendered":"http:\/\/www.le-professionnel.com\/?post_type=product&#038;p=2687"},"modified":"2021-01-09T09:42:50","modified_gmt":"2021-01-09T09:42:50","slug":"eurarc-422","status":"publish","type":"product","link":"https:\/\/www.le-professionnel.com\/?product=eurarc-422","title":{"rendered":"EURARC 422"},"content":{"rendered":"<div class=\"text\">Poste de soudage \u00e0 \u00e9lectrode MMA en courant alternatif (AC).<br \/>\nR\u00e9glage continu du courant de soudage.<br \/>\nProtection thermostatique.<br \/>\nLe mod\u00e8le est \u00e0 double tension secondaire pour le soudage des \u00e9lectrodes basiques et rutiles.<\/div>\n<div class=\"obj\"><span class=\"img\"><img title=\"MMA 2AC\" src=\"https:\/\/www.telwin.com\/webtelwin\/telwinimg.nsf\/TelWinImg\/IM2220\/$FILE\/IM2220.png?OpenElement\" alt=\"MMA 2AC\" \/><\/span><span class=\"nome\">MMA 2AC<\/span><\/div>\n<div class=\"obj\"><span class=\"img\"><img title=\"MARQUAGE CE\" src=\"https:\/\/www.telwin.com\/webtelwin\/telwinimg.nsf\/TelWinImg\/IM2700\/$FILE\/IM2700.png?OpenElement\" alt=\"MARQUAGE CE\" \/><\/span><span class=\"nome\">MARQUAGE CE<\/span><\/div>\n<div class=\"obj\"><span class=\"img\"><img title=\"1 PH 230V\" src=\"https:\/\/www.telwin.com\/webtelwin\/telwinimg.nsf\/TelWinImg\/IM2360\/$FILE\/IM2360.png?OpenElement\" alt=\"1 PH 230V\" \/><\/span><span class=\"nome\">1 PH 230V<\/span><\/div>\n<div class=\"obj\"><span class=\"img\"><img title=\"CERTIFICATION EAC\" src=\"https:\/\/www.telwin.com\/webtelwin\/telwinimg.nsf\/TelWinImg\/IM2710\/$FILE\/IM2710.png?OpenElement\" alt=\"CERTIFICATION EAC\" \/><\/span><span class=\"nome\">CERTIFICATION EAC<\/span><\/div>\n<div class=\"obj\"><span class=\"img\"><img title=\"2 PH 400V\" src=\"https:\/\/www.telwin.com\/webtelwin\/telwinimg.nsf\/TelWinImg\/IM2380\/$FILE\/IM2380.png?OpenElement\" alt=\"2 PH 400V\" \/><\/span><span class=\"nome\">2 PH 400V<\/span><\/div>\n<div class=\"obj\"><span class=\"img\"><img title=\"CERTIFICATION  T\u00dcV\" src=\"https:\/\/www.telwin.com\/webtelwin\/telwinimg.nsf\/TelWinImg\/IM2720\/$FILE\/IM2720.png?OpenElement\" alt=\"CERTIFICATION  T\u00dcV\" \/><\/span><span class=\"nome\">CERTIFICATION T\u00dcV<\/span><\/div>\n","protected":false},"excerpt":{"rendered":"<div class=\"obj\"><span class=\"img\"><img title=\"\" src=\"https:\/\/www.telwin.com\/webtelwin\/telwinimg.nsf\/TelWinImg\/IM0009\/$FILE\/IM0009.png?OpenElement\" alt=\"\" \/><\/span><span class=\"nome\">CODE<\/span><span class=\"code\">817017<\/span><\/div>\n<div class=\"obj\"><span class=\"img\"><img title=\"\" src=\"https:\/\/www.telwin.com\/webtelwin\/telwinimg.nsf\/TelWinImg\/IM0154\/$FILE\/IM0154.png?OpenElement\" alt=\"\" \/><\/span><span class=\"nome\">PUISSANCE ABSORBEE AU 60%<\/span><span class=\"code\">4,5 kW<\/span><\/div>\n<div class=\"obj\"><span class=\"img\"><img title=\"\" src=\"https:\/\/www.telwin.com\/webtelwin\/telwinimg.nsf\/TelWinImg\/IM0150\/$FILE\/IM0150.png?OpenElement\" alt=\"\" \/><\/span><span class=\"nome\">TENSION DE RESEAU MONOPHASEE<\/span><span class=\"code\">230 V<\/span><\/div>\n<div class=\"obj\"><span class=\"img\"><img title=\"\" src=\"https:\/\/www.telwin.com\/webtelwin\/telwinimg.nsf\/TelWinImg\/IM0030\/$FILE\/IM0030.png?OpenElement\" alt=\"\" \/><\/span><span class=\"nome\">FACTEUR DE PUISSANCE (cosphi)<\/span><span class=\"code\">0,4<\/span><\/div>\n<div class=\"obj\"><span class=\"img\"><img title=\"\" src=\"https:\/\/www.telwin.com\/webtelwin\/telwinimg.nsf\/TelWinImg\/IM0152\/$FILE\/IM0152.png?OpenElement\" alt=\"\" \/><\/span><span class=\"nome\">TENSION DE RESEAU BIPHASEE<\/span><span class=\"code\">400 V<\/span><\/div>\n<div class=\"obj\"><span class=\"img\"><img title=\"\" src=\"https:\/\/www.telwin.com\/webtelwin\/telwinimg.nsf\/TelWinImg\/IM0032\/$FILE\/IM0032.png?OpenElement\" alt=\"\" \/><\/span><span class=\"nome\">D.ELECTRODES UTILISABLES EN AC<\/span><span class=\"code\">2 &#8211; 6 mm<\/span><\/div>\n<div class=\"obj\"><span class=\"img\"><img title=\"\" src=\"https:\/\/www.telwin.com\/webtelwin\/telwinimg.nsf\/TelWinImg\/IM0140\/$FILE\/IM0140.png?OpenElement\" alt=\"\" \/><\/span><span class=\"nome\">FREQUENCE DU RESEAU<\/span><span class=\"code\">50 \/ 60 Hz<\/span><\/div>\n<div class=\"obj\"><span class=\"img\"><img title=\"\" src=\"https:\/\/www.telwin.com\/webtelwin\/telwinimg.nsf\/TelWinImg\/IM0036\/$FILE\/IM0036.png?OpenElement\" alt=\"\" \/><\/span><span class=\"nome\">DEGRE DE PROTECTION<\/span><span class=\"code\">IP22<\/span><\/div>\n<div class=\"obj\"><span class=\"img\"><img title=\"\" src=\"https:\/\/www.telwin.com\/webtelwin\/telwinimg.nsf\/TelWinImg\/IM0013\/$FILE\/IM0013.png?OpenElement\" alt=\"\" \/><\/span><span class=\"nome\">PLAGE DE REGLAGE<\/span><span class=\"code\">70 &#8211; 350 A<\/span><\/div>\n<div class=\"obj\"><span class=\"img\"><img title=\"\" src=\"https:\/\/www.telwin.com\/webtelwin\/telwinimg.nsf\/TelWinImg\/IM0037\/$FILE\/IM0037.png?OpenElement\" alt=\"\" \/><\/span><span class=\"nome\">DIMENSIONS<\/span><span class=\"code\">83 x 45,5 x 58 cm<\/span><\/div>\n<div class=\"obj\"><span class=\"img\"><img title=\"\" src=\"https:\/\/www.telwin.com\/webtelwin\/telwinimg.nsf\/TelWinImg\/IM0017\/$FILE\/IM0017.png?OpenElement\" alt=\"\" \/><\/span><span class=\"nome\">COURANT MAX (EN 60974-1)<\/span><span class=\"code\">215 @ 35% A<\/span><\/div>\n<div class=\"obj\"><span class=\"img\"><img title=\"\" src=\"https:\/\/www.telwin.com\/webtelwin\/telwinimg.nsf\/TelWinImg\/IM0039\/$FILE\/IM0039.png?OpenElement\" alt=\"\" \/><\/span><span class=\"nome\">POIDS<\/span><span class=\"code\">61 kg<\/span><\/div>\n<div>\n<div class=\"obj\"><span class=\"img\"><img title=\"\" src=\"https:\/\/www.telwin.com\/webtelwin\/telwinimg.nsf\/TelWinImg\/IM0017\/$FILE\/IM0017.png?OpenElement\" alt=\"\" \/><\/span><span class=\"nome\">COURANT MAX (EN 60974-1)<\/span><span class=\"code\">320 @ 15 % A<\/span><\/div>\n<div class=\"obj\"><span class=\"img\"><img title=\"\" src=\"https:\/\/www.telwin.com\/webtelwin\/telwinimg.nsf\/TelWinImg\/IM0010\/$FILE\/IM0010.png?OpenElement\" alt=\"\" \/><\/span><span class=\"nome\">CODE EAN<\/span><span class=\"code\">800489784789 4<\/span><\/div>\n<div class=\"obj\"><span class=\"img\"><img title=\"\" src=\"https:\/\/www.telwin.com\/webtelwin\/telwinimg.nsf\/TelWinImg\/IM0019\/$FILE\/IM0019.png?OpenElement\" alt=\"\" \/><\/span><span class=\"nome\">COURANT EN AC<\/span><span class=\"code\">170 A<\/span><\/div>\n<div class=\"obj\"><span class=\"img\"><img title=\"\" src=\"https:\/\/www.telwin.com\/webtelwin\/telwinimg.nsf\/TelWinImg\/IM0124\/$FILE\/IM0124.png?OpenElement\" alt=\"\" \/><\/span><span class=\"nome\">PIECES\/PALETTE<\/span><span class=\"code\">6 pz\/pallet<\/span><\/div>\n<div class=\"obj\"><span class=\"img\"><img title=\"\" src=\"https:\/\/www.telwin.com\/webtelwin\/telwinimg.nsf\/TelWinImg\/IM0023\/$FILE\/IM0023.png?OpenElement\" alt=\"\" \/><\/span><span class=\"nome\">TENSION A VIDE MAX<\/span><span class=\"code\">52 &#8211; 73 V<\/span><\/div>\n<div class=\"obj\"><span class=\"img\"><img title=\"\" src=\"https:\/\/www.telwin.com\/webtelwin\/telwinimg.nsf\/TelWinImg\/IM0123\/$FILE\/IM0123.png?OpenElement\" alt=\"\" \/><\/span><span class=\"nome\">PIECES\/PALETTE &#8211; B<\/span><span class=\"code\">3 pz\/pallet B<\/span><\/div>\n<div class=\"obj\"><span class=\"img\"><img title=\"\" src=\"https:\/\/www.telwin.com\/webtelwin\/telwinimg.nsf\/TelWinImg\/IM0153\/$FILE\/IM0153.png?OpenElement\" alt=\"\" \/><\/span><span class=\"nome\">PUISSANCE ABSORBEE MAX<\/span><span class=\"code\">13 kW<\/span><\/div>\n<\/div>\n","protected":false},"featured_media":2689,"template":"","meta":[],"brands":[{"id":30,"name":"TELWIN","slug":"telwin"}],"_links":{"self":[{"href":"https:\/\/www.le-professionnel.com\/index.php?rest_route=\/wp\/v2\/product\/2687"}],"collection":[{"href":"https:\/\/www.le-professionnel.com\/index.php?rest_route=\/wp\/v2\/product"}],"about":[{"href":"https:\/\/www.le-professionnel.com\/index.php?rest_route=\/wp\/v2\/types\/product"}],"version-history":[{"count":1,"href":"https:\/\/www.le-professionnel.com\/index.php?rest_route=\/wp\/v2\/product\/2687\/revisions"}],"predecessor-version":[{"id":2690,"href":"https:\/\/www.le-professionnel.com\/index.php?rest_route=\/wp\/v2\/product\/2687\/revisions\/2690"}],"wp:featuredmedia":[{"embeddable":true,"href":"https:\/\/www.le-professionnel.com\/index.php?rest_route=\/wp\/v2\/media\/2689"}],"wp:attachment":[{"href":"https:\/\/www.le-professionnel.com\/index.php?rest_route=%2Fwp%2Fv2%2Fmedia&parent=2687"}],"curies":[{"name":"wp","href":"https:\/\/api.w.org\/{rel}","templated":true}]}}