{"id":2638,"date":"2021-01-08T14:20:24","date_gmt":"2021-01-08T14:20:24","guid":{"rendered":"http:\/\/www.le-professionnel.com\/?post_type=product&#038;p=2638"},"modified":"2021-01-08T14:20:27","modified_gmt":"2021-01-08T14:20:27","slug":"cabine-de-peinture-ee7660","status":"publish","type":"product","link":"https:\/\/www.le-professionnel.com\/?product=cabine-de-peinture-ee7660","title":{"rendered":"Cabine de peinture EE7660"},"content":{"rendered":"<p><strong>\u00b7 \u00c9vacuer par le sous-sol; avec plafond, \u00e9clairage et rideau.<\/strong><\/p>\n<p><strong>\u00b7 En descendant, l&rsquo;air s&rsquo;\u00e9chappe par le filtre.<\/strong><\/p>\n<p><strong>\u00b7 Il y a un filet filtrant et des lumi\u00e8res au plafond. Un travail de peinture simple peut \u00eatre utilis\u00e9<\/strong><\/p>\n","protected":false},"excerpt":{"rendered":"<p>Des mod\u00e8les EE-7660<br \/>\nTaille externe (m) 7.1\u21793.7\u21793.52 (L * W * H)<br \/>\nTaille interne (m) 6\u21793.48\u21792.7 (L * W * H)<br \/>\nStructure du panneau de mur arri\u00e8re panneau mural uniquement<br \/>\nMeterial EPS, \u00e9paisseur: 50 mm<br \/>\nCouleur acier \u00e9paisseur: 0,326 mm avec couvercle de bord en m\u00e9tal<br \/>\nRideau avant 2 pi\u00e8ces, avec couleur oringe et transparence, 6800X2650mm<br \/>\nRideau sur les c\u00f4t\u00e9s 4 pi\u00e8ces, avec couleur oringe et transparence, 2100x2650mm<br \/>\nLumi\u00e8re sup\u00e9rieure (Pcs) 32<br \/>\nLumi\u00e8re lat\u00e9rale \/<br \/>\nLieu du g\u00e9n\u00e9rateur Placer \u00e0 l&rsquo;arri\u00e8re<br \/>\nCadre de g\u00e9n\u00e9rateur Cadre en fer avec angle Alumimum, poudr\u00e9<br \/>\nCapacit\u00e9 du ventilateur 1X5.5KW<br \/>\nCanal 4m de poussi\u00e8res droites et 1 pi\u00e8ce 90 \u00b0 ben<br \/>\nRegistre de r\u00e9glage du VCD Registre de 2 pi\u00e8ces contr\u00f4l\u00e9 par \u00e9lectrique.Placez-le sur le conduit d&rsquo;entr\u00e9e et d&rsquo;\u00e9chappement d&rsquo;air<br \/>\nCapacit\u00e9 du ventilateur (M3 \/ H) 18000M3 \/ h<br \/>\nBo\u00eetier de commande Composants chinois, d\u00e9marrage direct du moteur<br \/>\nPouvoir total 7KW<br \/>\nStructure \/<br \/>\nsol Toutes les grilles<br \/>\nFiltre de sol Fabriqu\u00e9 en Chine, 5 rangs \/ jeu<br \/>\nRampe import\u00e9<br \/>\nFiltre sup\u00e9rieur Fabriqu\u00e9 en Chine, 4 pi\u00e8ces \/ ensemble<br \/>\nStructure Charni\u00e8re install\u00e9e \uff0c fer soud\u00e9, poudr\u00e9<br \/>\nVitesse de l&rsquo;air (m \/ s) 0,25-0,35<br \/>\nStyle d&rsquo;installation 6 poteaux pour soutenir la salle d&rsquo;air. (Suspendre au plafond de l&rsquo;atelier pour facultatif)<br \/>\nTension du moteur 380V \/ 50HZ \/ 3PH<\/p>\n","protected":false},"featured_media":2639,"template":"","meta":[],"brands":[{"id":32,"name":"EAE","slug":"eae"}],"_links":{"self":[{"href":"https:\/\/www.le-professionnel.com\/index.php?rest_route=\/wp\/v2\/product\/2638"}],"collection":[{"href":"https:\/\/www.le-professionnel.com\/index.php?rest_route=\/wp\/v2\/product"}],"about":[{"href":"https:\/\/www.le-professionnel.com\/index.php?rest_route=\/wp\/v2\/types\/product"}],"version-history":[{"count":1,"href":"https:\/\/www.le-professionnel.com\/index.php?rest_route=\/wp\/v2\/product\/2638\/revisions"}],"predecessor-version":[{"id":2640,"href":"https:\/\/www.le-professionnel.com\/index.php?rest_route=\/wp\/v2\/product\/2638\/revisions\/2640"}],"wp:featuredmedia":[{"embeddable":true,"href":"https:\/\/www.le-professionnel.com\/index.php?rest_route=\/wp\/v2\/media\/2639"}],"wp:attachment":[{"href":"https:\/\/www.le-professionnel.com\/index.php?rest_route=%2Fwp%2Fv2%2Fmedia&parent=2638"}],"curies":[{"name":"wp","href":"https:\/\/api.w.org\/{rel}","templated":true}]}}