{"id":2586,"date":"2021-01-06T14:07:21","date_gmt":"2021-01-06T14:07:21","guid":{"rendered":"http:\/\/www.le-professionnel.com\/?post_type=product&#038;p=2586"},"modified":"2021-01-06T14:07:29","modified_gmt":"2021-01-06T14:07:29","slug":"6603-bwf-elevateur-a-ciseaux-dalignement-4-2-5-0t","status":"publish","type":"product","link":"https:\/\/www.le-professionnel.com\/?product=6603-bwf-elevateur-a-ciseaux-dalignement-4-2-5-0t","title":{"rendered":"6603.BWF | \u00c9l\u00e9vateur \u00e0 ciseaux d&rsquo;alignement 4.2 \/ 5.0T"},"content":{"rendered":"<ul>\n<li><span>Capacit\u00e9 de levage de\u00a0<\/span><span>4200Kg\u00a0<\/span><span>\/ 5000Kg\u00a0<\/span><\/li>\n<li><span>Levage libre de roue standard\u00a0<\/span><\/li>\n<li><span>Mise \u00e0 niveau manuelle\u00a0\u00a0<\/span><span lang=\"EN-US\"><span>ou syst\u00e8me de mise \u00e0 niveau automatique (ALS en option)<\/span><\/span><\/li>\n<li><span>Syst\u00e8me de protection de synchronisation infrarouge<\/span><\/li>\n<li><span>Installation dans le sol ou installation hors sol avec rampes d&rsquo;acc\u00e8s en option<\/span><\/li>\n<li><span>La <\/span><span>longue plaque antid\u00e9rapante et les positions r\u00e9glables du plateau tournant s&rsquo;adaptent \u00e0 diff\u00e9rentes tailles d&#8217;empattements\u00a0<\/span><\/li>\n<li><span>Syst\u00e8me de verrouillage de s\u00e9curit\u00e9 pneumatique<\/span><span style=\"font-family: Calibri;\">\u00a0<\/span><\/li>\n<li><span>La grande plan\u00e9it\u00e9 des pistes est parfaite pour un alignement pr\u00e9cis des roues\u00a0<\/span><\/li>\n<li><span>Rampes de conduite avec rouleaux en polym\u00e8re<\/span><\/li>\n<li><span>Voies r\u00e9serv\u00e9es sur les plates-formes adapt\u00e9es aux crics roulants en option\u00a0<\/span><span>\u00a0(type C)<\/span><\/li>\n<li><span>Syst\u00e8me de contr\u00f4le s\u00e9curis\u00e9 24V<\/span><\/li>\n<li><span>Bague et roulement autolubrifi\u00e9s<\/span><\/li>\n<li><span>Le buzzer d&rsquo;alarme pour une descente en toute s\u00e9curit\u00e9<\/span><\/li>\n<li><span lang=\"EN-US\"><span>Moteur en aluminium avec ventilateur sur le dessus pour \u00e9viter la surchauffe caus\u00e9e par un travail de longue dur\u00e9e<\/span><\/span><\/li>\n<li><span lang=\"EN-US\"><span>Cric roulant en option<\/span><\/span><\/li>\n<\/ul>\n","protected":false},"excerpt":{"rendered":"<p>Capacit\u00e9 de levage de\u00a04200Kg\u00a0\/ 5000Kg\u00a0 Levage libre de roue standard\u00a0 Mise \u00e0 niveau manuelle\u00a0\u00a0ou syst\u00e8me de mise \u00e0 niveau automatique&#8230;<\/p>\n","protected":false},"featured_media":2587,"template":"","meta":[],"brands":[{"id":32,"name":"EAE","slug":"eae"}],"_links":{"self":[{"href":"https:\/\/www.le-professionnel.com\/index.php?rest_route=\/wp\/v2\/product\/2586"}],"collection":[{"href":"https:\/\/www.le-professionnel.com\/index.php?rest_route=\/wp\/v2\/product"}],"about":[{"href":"https:\/\/www.le-professionnel.com\/index.php?rest_route=\/wp\/v2\/types\/product"}],"version-history":[{"count":1,"href":"https:\/\/www.le-professionnel.com\/index.php?rest_route=\/wp\/v2\/product\/2586\/revisions"}],"predecessor-version":[{"id":2588,"href":"https:\/\/www.le-professionnel.com\/index.php?rest_route=\/wp\/v2\/product\/2586\/revisions\/2588"}],"wp:featuredmedia":[{"embeddable":true,"href":"https:\/\/www.le-professionnel.com\/index.php?rest_route=\/wp\/v2\/media\/2587"}],"wp:attachment":[{"href":"https:\/\/www.le-professionnel.com\/index.php?rest_route=%2Fwp%2Fv2%2Fmedia&parent=2586"}],"curies":[{"name":"wp","href":"https:\/\/api.w.org\/{rel}","templated":true}]}}