{"id":2580,"date":"2021-01-06T13:11:08","date_gmt":"2021-01-06T13:11:08","guid":{"rendered":"http:\/\/www.le-professionnel.com\/?post_type=product&#038;p=2580"},"modified":"2021-01-06T14:01:41","modified_gmt":"2021-01-06T14:01:41","slug":"rabot-gho-700","status":"publish","type":"product","link":"https:\/\/www.le-professionnel.com\/?product=rabot-gho-700","title":{"rendered":"Rabot GHO 700"},"content":{"rendered":"<h3 class=\"headline hl4\">Ma\u00eetrise et confort pour une bonne qualit\u00e9 de surface<\/h3>\n<ul class=\"m-product_hightlights__list\">\n<li>Surfaces parfaitement planes et lisses gr\u00e2ce au m\u00e9canisme de profondeur de passe pr\u00e9cis et \u00e0 la semelle en aluminium \u00e0 grande pr\u00e9cision d\u2019usinage.<\/li>\n<li>Ma\u00eetrise parfaite et r\u00e9sultats homog\u00e8nes gr\u00e2ce \u00e0 la forme compacte et \u00e0 la position optimis\u00e9e du centre de gravit\u00e9<\/li>\n<li>Plus de risque de blocage par des copeaux de bois gr\u00e2ce \u00e0 la circulation d\u2019air am\u00e9lior\u00e9e et \u00e9jection possible des copeaux du c\u00f4t\u00e9 gauche ou du c\u00f4t\u00e9 droit pour une flexibilit\u00e9 maximale<\/li>\n<\/ul>\n","protected":false},"excerpt":{"rendered":"<p>Donn\u00e9es suppl\u00e9mentaires<br \/>\nPuissance absorb\u00e9e nominale*<br \/>\n700W<br \/>\nLargeur de rabotage*<br \/>\n82mm<br \/>\nProfondeur de rabotage*<br \/>\n0 \u2013 2.6mm<br \/>\nPoids<br \/>\n2,7kg<br \/>\n\u00c9paisseur de feuillure r\u00e9glable<br \/>\n0 \u2013 9mm<br \/>\nR\u00e9gime \u00e0 vide<br \/>\n16 500t\/min<br \/>\nDimensions de l\u2019outil (largeur)<br \/>\n160mm<br \/>\nDimensions de l\u2019outil (longueur)<br \/>\n262mm<br \/>\nDimensions de l\u2019outil (hauteur)<br \/>\n174mm<\/p>\n","protected":false},"featured_media":2584,"template":"","meta":[],"brands":[{"id":19,"name":"BOSCH","slug":"bosch"}],"_links":{"self":[{"href":"https:\/\/www.le-professionnel.com\/index.php?rest_route=\/wp\/v2\/product\/2580"}],"collection":[{"href":"https:\/\/www.le-professionnel.com\/index.php?rest_route=\/wp\/v2\/product"}],"about":[{"href":"https:\/\/www.le-professionnel.com\/index.php?rest_route=\/wp\/v2\/types\/product"}],"version-history":[{"count":2,"href":"https:\/\/www.le-professionnel.com\/index.php?rest_route=\/wp\/v2\/product\/2580\/revisions"}],"predecessor-version":[{"id":2585,"href":"https:\/\/www.le-professionnel.com\/index.php?rest_route=\/wp\/v2\/product\/2580\/revisions\/2585"}],"wp:featuredmedia":[{"embeddable":true,"href":"https:\/\/www.le-professionnel.com\/index.php?rest_route=\/wp\/v2\/media\/2584"}],"wp:attachment":[{"href":"https:\/\/www.le-professionnel.com\/index.php?rest_route=%2Fwp%2Fv2%2Fmedia&parent=2580"}],"curies":[{"name":"wp","href":"https:\/\/api.w.org\/{rel}","templated":true}]}}