{"id":2446,"date":"2021-01-06T10:03:48","date_gmt":"2021-01-06T10:03:48","guid":{"rendered":"http:\/\/www.le-professionnel.com\/?post_type=product&#038;p=2446"},"modified":"2021-01-06T12:54:04","modified_gmt":"2021-01-06T12:54:04","slug":"perforateur-sds-max-gbh-5-40-d","status":"publish","type":"product","link":"https:\/\/www.le-professionnel.com\/?product=perforateur-sds-max-gbh-5-40-d","title":{"rendered":"Perforateur SDS max GBH 5-40 D"},"content":{"rendered":"<h3 class=\"headline hl4\">La solution simple et efficace pour les applications SDS max de base<\/h3>\n<ul class=\"m-product_hightlights__list\">\n<li>L\u00e9g\u00e8re et compacte : id\u00e9ale pour les endroits difficiles d\u2019acc\u00e8s<\/li>\n<li>Performante : progression de per\u00e7age rapide et capacit\u00e9 d\u2019enl\u00e8vement \u00e9lev\u00e9e gr\u00e2ce \u00e0 une puissance et une force de frappe \u00e9lev\u00e9es<\/li>\n<li>Robuste et endurante : m\u00e9canisme de frappe et syst\u00e8me de lubrification optimis\u00e9s<\/li>\n<\/ul>\n","protected":false},"excerpt":{"rendered":"<table class=\"table\">\n<colgroup>\n<col class=\"col-xs-5\" \/>\n<col class=\"col-xs-3\" \/><\/colgroup>\n<thead>\n<tr>\n<th class=\"headline hl4\" colspan=\"2\">Donn\u00e9es suppl\u00e9mentaires<\/th>\n<\/tr>\n<\/thead>\n<tbody>\n<tr>\n<td><b>Puissance absorb\u00e9e nominale*<\/b><\/td>\n<td><b>1\u00a0100<\/b>\u00a0<b>W<\/b><\/td>\n<\/tr>\n<tr>\n<td><b>Force de frappe*<\/b><\/td>\n<td><b>8.5<\/b>\u00a0<b>J<\/b><\/td>\n<\/tr>\n<tr>\n<td>Fr\u00e9quence de frappe \u00e0 vitesse de rotation nominale<\/td>\n<td>1,500 \u2013 2,900\u00a0cps\/min<\/td>\n<\/tr>\n<tr>\n<td>Vitesse de rotation nominale<\/td>\n<td>170 \u2013 340\u00a0t\/min<\/td>\n<\/tr>\n<tr>\n<td>Poids<\/td>\n<td>6,8\u00a0kg<\/td>\n<\/tr>\n<tr>\n<td>Porte-outils<\/td>\n<td>SDS max<\/td>\n<\/tr>\n<\/tbody>\n<\/table>\n<table class=\"table\">\n<colgroup>\n<col class=\"col-xs-5\" \/>\n<col class=\"col-xs-3\" \/><\/colgroup>\n<thead>\n<tr>\n<th class=\"headline hl4\" colspan=\"2\">Plage de per\u00e7age<\/th>\n<\/tr>\n<\/thead>\n<tbody>\n<tr>\n<td><b>\u00d8 de per\u00e7age dans le b\u00e9ton avec forets pour perforateur*<\/b><\/td>\n<td><b>12 \u2013 40<\/b>\u00a0<b>mm<\/b><\/td>\n<\/tr>\n<tr>\n<td>\u00d8 de per\u00e7age dans le b\u00e9ton avec forets h\u00e9lico\u00efdaux \u00e0 multi-taillants<\/td>\n<td>45 \u2013 55\u00a0mm<\/td>\n<\/tr>\n<tr>\n<td>Diam\u00e8tre de per\u00e7age dans le b\u00e9ton avec couronnes-tr\u00e9pans<\/td>\n<td>40 \u2013 90\u00a0mm<\/td>\n<\/tr>\n<tr>\n<td>\u00d8 per\u00e7age maxi dans ma\u00e7onnerie, couronnes-tr\u00e9pans<\/td>\n<td>90\u00a0mm<\/td>\n<\/tr>\n<tr>\n<td>Diam\u00e8tre de per\u00e7age maxi. dans le b\u00e9ton<\/td>\n<td>40\u00a0mm<\/td>\n<\/tr>\n<tr>\n<td>Plage d\u2019utilisation optimale b\u00e9ton avec forets pour perforateur<\/td>\n<td>18 \u2013 32\u00a0mm<\/td>\n<\/tr>\n<\/tbody>\n<\/table>\n","protected":false},"featured_media":2447,"template":"","meta":[],"brands":[{"id":19,"name":"BOSCH","slug":"bosch"}],"_links":{"self":[{"href":"https:\/\/www.le-professionnel.com\/index.php?rest_route=\/wp\/v2\/product\/2446"}],"collection":[{"href":"https:\/\/www.le-professionnel.com\/index.php?rest_route=\/wp\/v2\/product"}],"about":[{"href":"https:\/\/www.le-professionnel.com\/index.php?rest_route=\/wp\/v2\/types\/product"}],"version-history":[{"count":1,"href":"https:\/\/www.le-professionnel.com\/index.php?rest_route=\/wp\/v2\/product\/2446\/revisions"}],"predecessor-version":[{"id":2448,"href":"https:\/\/www.le-professionnel.com\/index.php?rest_route=\/wp\/v2\/product\/2446\/revisions\/2448"}],"wp:featuredmedia":[{"embeddable":true,"href":"https:\/\/www.le-professionnel.com\/index.php?rest_route=\/wp\/v2\/media\/2447"}],"wp:attachment":[{"href":"https:\/\/www.le-professionnel.com\/index.php?rest_route=%2Fwp%2Fv2%2Fmedia&parent=2446"}],"curies":[{"name":"wp","href":"https:\/\/api.w.org\/{rel}","templated":true}]}}