{"id":2443,"date":"2021-01-06T10:01:22","date_gmt":"2021-01-06T10:01:22","guid":{"rendered":"http:\/\/www.le-professionnel.com\/?post_type=product&#038;p=2443"},"modified":"2021-01-06T10:01:24","modified_gmt":"2021-01-06T10:01:24","slug":"perforateur-sans-fil-sds-plus-gbh-36-vf-li","status":"publish","type":"product","link":"https:\/\/www.le-professionnel.com\/?product=perforateur-sans-fil-sds-plus-gbh-36-vf-li","title":{"rendered":"Perforateur sans-fil SDS plus GBH 36 VF-LI"},"content":{"rendered":"<h3 class=\"headline hl4\">De la puissance \u00e0 revendre et une ma\u00eetrise absolue<\/h3>\n<ul class=\"m-product_hightlights__list\">\n<li>Travail jusqu\u2019\u00e0 50 % plus rapide gr\u00e2ce \u00e0 une \u00e9nergie d\u2019impact plus \u00e9lev\u00e9e et dur\u00e9e de vie prolong\u00e9e de 100 % (comparativement au mod\u00e8le pr\u00e9c\u00e9dent GBH 36 VF-LI)<\/li>\n<li>Un contr\u00f4le absolu en cas de blocage du foret gr\u00e2ce au syst\u00e8me KickBack Control Bosch et dans les mat\u00e9riaux fragiles gr\u00e2ce au syst\u00e8me EPC (Electronic Precision Control)<\/li>\n<li>Le mandrin \u00e0 changement rapide fourni permet d\u2019utiliser des forets \u00e0 queue cylindrique pour percer le bois et le m\u00e9tal.<\/li>\n<\/ul>\n","protected":false},"excerpt":{"rendered":"<p>Donn\u00e9es suppl\u00e9mentaires<br \/>\nTension de la batterie*<br \/>\n36V<br \/>\nForce de frappe, max.*<br \/>\n3,2J<br \/>\nFr\u00e9quence de frappe \u00e0 vitesse de rotation nominale<br \/>\n0 \u2013 4,200cps\/min<br \/>\nVitesse de rotation nominale<br \/>\n0 \u2013 940t\/min<br \/>\nPorte-outils<br \/>\nSDS plus<\/p>\n<p>Plage de per\u00e7age<br \/>\n\u00d8 de per\u00e7age dans le b\u00e9ton avec forets pour perforateur*<br \/>\n4 \u2013 28mm<br \/>\nPlage d\u2019utilisation optimale dans le b\u00e9ton avec forets pour perforateur<br \/>\n8 \u2013 18mm<br \/>\n\u00d8 de per\u00e7age maxi. dans le m\u00e9tal<br \/>\n13mm<br \/>\n\u00d8 de per\u00e7age dans le bois, maxi.<br \/>\n30mm<\/p>\n","protected":false},"featured_media":2444,"template":"","meta":[],"brands":[{"id":19,"name":"BOSCH","slug":"bosch"}],"_links":{"self":[{"href":"https:\/\/www.le-professionnel.com\/index.php?rest_route=\/wp\/v2\/product\/2443"}],"collection":[{"href":"https:\/\/www.le-professionnel.com\/index.php?rest_route=\/wp\/v2\/product"}],"about":[{"href":"https:\/\/www.le-professionnel.com\/index.php?rest_route=\/wp\/v2\/types\/product"}],"version-history":[{"count":1,"href":"https:\/\/www.le-professionnel.com\/index.php?rest_route=\/wp\/v2\/product\/2443\/revisions"}],"predecessor-version":[{"id":2445,"href":"https:\/\/www.le-professionnel.com\/index.php?rest_route=\/wp\/v2\/product\/2443\/revisions\/2445"}],"wp:featuredmedia":[{"embeddable":true,"href":"https:\/\/www.le-professionnel.com\/index.php?rest_route=\/wp\/v2\/media\/2444"}],"wp:attachment":[{"href":"https:\/\/www.le-professionnel.com\/index.php?rest_route=%2Fwp%2Fv2%2Fmedia&parent=2443"}],"curies":[{"name":"wp","href":"https:\/\/api.w.org\/{rel}","templated":true}]}}