{"id":2413,"date":"2021-01-06T09:17:39","date_gmt":"2021-01-06T09:17:39","guid":{"rendered":"http:\/\/www.le-professionnel.com\/?post_type=product&#038;p=2413"},"modified":"2021-01-06T09:17:50","modified_gmt":"2021-01-06T09:17:50","slug":"perforateur-sds-plus-gbh-2-28-f","status":"publish","type":"product","link":"https:\/\/www.le-professionnel.com\/?product=perforateur-sds-plus-gbh-2-28-f","title":{"rendered":"Perforateur SDS plus GBH 2-28 F"},"content":{"rendered":"<h3 class=\"headline hl4\">Tr\u00e8s bonnes performances gr\u00e2ce au dispositif KickBack Control intelligent<\/h3>\n<p class=\"m-product_hightlights__paragraph\">\n<ul class=\"m-product_hightlights__list\">\n<li>Meilleures performances de sa cat\u00e9gorie et puissance accrue<\/li>\n<li>Meilleure protection de l\u2019utilisateur gr\u00e2ce au KickBack Control (KBC) permettant de r\u00e9duire le risque de blessure<\/li>\n<li>Tr\u00e8s faibles vibrations gr\u00e2ce \u00e0 l\u2019amortissement actif des vibrations avec contre-balancier<\/li>\n<\/ul>\n","protected":false},"excerpt":{"rendered":"<p><strong>Donn\u00e9es suppl\u00e9mentaires<\/strong><br \/>\n<strong>Puissance absorb\u00e9e nominale*<\/strong><br \/>\n<strong>880W<\/strong><br \/>\n<strong>Force de frappe*<\/strong><br \/>\n<strong>3.2J<\/strong><br \/>\n<strong>Fr\u00e9quence de frappe \u00e0 vitesse de rotation nominale<\/strong><br \/>\n<strong>0 \u2013 4,000cps\/min<\/strong><br \/>\n<strong>Vitesse de rotation nominale<\/strong><br \/>\n<strong>0 \u2013 900t\/min<\/strong><br \/>\n<strong>Poids<\/strong><br \/>\n<strong>3,1kg<\/strong><br \/>\n<strong>Dimensions de l\u2019outil (longueur)<\/strong><br \/>\n<strong>402mm<\/strong><br \/>\n<strong>Dimensions de l\u2019outil (hauteur)<\/strong><br \/>\n<strong>216mm<\/strong><br \/>\n<strong>Porte-outils<\/strong><br \/>\n<strong>SDS plus<\/strong><\/p>\n<p><strong>Plage de per\u00e7age<\/strong><br \/>\n<strong>\u00d8 de per\u00e7age dans le b\u00e9ton avec forets pour perforateur*<\/strong><br \/>\n<strong>4 \u2013 28mm<\/strong><br \/>\n<strong>Plage d\u2019utilisation optimale b\u00e9ton avec forets pour perforateur<\/strong><br \/>\n<strong>8 \u2013 16mm<\/strong><br \/>\n<strong>Diam\u00e8tre de per\u00e7age dans le b\u00e9ton avec couronnes-tr\u00e9pans<\/strong><br \/>\n<strong>68mm<\/strong><br \/>\n<strong>\u00d8 per\u00e7age maxi dans ma\u00e7onnerie, couronnes-tr\u00e9pans<\/strong><br \/>\n<strong>68mm<\/strong><br \/>\n<strong>\u00d8 de per\u00e7age maxi. dans le m\u00e9tal<\/strong><br \/>\n<strong>13mm<\/strong><br \/>\n<strong>\u00d8 de per\u00e7age maxi. dans le bois<\/strong><br \/>\n<strong>30mm<\/strong><br \/>\n<strong>Valeurs totales des vibrations (Per\u00e7age en frappe du b\u00e9ton)<\/strong><br \/>\n<strong>Valeur d\u2019\u00e9mission vibratoire ah<\/strong><br \/>\n<strong>11m\/s\u00b2<\/strong><br \/>\n<strong>Incertitude K<\/strong><br \/>\n<strong>1,5m\/s\u00b2<\/strong><br \/>\n<strong>Valeurs totales des vibrations (Burinage)<\/strong><br \/>\n<strong>Valeur d\u2019\u00e9mission vibratoire ah<\/strong><br \/>\n<strong>11m\/s\u00b2<\/strong><br \/>\n<strong>Incertitude K<\/strong><br \/>\n<strong>1,5m\/s\u00b2<\/strong><\/p>\n","protected":false},"featured_media":2414,"template":"","meta":[],"brands":[{"id":19,"name":"BOSCH","slug":"bosch"}],"_links":{"self":[{"href":"https:\/\/www.le-professionnel.com\/index.php?rest_route=\/wp\/v2\/product\/2413"}],"collection":[{"href":"https:\/\/www.le-professionnel.com\/index.php?rest_route=\/wp\/v2\/product"}],"about":[{"href":"https:\/\/www.le-professionnel.com\/index.php?rest_route=\/wp\/v2\/types\/product"}],"version-history":[{"count":1,"href":"https:\/\/www.le-professionnel.com\/index.php?rest_route=\/wp\/v2\/product\/2413\/revisions"}],"predecessor-version":[{"id":2415,"href":"https:\/\/www.le-professionnel.com\/index.php?rest_route=\/wp\/v2\/product\/2413\/revisions\/2415"}],"wp:featuredmedia":[{"embeddable":true,"href":"https:\/\/www.le-professionnel.com\/index.php?rest_route=\/wp\/v2\/media\/2414"}],"wp:attachment":[{"href":"https:\/\/www.le-professionnel.com\/index.php?rest_route=%2Fwp%2Fv2%2Fmedia&parent=2413"}],"curies":[{"name":"wp","href":"https:\/\/api.w.org\/{rel}","templated":true}]}}