{"id":2410,"date":"2021-01-06T09:09:47","date_gmt":"2021-01-06T09:09:47","guid":{"rendered":"http:\/\/www.le-professionnel.com\/?post_type=product&#038;p=2410"},"modified":"2021-01-06T09:10:14","modified_gmt":"2021-01-06T09:10:14","slug":"perforateur-sds-plus-gbh-2-24-dre","status":"publish","type":"product","link":"https:\/\/www.le-professionnel.com\/?product=perforateur-sds-plus-gbh-2-24-dre","title":{"rendered":"Perforateur SDS plus GBH 2-24 DRE"},"content":{"rendered":"<h3 class=\"headline hl4\">La nouvelle r\u00e9f\u00e9rence pour le per\u00e7age du b\u00e9ton\u00a0!<\/h3>\n<p class=\"m-product_hightlights__paragraph\">\n<ul class=\"m-product_hightlights__list\">\n<li>La vitesse de per\u00e7age la plus \u00e9lev\u00e9e de sa cat\u00e9gorie gr\u00e2ce au set de carter d\u2019engrenage optimis\u00e9<\/li>\n<li>Moteur puissant de 790\u00a0W pour une durabilit\u00e9 am\u00e9lior\u00e9e et les travaux exigeants<\/li>\n<li>Interchangeabilit\u00e9 des pi\u00e8ces de rechange et maintenance ais\u00e9e gr\u00e2ce \u00e0 la conception intelligente<\/li>\n<\/ul>\n","protected":false},"excerpt":{"rendered":"<p>Donn\u00e9es suppl\u00e9mentaires<br \/>\nPuissance absorb\u00e9e nominale*<br \/>\n790W<br \/>\nForce de frappe*<br \/>\n2.7J<br \/>\nFr\u00e9quence de frappe \u00e0 vitesse de rotation nominale<br \/>\n0 \u2013 4,200cps\/min<br \/>\nVitesse de rotation nominale<br \/>\n0 \u2013 930t\/min<br \/>\nPoids*<br \/>\n2,8kg<br \/>\nDimensions de l\u2019outil (longueur)<br \/>\n367mm<br \/>\nDimensions de l\u2019outil (hauteur)<br \/>\n210mm<br \/>\nPorte-outils<br \/>\nSDS plus<\/p>\n<p>Plage de per\u00e7age<br \/>\n\u00d8 per\u00e7age maxi dans ma\u00e7onnerie, couronnes-tr\u00e9pans<br \/>\n68mm<br \/>\n\u00d8 de per\u00e7age maxi. dans le m\u00e9tal<br \/>\n13mm<br \/>\n\u00d8 de per\u00e7age maxi. dans le bois<br \/>\n30mm<\/p>\n","protected":false},"featured_media":2411,"template":"","meta":[],"brands":[{"id":19,"name":"BOSCH","slug":"bosch"}],"_links":{"self":[{"href":"https:\/\/www.le-professionnel.com\/index.php?rest_route=\/wp\/v2\/product\/2410"}],"collection":[{"href":"https:\/\/www.le-professionnel.com\/index.php?rest_route=\/wp\/v2\/product"}],"about":[{"href":"https:\/\/www.le-professionnel.com\/index.php?rest_route=\/wp\/v2\/types\/product"}],"version-history":[{"count":1,"href":"https:\/\/www.le-professionnel.com\/index.php?rest_route=\/wp\/v2\/product\/2410\/revisions"}],"predecessor-version":[{"id":2412,"href":"https:\/\/www.le-professionnel.com\/index.php?rest_route=\/wp\/v2\/product\/2410\/revisions\/2412"}],"wp:featuredmedia":[{"embeddable":true,"href":"https:\/\/www.le-professionnel.com\/index.php?rest_route=\/wp\/v2\/media\/2411"}],"wp:attachment":[{"href":"https:\/\/www.le-professionnel.com\/index.php?rest_route=%2Fwp%2Fv2%2Fmedia&parent=2410"}],"curies":[{"name":"wp","href":"https:\/\/api.w.org\/{rel}","templated":true}]}}