{"id":2196,"date":"2020-12-17T22:31:53","date_gmt":"2020-12-17T22:31:53","guid":{"rendered":"http:\/\/www.le-professionnel.com\/?post_type=product&#038;p=2196"},"modified":"2020-12-17T22:31:57","modified_gmt":"2020-12-17T22:31:57","slug":"6435-bwf-elevateur-a-quatre-colonnes-4-0-5-0t","status":"publish","type":"product","link":"https:\/\/www.le-professionnel.com\/?product=6435-bwf-elevateur-a-quatre-colonnes-4-0-5-0t","title":{"rendered":"6435.BWF | \u00c9l\u00e9vateur \u00e0 quatre colonnes 4.0 \/ 5.0T"},"content":{"rendered":"<ul>\n<li><span>Capacit\u00e9 de levage de 4000Kg \/ 5000Kg\u00a0<\/span><\/li>\n<li><span>Le <\/span><span>cric sans roue int\u00e9gr\u00e9 a une capacit\u00e9 maximale de 4000 kg et est extensible en longueur<\/span><\/li>\n<li><span>La <\/span><span>longue plaque antid\u00e9rapante et les positions r\u00e9glables du plateau tournant s&rsquo;adaptent \u00e0 diff\u00e9rents types d&#8217;empattements<\/span><\/li>\n<li><span>D\u00e9clenchement <\/span><span>\u00e9lectrique, appuyez simplement sur le bouton HAUT et BAS pour contr\u00f4ler l&rsquo;ascenseur<\/span><\/li>\n<li><span>Les larges plates-formes pour une conduite plus facile sur et en dehors<\/span><\/li>\n<li><span>Distance de 3000 mm entre deux colonnes compatible avec l&rsquo;alignement de roue 3D\u00a0<\/span><\/li>\n<li><span>La grande plan\u00e9it\u00e9 des pistes est parfaite pour un alignement pr\u00e9cis des roues<\/span><\/li>\n<li><span>Rampes de conduite avec rouleaux en polym\u00e8re\u00a0<\/span><\/li>\n<li><span>Voies r\u00e9serv\u00e9es sur les plates-formes adapt\u00e9es aux crics roulants en option<\/span><\/li>\n<li><span>Les pistes \u00e0 profil bas permettent aux v\u00e9hicules de d\u00e9marrer et de descendre facilement\u00a0<\/span><\/li>\n<li><span>Tension de commande de s\u00e9curit\u00e9 24V<\/span><\/li>\n<li><span>Poulies de c\u00e2ble solides et robustes<\/span><span style=\"font-family: arial, helvetica, sans-serif;\">\u00a0<\/span><\/li>\n<li><span>Bague et roulement autolubrifi\u00e9s\u00a0<\/span><\/li>\n<li><span>Syst\u00e8me d&rsquo;alarme de non-synchronisation des plates-formes\u00a0<\/span><\/li>\n<li><span>Le <\/span><span>dispositif de s\u00e9curit\u00e9 fonctionne imm\u00e9diatement en cas de c\u00e2ble se d\u00e9tend ou tombe en panne\u00a0<\/span><\/li>\n<li><span>buzzer d&rsquo; <\/span><span>alarme\u00a0\u00a0<\/span><span>pour une descente en toute s\u00e9curit\u00e9\u00a0<\/span><\/li>\n<li><span>Moteur en aluminium avec ventilateur sur le dessus pour \u00e9viter la surchauffe caus\u00e9e par un travail de longue dur\u00e9e\u00a0<\/span><\/li>\n<li><span lang=\"EN-US\"><span>Cric roulant en option<\/span><\/span><\/li>\n<\/ul>\n<table class=\"pro_table\" border=\"0\" width=\"100%\" cellspacing=\"1\" cellpadding=\"0\" bgcolor=\"#999999\">\n<tbody>\n<tr>\n<td class=\"cf\" align=\"center\" valign=\"middle\" bgcolor=\"#eb6112\"><strong>\u00a0<\/strong><strong>\u00a0<\/strong><strong><span>MOD\u00c8LE NO.<\/span><\/strong><\/td>\n<td class=\"cf\" align=\"center\" valign=\"middle\" bgcolor=\"#eb6112\"><strong>\u00a0<\/strong><b><span>6435.BWF<\/span><\/b><\/td>\n<\/tr>\n<tr>\n<td align=\"center\" valign=\"middle\" bgcolor=\"#ffffff\"><span>Capacit\u00e9 de levage<\/span><\/td>\n<td align=\"center\" valign=\"middle\" bgcolor=\"#ffffff\"><span>4000 kg \/ 5000 kg\u00a0<\/span><\/td>\n<\/tr>\n<tr>\n<td align=\"center\" valign=\"middle\" bgcolor=\"#ffffff\"><span>\u00a0Hauteur de levage maximale<\/span><\/td>\n<td align=\"center\" valign=\"middle\" bgcolor=\"#ffffff\"><span>1850 mm<\/span><\/td>\n<\/tr>\n<tr>\n<td align=\"center\" valign=\"middle\" bgcolor=\"#ffffff\"><span>Hauteur min<\/span><\/td>\n<td align=\"center\" valign=\"middle\" bgcolor=\"#ffffff\"><span>225 mm<\/span><\/td>\n<\/tr>\n<tr>\n<td align=\"center\" valign=\"middle\" bgcolor=\"#ffffff\"><span>\u00a0Temps de levage<\/span><\/td>\n<td align=\"center\" valign=\"middle\" bgcolor=\"#ffffff\"><span>60S<\/span><\/td>\n<\/tr>\n<tr>\n<td align=\"center\" valign=\"middle\" bgcolor=\"#ffffff\"><span>\u00a0Arriv\u00e9e d&rsquo;air<\/span><\/td>\n<td align=\"center\" valign=\"middle\" bgcolor=\"#ffffff\"><span>6-8 bar<\/span><\/td>\n<\/tr>\n<tr>\n<td align=\"center\" valign=\"middle\" bgcolor=\"#ffffff\"><span>Capacit\u00e9 du moteur<\/span><\/td>\n<td align=\"center\" valign=\"middle\" bgcolor=\"#ffffff\"><span>2,2 kW \/ 3,5 kW<\/span><\/td>\n<\/tr>\n<tr>\n<td align=\"center\" valign=\"middle\" bgcolor=\"#ffffff\"><span>\u00a0 L&rsquo;approvisionnement en \u00e9lectricit\u00e9<\/span><\/td>\n<td align=\"center\" valign=\"middle\" bgcolor=\"#ffffff\"><span>\u00a0Selon les besoins du client<\/span><\/td>\n<\/tr>\n<\/tbody>\n<\/table>\n<div class=\"text-center qhwz\"><span>* Machine illustr\u00e9e avec \u00e9quipement en option. L&rsquo;apparence r\u00e9elle du produit peut diff\u00e9rer.<\/span><\/div>\n","protected":false},"excerpt":{"rendered":"<p>Capacit\u00e9 de levage de 4000Kg \/ 5000Kg\u00a0 Le cric sans roue int\u00e9gr\u00e9 a une capacit\u00e9 maximale de 4000 kg et&#8230;<\/p>\n","protected":false},"featured_media":2197,"template":"","meta":[],"brands":[{"id":32,"name":"EAE","slug":"eae"}],"_links":{"self":[{"href":"https:\/\/www.le-professionnel.com\/index.php?rest_route=\/wp\/v2\/product\/2196"}],"collection":[{"href":"https:\/\/www.le-professionnel.com\/index.php?rest_route=\/wp\/v2\/product"}],"about":[{"href":"https:\/\/www.le-professionnel.com\/index.php?rest_route=\/wp\/v2\/types\/product"}],"version-history":[{"count":1,"href":"https:\/\/www.le-professionnel.com\/index.php?rest_route=\/wp\/v2\/product\/2196\/revisions"}],"predecessor-version":[{"id":2198,"href":"https:\/\/www.le-professionnel.com\/index.php?rest_route=\/wp\/v2\/product\/2196\/revisions\/2198"}],"wp:featuredmedia":[{"embeddable":true,"href":"https:\/\/www.le-professionnel.com\/index.php?rest_route=\/wp\/v2\/media\/2197"}],"wp:attachment":[{"href":"https:\/\/www.le-professionnel.com\/index.php?rest_route=%2Fwp%2Fv2%2Fmedia&parent=2196"}],"curies":[{"name":"wp","href":"https:\/\/api.w.org\/{rel}","templated":true}]}}