{"id":2180,"date":"2020-12-17T21:05:35","date_gmt":"2020-12-17T21:05:35","guid":{"rendered":"http:\/\/www.le-professionnel.com\/?post_type=product&#038;p=2180"},"modified":"2020-12-17T21:05:44","modified_gmt":"2020-12-17T21:05:44","slug":"f9m-f10m-declenchement-manuel-dun-cote-3-5t-4-2t","status":"publish","type":"product","link":"https:\/\/www.le-professionnel.com\/?product=f9m-f10m-declenchement-manuel-dun-cote-3-5t-4-2t","title":{"rendered":"F9M \/ F10M | D\u00e9clenchement manuel d&rsquo;un c\u00f4t\u00e9 3.5T \/ 4.2T"},"content":{"rendered":"<div>\n<ul>\n<li>Capacit\u00e9 de levage de 3500kg \/ 4200<\/li>\n<li>D\u00e9verrouillage unilat\u00e9ral pour unit\u00e9 de verrouillage de s\u00e9curit\u00e9 m\u00e9canique.<\/li>\n<li>Conception de type plaque de base pour ateliers et garges \u00e0 plafond bas<\/li>\n<li>Dispositif sup\u00e9rieur droit de cylindre, fonctionne plus facilement<\/li>\n<li>Les verrous de bras s&rsquo;engagent et se d\u00e9sengagent automatiquement<\/li>\n<li>Coussinets de levage viss\u00e9s avec hauteur de d\u00e9gagement inf\u00e9rieure \u00e0 100 mm<\/li>\n<li>Les cylindres durables dans chaque colonne portent avec des soupapes anti-surtension<\/li>\n<li>Coussinets de protection de porte standard pour \u00e9viter d&rsquo;endommager la porte ouverte sans pr\u00e9caution<\/li>\n<li>La pression hydraulique pr\u00e9-fixe emp\u00eache le fonctionnement en surcharge<\/li>\n<li>Rideau de colonne standard<\/li>\n<li>Syst\u00e8me de contr\u00f4le de s\u00e9curit\u00e9 24V<\/li>\n<\/ul>\n<p>&nbsp;<\/p>\n<table class=\"pro_table\" border=\"0\" width=\"100%\" cellspacing=\"1\" cellpadding=\"0\" bgcolor=\"#999999\">\n<tbody>\n<tr>\n<td class=\"cf\" align=\"center\" valign=\"middle\" bgcolor=\"#eb6112\"><strong><span>MOD\u00c8LE NO.<\/span><\/strong><\/td>\n<td class=\"cf\" align=\"center\" valign=\"middle\" bgcolor=\"#eb6112\"><strong><span>F9M \/ F10M<\/span><\/strong><\/td>\n<\/tr>\n<tr>\n<td align=\"center\" valign=\"middle\" bgcolor=\"#ffffff\"><span>Capacit\u00e9 de levage<\/span><\/td>\n<td colspan=\"1\" align=\"center\" valign=\"middle\" bgcolor=\"#ffffff\"><span>3500 kg \/ 4200<\/span><\/td>\n<\/tr>\n<tr>\n<td align=\"center\" valign=\"middle\" bgcolor=\"#ffffff\"><span>Hauteur de levage<\/span><\/td>\n<td colspan=\"3\" align=\"center\" valign=\"middle\" bgcolor=\"#ffffff\"><span>1900 mm<\/span><\/td>\n<\/tr>\n<tr>\n<td align=\"center\" valign=\"middle\" bgcolor=\"#ffffff\"><span>Hauteur minimale<\/span><\/td>\n<td colspan=\"3\" align=\"center\" valign=\"middle\" bgcolor=\"#ffffff\"><span>90 mm<\/span><\/td>\n<\/tr>\n<tr>\n<td align=\"center\" valign=\"middle\" bgcolor=\"#ffffff\"><span>\u00a0Hauteur totale<\/span><\/td>\n<td colspan=\"3\" align=\"center\" valign=\"middle\" bgcolor=\"#ffffff\"><span>2827 mm + 240 mm<\/span><\/td>\n<\/tr>\n<tr>\n<td align=\"center\" valign=\"middle\" bgcolor=\"#ffffff\"><span>Temps de levage<\/span><\/td>\n<td colspan=\"3\" align=\"center\" valign=\"middle\" bgcolor=\"#ffffff\">\u00a0<span>45S-55S<\/span><\/td>\n<\/tr>\n<tr>\n<td align=\"center\" valign=\"middle\" bgcolor=\"#ffffff\"><span>Source de courant<\/span><\/td>\n<td colspan=\"3\" align=\"center\" valign=\"middle\" bgcolor=\"#ffffff\"><span>\u00a0Selon les besoins du client<\/span><\/td>\n<\/tr>\n<tr>\n<td align=\"center\" valign=\"middle\" bgcolor=\"#ffffff\"><span>Capacit\u00e9 du moteur<\/span><\/td>\n<td colspan=\"3\" align=\"center\" valign=\"middle\" bgcolor=\"#ffffff\"><span>\u00a02,2 kW<\/span><\/td>\n<\/tr>\n<\/tbody>\n<\/table>\n<div class=\"text-center qhwz\"><span>* La hauteur de levage maximale est mesur\u00e9e avec des patins \u00e0 vis r\u00e9glables dans la position la plus \u00e9lev\u00e9e.\u00a0<\/span><\/div>\n<div class=\"text-center qhwz\"><span>* Machine illustr\u00e9e avec \u00e9quipement en option. L&rsquo;apparence r\u00e9elle du produit peut diff\u00e9rer.<\/span><\/div>\n<\/div>\n<p>&nbsp;<\/p>\n","protected":false},"excerpt":{"rendered":"<p>Capacit\u00e9 de levage de 3500kg \/ 4200 D\u00e9verrouillage unilat\u00e9ral pour unit\u00e9 de verrouillage de s\u00e9curit\u00e9 m\u00e9canique. Conception de type plaque&#8230;<\/p>\n","protected":false},"featured_media":2181,"template":"","meta":[],"brands":[{"id":32,"name":"EAE","slug":"eae"}],"_links":{"self":[{"href":"https:\/\/www.le-professionnel.com\/index.php?rest_route=\/wp\/v2\/product\/2180"}],"collection":[{"href":"https:\/\/www.le-professionnel.com\/index.php?rest_route=\/wp\/v2\/product"}],"about":[{"href":"https:\/\/www.le-professionnel.com\/index.php?rest_route=\/wp\/v2\/types\/product"}],"version-history":[{"count":2,"href":"https:\/\/www.le-professionnel.com\/index.php?rest_route=\/wp\/v2\/product\/2180\/revisions"}],"predecessor-version":[{"id":2183,"href":"https:\/\/www.le-professionnel.com\/index.php?rest_route=\/wp\/v2\/product\/2180\/revisions\/2183"}],"wp:featuredmedia":[{"embeddable":true,"href":"https:\/\/www.le-professionnel.com\/index.php?rest_route=\/wp\/v2\/media\/2181"}],"wp:attachment":[{"href":"https:\/\/www.le-professionnel.com\/index.php?rest_route=%2Fwp%2Fv2%2Fmedia&parent=2180"}],"curies":[{"name":"wp","href":"https:\/\/api.w.org\/{rel}","templated":true}]}}