{"id":1123,"date":"2020-09-14T15:55:36","date_gmt":"2020-09-14T15:55:36","guid":{"rendered":"http:\/\/www.le-professionnel.com\/?post_type=product&#038;p=1123"},"modified":"2020-09-14T15:55:58","modified_gmt":"2020-09-14T15:55:58","slug":"transpalette-bz-251150","status":"publish","type":"product","link":"https:\/\/www.le-professionnel.com\/?product=transpalette-bz-251150","title":{"rendered":"Transpalette BZ 251150"},"content":{"rendered":"<p><strong>Transpalette manuel<\/strong>\u00a0pour entrep\u00f4ts, usines ou locaux commerciaux.<\/p>\n<p><strong>C&rsquo;est un transpalette facile<\/strong>\u00a0et\u00a0<strong>confortable<\/strong>\u00a0\u00e0 utiliser car il dispose d&rsquo;un\u00a0<strong>timon ergonomique<\/strong>\u00a0et la\u00a0<strong>pompe hydraulique<\/strong>\u00a0est de haute qualit\u00e9.<\/p>\n<p>La\u00a0<strong>structure<\/strong>\u00a0de ce transpalette manuel est en\u00a0<strong>acier<\/strong>\u00a0compact, ce qui en fait un transpalette robuste et durable.<\/p>\n<p>2 roues directrices caoutchout\u00e9es de 180 mm de diam\u00e8tre, qui facilitent et facilitent la manipulation de cette palette.<\/p>\n<p>2 jeux de roues avant doubles en polyur\u00e9thane pour un meilleur contr\u00f4le.<\/p>\n<p>Transpalette manuel<\/p>\n<p>\u25baBenza, pour soulever et transporter des poids jusqu&rsquo;\u00e0 2500 kg.<\/p>\n<p>\u25ba Syst\u00e8me de levage hydraulique.<\/p>\n<p>\u25baTrois positions pour le timon de man\u0153uvre: relev\u00e9, neutre et bas.<\/p>\n<p>\u25ba2 volants qui facilitent l&rsquo;utilisation de cette palette manuelle, avec des roues avant doubles qui permettent un meilleur contr\u00f4le.<\/p>\n<p>\u25baDimensions de ce transpalette: longueur de fourche de 1150 mm et largeur de 550 mm.<\/p>\n<table class=\"table-data-sheet\">\n<tbody>\n<tr class=\"odd\">\n<td><span>poids (kg)<\/span><\/td>\n<td>73<\/td>\n<\/tr>\n<tr class=\"even\">\n<td><span>Ch\u00e2ssis<\/span><\/td>\n<td><span>Acier<\/span><\/td>\n<\/tr>\n<tr class=\"odd\">\n<td><span>Largeur du clou (mm)<\/span><\/td>\n<td>160<\/td>\n<\/tr>\n<tr class=\"even\">\n<td><span>Capacit\u00e9 de chargement<\/span><\/td>\n<td>2500 kg<\/td>\n<\/tr>\n<tr class=\"odd\">\n<td><span>Longueur du clou (mm)<\/span><\/td>\n<td>1150 mm<\/td>\n<\/tr>\n<tr class=\"even\">\n<td><span>Hauteur totale (mm)<\/span><\/td>\n<td>1230<\/td>\n<\/tr>\n<tr class=\"odd\">\n<td>Ancho total (mm)<\/td>\n<td>550<\/td>\n<\/tr>\n<tr class=\"even\">\n<td><span>Diam\u00e8tre du volant (mm)<\/span><\/td>\n<td>180<\/td>\n<\/tr>\n<tr class=\"odd\">\n<td><span>Hauteur min.\u00a0ascenseur (mm)<\/span><\/td>\n<td>75<\/td>\n<\/tr>\n<tr class=\"even\">\n<td><span>hauteur maximum\u00a0ascenseur (mm)<\/span><\/td>\n<td>190<\/td>\n<\/tr>\n<tr class=\"odd\">\n<td><span>Volant<\/span><\/td>\n<td><span>Caoutchouc doubl\u00e9<\/span><\/td>\n<\/tr>\n<\/tbody>\n<\/table>\n","protected":false},"excerpt":{"rendered":"<h2>Transpalette BZ 251150<\/h2>\n<p>\u25ba Capacit\u00e9 de charge jusqu&rsquo;\u00e0 2500 kg<\/p>\n<p>\u25ba Transpalette manuel \u00e9quip\u00e9 de 2 roues directrices et de 2 roues avant en polyur\u00e9thane<\/p>\n<p>\u25ba Longueur et largeur des clous: 1150&#215;550<\/p>\n","protected":false},"featured_media":1119,"template":"","meta":[],"brands":[{"id":50,"name":"BENZA","slug":"benza"}],"_links":{"self":[{"href":"https:\/\/www.le-professionnel.com\/index.php?rest_route=\/wp\/v2\/product\/1123"}],"collection":[{"href":"https:\/\/www.le-professionnel.com\/index.php?rest_route=\/wp\/v2\/product"}],"about":[{"href":"https:\/\/www.le-professionnel.com\/index.php?rest_route=\/wp\/v2\/types\/product"}],"version-history":[{"count":2,"href":"https:\/\/www.le-professionnel.com\/index.php?rest_route=\/wp\/v2\/product\/1123\/revisions"}],"predecessor-version":[{"id":1125,"href":"https:\/\/www.le-professionnel.com\/index.php?rest_route=\/wp\/v2\/product\/1123\/revisions\/1125"}],"wp:featuredmedia":[{"embeddable":true,"href":"https:\/\/www.le-professionnel.com\/index.php?rest_route=\/wp\/v2\/media\/1119"}],"wp:attachment":[{"href":"https:\/\/www.le-professionnel.com\/index.php?rest_route=%2Fwp%2Fv2%2Fmedia&parent=1123"}],"curies":[{"name":"wp","href":"https:\/\/api.w.org\/{rel}","templated":true}]}}