{"id":1093,"date":"2020-09-14T14:30:13","date_gmt":"2020-09-14T14:30:13","guid":{"rendered":"http:\/\/www.le-professionnel.com\/?post_type=product&#038;p=1093"},"modified":"2020-09-14T14:37:17","modified_gmt":"2020-09-14T14:37:17","slug":"generateur-trs-12000","status":"publish","type":"product","link":"https:\/\/www.le-professionnel.com\/?product=generateur-trs-12000","title":{"rendered":"G\u00e9n\u00e9rateur TRS 12000"},"content":{"rendered":"<p>Le g\u00e9n\u00e9rateur triphas\u00e9 \u00e0 moteur essence Benza 12000 est le g\u00e9n\u00e9rateur triphas\u00e9 professionnel le plus puissant de la gamme Benza.\u00a0Ces g\u00e9n\u00e9rateurs ont des moteurs refroidis par air, fournissant une puissance continue de 12,0 Kvas.\u00a0Le moteur essence Subaru EH65, \u00e0 deux cylindres en V, d\u00e9veloppe une puissance de 22 ch, ce qui garantit des performances optimales lorsque les exigences sont les plus \u00e9lev\u00e9es.\u00a0Sa grande polyvalence, due au fait qu&rsquo;il comprend une prise triphas\u00e9e et une prise monophas\u00e9e, garantit \u00e0 tout professionnel d&rsquo;effectuer les t\u00e2ches les plus compliqu\u00e9es avec l&rsquo;utilisation simultan\u00e9e de deux outils \u00e0 fort amp\u00e9rage au d\u00e9marrage, tels que des compresseurs, des nettoyeurs haute pression, des cong\u00e9lateurs, etc.<\/p>\n<ul>\n<li>Le g\u00e9n\u00e9rateur est \u00e9quip\u00e9 en standard d&rsquo;un diff\u00e9rentiel comme mesure de s\u00e9curit\u00e9 pour prot\u00e9ger l&rsquo;utilisateur.<\/li>\n<li>G\u00e9n\u00e9ratrice \u00e9lectrique avec un moteur essence quatre temps Subaru EH65, d&rsquo;une puissance de 22 ch, qui convainc par sa fiabilit\u00e9, ses hautes performances et sa longue dur\u00e9e de vie.<\/li>\n<li>D\u00e9marrage \u00e9lectrique avec cl\u00e9.<\/li>\n<li>Groupe \u00e9lectrog\u00e8ne avec alternateur triphas\u00e9 Soga 12 Kvas, avec une norme d&rsquo;isolation contre la poussi\u00e8re et les projections d&rsquo;eau (IP23).<\/li>\n<li>L&rsquo;ensemble moteur et alternateur est prot\u00e9g\u00e9 par un ch\u00e2ssis en acier renforc\u00e9.<\/li>\n<li>Mobilit\u00e9 parfaite et facilit\u00e9 de transport gr\u00e2ce \u00e0 sa poign\u00e9e ergonomique et ses solides roues en caoutchouc.<\/li>\n<li>Groupe \u00e9lectrog\u00e8ne avec 2 prises \u00e9lectriques, une triphas\u00e9e 400V et une monophas\u00e9e 230V.<\/li>\n<li>R\u00e9servoir de carburant de 50 litres (10 heures d&rsquo;autonomie).<\/li>\n<li>G\u00e9n\u00e9rateur avec 3 ans de garantie.<\/li>\n<\/ul>\n<div>Ce mod\u00e8le de g\u00e9n\u00e9rateur est \u00e9galement disponible avec alternateur AVR<\/div>\n<div>G\u00e9n\u00e9rateur avec AVR: Si vous souhaitez utiliser le g\u00e9n\u00e9rateur avec des appareils qui int\u00e8grent des cartes \u00e9lectroniques, tels que des ordinateurs, une t\u00e9l\u00e9vision, etc.\u00a0Il est indispensable d&rsquo;acheter un mod\u00e8le avec alternateur avec AVR (Automatic Voltage Regulator), qui garantit une alimentation de haute pr\u00e9cision sans pics.<\/div>\n<div>\n<table class=\"table-data-sheet\">\n<tbody>\n<tr class=\"odd\">\n<td><span>Moteur<\/span><\/td>\n<td>Subaru EH 65<\/td>\n<\/tr>\n<tr class=\"even\">\n<td><span>HP \/ CC<\/span><\/td>\n<td><span>653 cm3 22 ch<\/span><\/td>\n<\/tr>\n<tr class=\"odd\">\n<td><span>Puissance kw \/ kva<\/span><\/td>\n<td><span>9,6 kW &#8211; 12 pieds carr\u00e9s<\/span><\/td>\n<\/tr>\n<tr class=\"even\">\n<td><span>poids (kg)<\/span><\/td>\n<td>185<\/td>\n<\/tr>\n<tr class=\"odd\">\n<td><span>d\u00e9but<\/span><\/td>\n<td><span>\u00e9lectrique<\/span><\/td>\n<\/tr>\n<tr class=\"even\">\n<td><span>Pouvez.\u00a0Acoustique<\/span><\/td>\n<td><span>97 dbA<\/span><\/td>\n<\/tr>\n<tr class=\"odd\">\n<td><span>Pouvez.\u00a0max.<\/span><\/td>\n<td><span>13,5kva<\/span><\/td>\n<\/tr>\n<tr class=\"even\">\n<td><span>Consommation<\/span><\/td>\n<td>6,8 l\/h<\/td>\n<\/tr>\n<tr class=\"odd\">\n<td><span>Autonomie<\/span><\/td>\n<td><span>10h<\/span><\/td>\n<\/tr>\n<tr class=\"even\">\n<td>Dim. (LxAnxAl)<\/td>\n<td><span>860 x 795 x 840<\/span><\/td>\n<\/tr>\n<\/tbody>\n<\/table>\n<\/div>\n","protected":false},"excerpt":{"rendered":"<p>G\u00e9n\u00e9rateur \u00e0 essence triphas\u00e9 Benza TRS 12000 avec moteur Subaru EH65<\/p>\n<p>\u25ba Puissance 9,6 Kw \/ 12 Kva<\/p>\n<p>\u25ba D\u00e9marrage \u00e9lectrique<\/p>\n<p>\u25ba R\u00e9servoir de carburant de 50 litres.<\/p>\n","protected":false},"featured_media":1088,"template":"","meta":[],"brands":[{"id":50,"name":"BENZA","slug":"benza"}],"_links":{"self":[{"href":"https:\/\/www.le-professionnel.com\/index.php?rest_route=\/wp\/v2\/product\/1093"}],"collection":[{"href":"https:\/\/www.le-professionnel.com\/index.php?rest_route=\/wp\/v2\/product"}],"about":[{"href":"https:\/\/www.le-professionnel.com\/index.php?rest_route=\/wp\/v2\/types\/product"}],"version-history":[{"count":4,"href":"https:\/\/www.le-professionnel.com\/index.php?rest_route=\/wp\/v2\/product\/1093\/revisions"}],"predecessor-version":[{"id":1098,"href":"https:\/\/www.le-professionnel.com\/index.php?rest_route=\/wp\/v2\/product\/1093\/revisions\/1098"}],"wp:featuredmedia":[{"embeddable":true,"href":"https:\/\/www.le-professionnel.com\/index.php?rest_route=\/wp\/v2\/media\/1088"}],"wp:attachment":[{"href":"https:\/\/www.le-professionnel.com\/index.php?rest_route=%2Fwp%2Fv2%2Fmedia&parent=1093"}],"curies":[{"name":"wp","href":"https:\/\/api.w.org\/{rel}","templated":true}]}}