{"id":1064,"date":"2020-09-14T10:16:41","date_gmt":"2020-09-14T10:16:41","guid":{"rendered":"http:\/\/www.le-professionnel.com\/?post_type=product&#038;p=1064"},"modified":"2020-09-14T10:20:36","modified_gmt":"2020-09-14T10:20:36","slug":"generateur-e7000","status":"publish","type":"product","link":"https:\/\/www.le-professionnel.com\/?product=generateur-e7000","title":{"rendered":"G\u00e9n\u00e9rateur E7000"},"content":{"rendered":"<p>Groupe \u00e9lectrog\u00e8ne essence monophas\u00e9 \u00e0 usage professionnel de 7,0 Kvas, se distinguant par ses performances \u00e9lev\u00e9es gr\u00e2ce \u00e0 la puissance d\u00e9velopp\u00e9e par le moteur essence Subaru EX40 14 CV.\u00a0Id\u00e9al pour alimenter \u00e9lectriquement les outils \u00e0 fort amp\u00e9rage au d\u00e9marrage, tels que les compresseurs, les nettoyeurs haute pression ou m\u00eame les cong\u00e9lateurs.<\/p>\n<ul>\n<li>Groupe \u00e9lectrog\u00e8ne monophas\u00e9 professionnel 7.0 Kvas, facile \u00e0 manipuler et \u00e0 transporter.<\/li>\n<li>Moteur essence 4 temps Subaru EX40 d&rsquo;une puissance de 14 CV.<\/li>\n<li>D\u00e9marrage manuel.<\/li>\n<li>G\u00e9n\u00e9rateur de ch\u00e2ssis robuste en acier de 35 mm renforc\u00e9. diam\u00e8tre.<\/li>\n<li>L&rsquo;ensemble moteur et alternateur est prot\u00e9g\u00e9 par des panneaux renforc\u00e9s.<\/li>\n<li>Alternateur monophas\u00e9 Soga de 7,0 Kvas, avec un standard d&rsquo;isolation contre la poussi\u00e8re et les projections d&rsquo;eau (IP23).<\/li>\n<li>Le g\u00e9n\u00e9rateur est \u00e9quip\u00e9 d&rsquo;un diff\u00e9rentiel comme protection contre les contacts \u00e9lectriques indirects.<\/li>\n<li>G\u00e9n\u00e9rateur avec roues en caoutchouc solide pour un transport facile.<\/li>\n<li>Garantie de 3 ans.<\/li>\n<li>R\u00e9servoir de carburant de 7 litres.<\/li>\n<\/ul>\n<p><strong>Ce mod\u00e8le de g\u00e9n\u00e9rateur 7 Kvas est \u00e9galement disponible:<\/strong><\/p>\n<ul>\n<li>G\u00e9n\u00e9rateur avec d\u00e9marrage \u00e9lectrique<\/li>\n<li>G\u00e9n\u00e9rateur avec r\u00e9servoir de carburant suppl\u00e9mentaire de 27 litres et d\u00e9marrage manuel<\/li>\n<li>G\u00e9n\u00e9ratrice avec r\u00e9servoir de carburant suppl\u00e9mentaire de 27 litres et d\u00e9marrage \u00e9lectrique<\/li>\n<\/ul>\n<table class=\"table-data-sheet\">\n<tbody>\n<tr class=\"odd\">\n<td>Moteur<\/td>\n<td>Subaru EX 40<\/td>\n<\/tr>\n<tr class=\"even\">\n<td>HP \/ CC<\/td>\n<td>404 cm3 14 ch<\/td>\n<\/tr>\n<tr class=\"odd\">\n<td>Puissance kw \/ kva<\/td>\n<td>5,6 kW &#8211; 7 kV<\/td>\n<\/tr>\n<tr class=\"even\">\n<td>d\u00e9but<\/td>\n<td>Manuel<\/td>\n<\/tr>\n<tr class=\"odd\">\n<td>Pouvez.\u00a0Acoustique<\/td>\n<td>97 dbA<\/td>\n<\/tr>\n<tr class=\"even\">\n<td>Pouvez.\u00a0max.<\/td>\n<td>7,7 kva<\/td>\n<\/tr>\n<tr class=\"odd\">\n<td>Consommation<\/td>\n<td>4,2 l\/h<\/td>\n<\/tr>\n<tr class=\"even\">\n<td>Intensit\u00e9 de courant<\/td>\n<td>30 A<\/td>\n<\/tr>\n<tr class=\"odd\">\n<td>Autonomie<\/td>\n<td>3 h 30<\/td>\n<\/tr>\n<tr class=\"even\">\n<td>Dim. (LxAnxAl)<\/td>\n<td>820 x 705 x 640<\/td>\n<\/tr>\n<\/tbody>\n<\/table>\n","protected":false},"excerpt":{"rendered":"<p>Groupe \u00e9lectrog\u00e8ne essence monophas\u00e9 Benza E 7000 avec moteur Subaru EX40<\/p>\n<p>\u25ba Puissance 5,6 Kw \/ 7 Kva<\/p>\n<p>\u25ba D\u00e9marrage manuel<\/p>\n","protected":false},"featured_media":1066,"template":"","meta":[],"brands":[{"id":50,"name":"BENZA","slug":"benza"}],"_links":{"self":[{"href":"https:\/\/www.le-professionnel.com\/index.php?rest_route=\/wp\/v2\/product\/1064"}],"collection":[{"href":"https:\/\/www.le-professionnel.com\/index.php?rest_route=\/wp\/v2\/product"}],"about":[{"href":"https:\/\/www.le-professionnel.com\/index.php?rest_route=\/wp\/v2\/types\/product"}],"version-history":[{"count":5,"href":"https:\/\/www.le-professionnel.com\/index.php?rest_route=\/wp\/v2\/product\/1064\/revisions"}],"predecessor-version":[{"id":1070,"href":"https:\/\/www.le-professionnel.com\/index.php?rest_route=\/wp\/v2\/product\/1064\/revisions\/1070"}],"wp:featuredmedia":[{"embeddable":true,"href":"https:\/\/www.le-professionnel.com\/index.php?rest_route=\/wp\/v2\/media\/1066"}],"wp:attachment":[{"href":"https:\/\/www.le-professionnel.com\/index.php?rest_route=%2Fwp%2Fv2%2Fmedia&parent=1064"}],"curies":[{"name":"wp","href":"https:\/\/api.w.org\/{rel}","templated":true}]}}