{"id":1060,"date":"2020-09-14T09:34:51","date_gmt":"2020-09-14T09:34:51","guid":{"rendered":"http:\/\/www.le-professionnel.com\/?post_type=product&#038;p=1060"},"modified":"2020-09-14T10:21:42","modified_gmt":"2020-09-14T10:21:42","slug":"generateur-e-6000","status":"publish","type":"product","link":"https:\/\/www.le-professionnel.com\/?product=generateur-e-6000","title":{"rendered":"G\u00e9n\u00e9rateur E 6000"},"content":{"rendered":"<p>Groupe \u00e9lectrog\u00e8ne monophas\u00e9 \u00e0 usage professionnel de 6,0 Kvas, qui se distingue par ses performances \u00e9lev\u00e9es gr\u00e2ce \u00e0 la puissance d\u00e9velopp\u00e9e par le moteur essence Subaru EX40 14 CV.\u00a0Id\u00e9al pour alimenter \u00e9lectriquement les outils \u00e0 fort amp\u00e9rage au d\u00e9marrage, tels que les compresseurs, les nettoyeurs haute pression ou m\u00eame les cong\u00e9lateurs.<\/p>\n<ul>\n<li>Groupe \u00e9lectrog\u00e8ne monophas\u00e9 professionnel 6,0 Kvas, facile \u00e0 utiliser et \u00e0 transporter.<\/li>\n<li>Moteur essence 4 temps Subaru EX40 d&rsquo;une puissance de 14 CV.<\/li>\n<li>D\u00e9marrage manuel.<\/li>\n<li>G\u00e9n\u00e9rateur de ch\u00e2ssis robuste en acier de 35 mm renforc\u00e9. diam\u00e8tre.<\/li>\n<li>L&rsquo;ensemble moteur et alternateur est prot\u00e9g\u00e9 par des panneaux renforc\u00e9s.<\/li>\n<li>Alternateur monophas\u00e9 Soga de 6,0 Kvas, avec une norme d&rsquo;isolation contre la poussi\u00e8re et les projections d&rsquo;eau (IP23).<\/li>\n<li>Le g\u00e9n\u00e9rateur est \u00e9quip\u00e9 d&rsquo;un diff\u00e9rentiel comme protection contre les contacts \u00e9lectriques indirects.<\/li>\n<li>G\u00e9n\u00e9rateur avec roues en caoutchouc solide pour un transport facile.<\/li>\n<li>Garantie de 3 ans.<\/li>\n<li>R\u00e9servoir de carburant de 7 litres.<\/li>\n<\/ul>\n<p>Ce mod\u00e8le de g\u00e9n\u00e9rateur est \u00e9galement disponible avec diff\u00e9rentes capacit\u00e9s de r\u00e9servoir de carburant, d\u00e9marrage manuel ou \u00e9lectrique, et avec AVR.<\/p>\n<ul>\n<li><strong>\u2022 G\u00e9n\u00e9rateur avec d\u00e9marrage \u00e9lectrique<\/strong><\/li>\n<li>R\u00e9servoir 7 litres<\/li>\n<li>R\u00e9servoir 27 litres<\/li>\n<li>Avec alternateur AVR<\/li>\n<li><strong>\u2022 G\u00e9n\u00e9rateur avec d\u00e9marrage manuel<\/strong><\/li>\n<li>R\u00e9servoir 7 litres<\/li>\n<li>R\u00e9servoir 27 litres<\/li>\n<li>Avec alternateur AVR<\/li>\n<\/ul>\n<p><strong>G\u00e9n\u00e9rateur avec AVR:\u00a0<\/strong>\u00a0Si vous souhaitez utiliser le g\u00e9n\u00e9rateur avec des appareils qui int\u00e8grent des cartes \u00e9lectroniques, tels que des ordinateurs, une t\u00e9l\u00e9vision, etc.\u00a0Il est indispensable d&rsquo;acheter un mod\u00e8le avec alternateur avec AVR (Automatic Voltage Regulator), qui garantit une alimentation de haute pr\u00e9cision sans pics.<\/p>\n<table class=\"table-data-sheet\">\n<tbody>\n<tr class=\"odd\">\n<td>Moteur<\/td>\n<td>Subaru EX 40<\/td>\n<\/tr>\n<tr class=\"even\">\n<td>HP \/ CC<\/td>\n<td>404 cm3 14 ch<\/td>\n<\/tr>\n<tr class=\"odd\">\n<td>Puissance kw \/ kva<\/td>\n<td>4,8 kW &#8211; 6 kV<\/td>\n<\/tr>\n<tr class=\"even\">\n<td>d\u00e9but<\/td>\n<td>Manuel (E6000) \/ \u00c9lectrique (ES6000)<\/td>\n<\/tr>\n<tr class=\"odd\">\n<td>Pouvez.\u00a0Acoustique<\/td>\n<td>97 dbA<\/td>\n<\/tr>\n<tr class=\"even\">\n<td>Pouvez.\u00a0max.<\/td>\n<td>6,6 kva<\/td>\n<\/tr>\n<tr class=\"odd\">\n<td>Consommation<\/td>\n<td>4,2 l\/h<\/td>\n<\/tr>\n<tr class=\"even\">\n<td>Intensit\u00e9 de courant<\/td>\n<td>26 A<\/td>\n<\/tr>\n<tr class=\"odd\">\n<td>Autonomie<\/td>\n<td>3 h 30<\/td>\n<\/tr>\n<tr class=\"even\">\n<td>Dim. (LxAnxAl)<\/td>\n<td>815x695x640 millim\u00e8tre<\/td>\n<\/tr>\n<\/tbody>\n<\/table>\n","protected":false},"excerpt":{"rendered":"<p><strong>G\u00e9n\u00e9rateur essence\u00a0<\/strong>\u00a0monophas\u00e9 Benza E 6000 avec moteur Subaru EX40<\/p>\n<p>\u25ba Puissance 4,8 Kw \/ 6 Kva<\/p>\n<p>\u25ba D\u00e9marrage manuel<\/p>\n","protected":false},"featured_media":1061,"template":"","meta":[],"brands":[{"id":50,"name":"BENZA","slug":"benza"}],"_links":{"self":[{"href":"https:\/\/www.le-professionnel.com\/index.php?rest_route=\/wp\/v2\/product\/1060"}],"collection":[{"href":"https:\/\/www.le-professionnel.com\/index.php?rest_route=\/wp\/v2\/product"}],"about":[{"href":"https:\/\/www.le-professionnel.com\/index.php?rest_route=\/wp\/v2\/types\/product"}],"version-history":[{"count":2,"href":"https:\/\/www.le-professionnel.com\/index.php?rest_route=\/wp\/v2\/product\/1060\/revisions"}],"predecessor-version":[{"id":1063,"href":"https:\/\/www.le-professionnel.com\/index.php?rest_route=\/wp\/v2\/product\/1060\/revisions\/1063"}],"wp:featuredmedia":[{"embeddable":true,"href":"https:\/\/www.le-professionnel.com\/index.php?rest_route=\/wp\/v2\/media\/1061"}],"wp:attachment":[{"href":"https:\/\/www.le-professionnel.com\/index.php?rest_route=%2Fwp%2Fv2%2Fmedia&parent=1060"}],"curies":[{"name":"wp","href":"https:\/\/api.w.org\/{rel}","templated":true}]}}