{"id":1040,"date":"2020-09-14T08:39:34","date_gmt":"2020-09-14T08:39:34","guid":{"rendered":"http:\/\/www.le-professionnel.com\/?post_type=product&#038;p=1040"},"modified":"2020-09-14T14:36:42","modified_gmt":"2020-09-14T14:36:42","slug":"generateur-e-4200","status":"publish","type":"product","link":"https:\/\/www.le-professionnel.com\/?product=generateur-e-4200","title":{"rendered":"G\u00e9n\u00e9rateur E 4200"},"content":{"rendered":"<p>Les g\u00e9n\u00e9rateurs \u00e0 essence monophas\u00e9s Benza E4200 sont des g\u00e9n\u00e9rateurs professionnels.<\/p>\n<ul>\n<li>Groupe \u00e9lectrog\u00e8ne monophas\u00e9 professionnel de 4,0 Kvas, facile \u00e0 manipuler et \u00e0 transporter.<\/li>\n<li>Moteur essence quatre temps Subaru EX21 d&rsquo;une puissance de 7,0 ch.<\/li>\n<li>G\u00e9n\u00e9rateur compact et silencieux.<\/li>\n<li>D\u00e9marrage manuel<\/li>\n<li>G\u00e9n\u00e9rateur de ch\u00e2ssis robuste en acier renforc\u00e9 de 35 mm.\u00a0diam\u00e8tre.<\/li>\n<li>L&rsquo;ensemble moteur et alternateur est prot\u00e9g\u00e9 par des panneaux renforc\u00e9s.<\/li>\n<li>Alternateur monophas\u00e9 Soga 4.0 Kvas, avec une norme d&rsquo;isolation contre la poussi\u00e8re et les projections d&rsquo;eau (IP23).<\/li>\n<li>Il dispose de 2 prises \u00e9lectriques, parfaites pour alimenter \u00e9lectriquement une grande vari\u00e9t\u00e9 d&rsquo;\u00e9quipements et d&rsquo;outils en m\u00eame temps.<\/li>\n<li>Le g\u00e9n\u00e9rateur est \u00e9quip\u00e9 d&rsquo;un diff\u00e9rentiel comme protection contre les contacts \u00e9lectriques indirects.<\/li>\n<li>G\u00e9n\u00e9rateur avec roues en caoutchouc solide pour un transport facile.<\/li>\n<li>Garantie de 3 ans.<\/li>\n<li>Capacit\u00e9 du r\u00e9servoir de carburant de 3,6 litres.<\/li>\n<\/ul>\n<p>Ce mod\u00e8le de g\u00e9n\u00e9rateur est \u00e9galement disponible avec d\u00e9marrage \u00e9lectrique<\/p>\n<p><strong>Compl\u00e9ments optionnels<\/strong>\u00a0(*):<\/p>\n<ul>\n<li>Alternateur avec AVR (Automatic Voltage Regulator): il garantit une alimentation \u00e9lectrique de haute pr\u00e9cision sans pointes, ce qui est indispensable lorsque vous devez connecter des appareils int\u00e9grant des cartes \u00e9lectroniques, tels que des ordinateurs, des t\u00e9l\u00e9visions, etc. au g\u00e9n\u00e9rateur.<\/li>\n<li>Pointe de mise \u00e0 la terre: \u00e9vite d&rsquo;\u00e9ventuels chocs \u00e9lectriques pour l&rsquo;op\u00e9rateur.<\/li>\n<\/ul>\n","protected":false},"excerpt":{"rendered":"<p><strong>\u00a0<\/strong>Groupe\u00a0<strong>\u00e9lectrog\u00e8ne essence monophas\u00e9<\/strong>\u00a0Benza E4200<\/p>\n<p>\u25ba Moteur Subaru EX21<\/p>\n<p>\u25ba Puissance: 3,2 Kw \/ 4,2 Kva<\/p>\n<p>\u25ba D\u00e9marrage manuel<\/p>\n","protected":false},"featured_media":1044,"template":"","meta":[],"brands":[{"id":50,"name":"BENZA","slug":"benza"}],"_links":{"self":[{"href":"https:\/\/www.le-professionnel.com\/index.php?rest_route=\/wp\/v2\/product\/1040"}],"collection":[{"href":"https:\/\/www.le-professionnel.com\/index.php?rest_route=\/wp\/v2\/product"}],"about":[{"href":"https:\/\/www.le-professionnel.com\/index.php?rest_route=\/wp\/v2\/types\/product"}],"version-history":[{"count":2,"href":"https:\/\/www.le-professionnel.com\/index.php?rest_route=\/wp\/v2\/product\/1040\/revisions"}],"predecessor-version":[{"id":1095,"href":"https:\/\/www.le-professionnel.com\/index.php?rest_route=\/wp\/v2\/product\/1040\/revisions\/1095"}],"wp:featuredmedia":[{"embeddable":true,"href":"https:\/\/www.le-professionnel.com\/index.php?rest_route=\/wp\/v2\/media\/1044"}],"wp:attachment":[{"href":"https:\/\/www.le-professionnel.com\/index.php?rest_route=%2Fwp%2Fv2%2Fmedia&parent=1040"}],"curies":[{"name":"wp","href":"https:\/\/api.w.org\/{rel}","templated":true}]}}