{"id":3139,"date":"2021-01-19T20:49:48","date_gmt":"2021-01-19T20:49:48","guid":{"rendered":"http:\/\/www.le-professionnel.com\/?post_type=product&#038;p=3139"},"modified":"2021-01-19T20:49:55","modified_gmt":"2021-01-19T20:49:55","slug":"cisaille-electrique-gq40-50-60","status":"publish","type":"product","link":"http:\/\/www.le-professionnel.com\/?product=cisaille-electrique-gq40-50-60","title":{"rendered":"Cisaille \u00e9lectrique GQ40-50-60"},"content":{"rendered":"<table class=\"table_100 ke-zeroborder\" cellspacing=\"1\" cellpadding=\"1\">\n<tbody>\n<tr>\n<td><span>Mod\u00e8le<\/span><\/td>\n<td><span>GQ40 (avec embrayage)<\/span><\/td>\n<td><span>GQ50 (avec embrayage)<\/span><\/td>\n<td><span>\u3000 GQ60 (avec embrayage)<\/span><\/td>\n<\/tr>\n<tr>\n<td><span>Couper le diam\u00e8tre des barres d&rsquo;armature (acier au carbone ordinaire)<\/span><\/td>\n<td><span>\u0424 6-40 mm<\/span><\/td>\n<td><span>\u0424 6-50 mm<\/span><\/td>\n<td><span>\u3000 \u0424 6-60 mm<\/span><\/td>\n<\/tr>\n<tr>\n<td><span>Diam\u00e8tre des barres d&rsquo;armature filet\u00e9es de cat\u00e9gorie II<\/span><\/td>\n<td><span>\u0424 6-32 mm<\/span><\/td>\n<td><span>\u3000 \u0424 6-42 mm<\/span><\/td>\n<td><span>\u3000 \u0424 6-50 mm<\/span><\/td>\n<\/tr>\n<tr>\n<td><span>Acier plat Max.\u00a0Diam\u00e8tre<\/span><\/td>\n<td><span>70 \u00d7 15 mm<\/span><\/td>\n<td><span>80 \u00d7 18 mm<\/span><\/td>\n<td><span>\u3000 90x28mm<\/span><\/td>\n<\/tr>\n<tr>\n<td><span>Couper Carr\u00e9 Acier Max.\u00a0Sp\u00e9cification (Q235A)<\/span><\/td>\n<td><span>32 \u00d7 32 mm<\/span><\/td>\n<td><span>40 \u00d7 40 mm<\/span><\/td>\n<td><span>\u3000 50 \u00d7 50 mm<\/span><\/td>\n<\/tr>\n<tr>\n<td><span>Angle en acier Max.\u00a0Caract\u00e9ristiques<\/span><\/td>\n<td><span>50 \u00d7 50 mm<\/span><\/td>\n<td><span>63x63mm<\/span><\/td>\n<td><span>\u3000 73 \u00d7 73 mm<\/span><\/td>\n<\/tr>\n<tr>\n<td><span>Vitesse de coupe<\/span><\/td>\n<td><span>32 t \/ min<\/span><\/td>\n<td><span>28 t \/ min<\/span><\/td>\n<td><span>\u3000 28 t \/ min<\/span><\/td>\n<\/tr>\n<tr>\n<td><span>Mod\u00e8le de moteur<\/span><\/td>\n<td><span>Y100L-2 3KW<\/span><\/td>\n<td><span>Y112M-2 4KW<\/span><\/td>\n<td><span>\u3000 Y112M-2 5,5KW<\/span><\/td>\n<\/tr>\n<tr>\n<td><span>Tension \/ vitesse<\/span><\/td>\n<td><span>380V 2800 tr \/ min<\/span><\/td>\n<td><span>380V 2800 tr \/ min<\/span><\/td>\n<td><span>\u3000 380V 2800 tr \/ min<\/span><\/td>\n<\/tr>\n<tr>\n<td><span>Dimension<\/span><\/td>\n<td><span>1190 \u00d7 450 \u00d7 680 (millim\u00e8tre)<\/span><\/td>\n<td><span>1280 \u00d7 480 \u00d7 720 mm<\/span><\/td>\n<td><span>\u3000 1380 \u00d7 580 \u00d7 820 mm<\/span><\/td>\n<\/tr>\n<tr>\n<td><span>Poids net<\/span><\/td>\n<td><span>360 kg<\/span><\/td>\n<td><span>560 kg<\/span><\/td>\n<td><span>\u3000 890 kg<\/span><\/td>\n<\/tr>\n<tr>\n<td><span>Poids brut<\/span><\/td>\n<td><span>415 kg<\/span><\/td>\n<td><span>585 kg<\/span><\/td>\n<td><span>\u3000 920 kg<\/span><\/td>\n<\/tr>\n<tr>\n<td><span>Taille d&#8217;emballage<\/span><\/td>\n<td><span>1270 \u00d7 490 \u00d7 820 mm<\/span><\/td>\n<td><span>1470 \u00d7 560 \u00d7 1010 mm<\/span><\/td>\n<td><span>\u3000 1570x700x1110mm<\/span><\/td>\n<\/tr>\n<\/tbody>\n<\/table>\n<div class=\"clear\"><\/div>\n<p><strong><span>I. Capacit\u00e9 de coupe<\/span><\/strong><\/p>\n<table class=\"table_100 ke-zeroborder\" cellspacing=\"1\" cellpadding=\"1\">\n<tbody>\n<tr>\n<td><span>Acier<\/span><\/td>\n<td><span>Image<\/span><\/td>\n<td><span>GQ40<\/span><\/td>\n<td><span>GQ50<\/span><\/td>\n<\/tr>\n<tr>\n<td><span>(Acier rond) R.45kg \/ mm\u00a0<\/span><sup><span>2<\/span><\/sup><span>\u00a0450N \/ mm\u00a0<\/span><sup><span>2<\/span><\/sup><\/td>\n<td><img src=\"http:\/\/www.acemachinery.cn\/uploads\/allimg\/150630\/0U14933Q-0.jpg\" alt=\"\" \/><\/td>\n<td><span>\u03a66 \u00e0 40 mm<\/span><\/td>\n<td><span>\u03a66 \u00e0 50 mm<\/span><\/td>\n<\/tr>\n<tr>\n<td><span>Barres d&rsquo;acier d\u00e9form\u00e9es de cat\u00e9gorie II<\/span><\/td>\n<td><img src=\"http:\/\/www.acemachinery.cn\/uploads\/allimg\/150630\/0U14a054-1.jpg\" alt=\"\" \/><\/td>\n<td><span>\u03a632 mm<\/span><\/td>\n<td><span>\u03a636 mm<\/span><\/td>\n<\/tr>\n<tr>\n<td><span>Acier plat<\/span><\/td>\n<td><img src=\"http:\/\/www.acemachinery.cn\/uploads\/allimg\/150630\/0U1494150-2.jpg\" alt=\"\" \/><\/td>\n<td><span>\u03a670 \u00d7 15 mm<\/span><\/td>\n<td><span>\u03a680 \u00d7 15 mm<\/span><\/td>\n<\/tr>\n<tr>\n<td><span>Acier carr\u00e9<\/span><\/td>\n<td><img src=\"http:\/\/www.acemachinery.cn\/uploads\/allimg\/150630\/0U1492N0-3.jpg\" alt=\"\" \/><\/td>\n<td><span>(Q235A) \u03a6 32 \u00d7 32 mm<\/span><\/td>\n<td><span>(Q235A)<\/span><br \/>\n<span>\u03a6 36 \u00d7 36 mm<\/span><\/td>\n<\/tr>\n<tr>\n<td><span>Acier de canal<\/span><\/td>\n<td><img src=\"http:\/\/www.acemachinery.cn\/uploads\/allimg\/150630\/0U14a5U-4.jpg\" alt=\"\" \/><\/td>\n<td><span>50 \u00d7 50 mm<\/span><\/td>\n<td><span>63 \u00d7 63 mm<\/span><\/td>\n<\/tr>\n<\/tbody>\n<\/table>\n","protected":false},"excerpt":{"rendered":"<p><strong><span>Composants<\/span><\/strong><br \/>\n<span>1. Mod\u00e8le de moteur (GQ50): Y112M-2 4kw<\/span><br \/>\n<span>2. Mod\u00e8le de moteur (GQ40): Y100L-2 3kw<\/span><br \/>\n<span>3. Engrenage: acier moul\u00e9<\/span><br \/>\n<span>Remarque: Les pi\u00e8ces de machine \u00e9num\u00e9r\u00e9es ci-dessus b\u00e9n\u00e9ficient d&rsquo;une garantie d&rsquo;un an.<\/span><br \/>\n<span>4. Engrenage central: acier moul\u00e9<\/span><br \/>\n<span>5. Vilebrequin: acier moul\u00e9<\/span><br \/>\n<span>6. Arbre 1, arbre 2, arbre 3: acier C45<\/span><br \/>\n<span>7. Tige de connexion: acier moul\u00e9<\/span><br \/>\n<span>Remarque: Les articles \u00e9num\u00e9r\u00e9s entre la premi\u00e8re et la deuxi\u00e8me note sont garantis six mois .<\/span><br \/>\n<span>8. Lame: acier moul\u00e9<\/span><br \/>\n<span>9. Bo\u00eetier moteur: fonte ductile<\/span><\/p>\n<p><span>Tous les composants principaux ont subi le traitement thermique, la trempe, le revenu ou le chauffage \u00e0 haute fr\u00e9quence requis.<\/span><\/p>\n","protected":false},"featured_media":3138,"template":"","meta":[],"brands":[],"_links":{"self":[{"href":"http:\/\/www.le-professionnel.com\/index.php?rest_route=\/wp\/v2\/product\/3139"}],"collection":[{"href":"http:\/\/www.le-professionnel.com\/index.php?rest_route=\/wp\/v2\/product"}],"about":[{"href":"http:\/\/www.le-professionnel.com\/index.php?rest_route=\/wp\/v2\/types\/product"}],"version-history":[{"count":2,"href":"http:\/\/www.le-professionnel.com\/index.php?rest_route=\/wp\/v2\/product\/3139\/revisions"}],"predecessor-version":[{"id":3142,"href":"http:\/\/www.le-professionnel.com\/index.php?rest_route=\/wp\/v2\/product\/3139\/revisions\/3142"}],"wp:featuredmedia":[{"embeddable":true,"href":"http:\/\/www.le-professionnel.com\/index.php?rest_route=\/wp\/v2\/media\/3138"}],"wp:attachment":[{"href":"http:\/\/www.le-professionnel.com\/index.php?rest_route=%2Fwp%2Fv2%2Fmedia&parent=3139"}],"curies":[{"name":"wp","href":"https:\/\/api.w.org\/{rel}","templated":true}]}}