{"id":2742,"date":"2021-01-09T11:20:15","date_gmt":"2021-01-09T11:20:15","guid":{"rendered":"http:\/\/www.le-professionnel.com\/?post_type=product&#038;p=2742"},"modified":"2025-01-22T12:47:32","modified_gmt":"2025-01-22T12:47:32","slug":"superior-plasma-70","status":"publish","type":"product","link":"http:\/\/www.le-professionnel.com\/?product=superior-plasma-70","title":{"rendered":"SUPERIOR PLASMA 70"},"content":{"rendered":"<div class=\"text\">Syst\u00e8me inverter, de d\u00e9coupage au plasma \u00e0 air comprim\u00e9 avec amor\u00e7age de l&rsquo;arc pilote \u00e0 contact.<br \/>\nPermet le d\u00e9coupage rapide et sans d\u00e9formations, le d\u00e9coupage sur grillage et le d\u00e9cricage de tous les mat\u00e9riaux conducteurs tels que acier, acier inox, acier galvanis\u00e9, aluminium, cuivre, laiton, etc.<br \/>\nPossibilit\u00e9 d&rsquo;interface avec des syst\u00e8mes de d\u00e9coupage automatis\u00e9s.<br \/>\nCaract\u00e9ristiques:<br \/>\n&#8211; facile \u00e0 transporter ;<br \/>\n&#8211; tr\u00e8s haute stabilit\u00e9 du courant de d\u00e9coupage ;<br \/>\n&#8211; tableau num\u00e9rique facile \u00e0 lire et \u00e0 r\u00e9gler ;<br \/>\n&#8211; commande \u00e0 distance ;<br \/>\n&#8211; protections thermostatique, survoltage, sous-voltage, surcourant, court-circuit en torche, absence de phase et d&rsquo;air.<br \/>\nFourni avec torche.<\/div>\n<div class=\"obj\"><span class=\"img\"><img title=\"3 PH 230V-400V\" src=\"https:\/\/www.telwin.com\/webtelwin\/telwinimg.nsf\/TelWinImg\/IM2390\/$FILE\/IM2390.png?OpenElement\" alt=\"3 PH 230V-400V\" \/><\/span><span class=\"nome\">3 PH 230V-400V<\/span><\/div>\n<div class=\"obj\"><span class=\"img\"><img title=\"AMOR\u00c7AGE \u00c0 CONTACT\" src=\"https:\/\/www.telwin.com\/webtelwin\/telwinimg.nsf\/TelWinImg\/IM2750\/$FILE\/IM2750.png?OpenElement\" alt=\"AMOR\u00c7AGE \u00c0 CONTACT\" \/><\/span><span class=\"nome\">AMOR\u00c7AGE \u00c0 CONTACT<\/span><\/div>\n<div class=\"obj\"><span class=\"img\"><img title=\"INVERTER\" src=\"https:\/\/www.telwin.com\/webtelwin\/telwinimg.nsf\/TelWinImg\/IM1210\/$FILE\/IM1210.png?OpenElement\" alt=\"INVERTER\" \/><\/span><span class=\"nome\">INVERTER<\/span><\/div>\n<div class=\"obj\"><span class=\"img\"><img title=\"MARQUAGE CE\" src=\"https:\/\/www.telwin.com\/webtelwin\/telwinimg.nsf\/TelWinImg\/IM2700\/$FILE\/IM2700.png?OpenElement\" alt=\"MARQUAGE CE\" \/><\/span><span class=\"nome\">MARQUAGE CE<\/span><\/div>\n","protected":false},"excerpt":{"rendered":"<div class=\"obj\"><span class=\"img\"><img title=\"\" src=\"https:\/\/www.telwin.com\/webtelwin\/telwinimg.nsf\/TelWinImg\/IM0009\/$FILE\/IM0009.png?OpenElement\" alt=\"\" \/><\/span><span class=\"nome\">CODE<\/span><span class=\"code\">816170<\/span><\/div>\n<div class=\"obj\"><span class=\"img\"><img title=\"\" src=\"https:\/\/www.telwin.com\/webtelwin\/telwinimg.nsf\/TelWinImg\/IM0030\/$FILE\/IM0030.png?OpenElement\" alt=\"\" \/><\/span><span class=\"nome\">FACTEUR DE PUISSANCE (cosphi)<\/span><span class=\"code\">0,9<\/span><\/div>\n<div class=\"obj\"><span class=\"img\"><img title=\"\" src=\"https:\/\/www.telwin.com\/webtelwin\/telwinimg.nsf\/TelWinImg\/IM0151\/$FILE\/IM0151.png?OpenElement\" alt=\"\" \/><\/span><span class=\"nome\">TENSION DE RESEAU TRIPHASEE<\/span><span class=\"code\">230 \/ 400 V<\/span><\/div>\n<div class=\"obj\"><span class=\"img\"><img title=\"\" src=\"https:\/\/www.telwin.com\/webtelwin\/telwinimg.nsf\/TelWinImg\/IM0061\/$FILE\/IM0061.png?OpenElement\" alt=\"\" \/><\/span><span class=\"nome\">EPAISSEUR DE DECOUPAGE MAX<\/span><span class=\"code\">30 mm<\/span><\/div>\n<div class=\"obj\"><span class=\"img\"><img title=\"\" src=\"https:\/\/www.telwin.com\/webtelwin\/telwinimg.nsf\/TelWinImg\/IM0140\/$FILE\/IM0140.png?OpenElement\" alt=\"\" \/><\/span><span class=\"nome\">FREQUENCE DU RESEAU<\/span><span class=\"code\">50 \/ 60 Hz<\/span><\/div>\n<div class=\"obj\"><span class=\"img\"><img title=\"\" src=\"https:\/\/www.telwin.com\/webtelwin\/telwinimg.nsf\/TelWinImg\/IM0062\/$FILE\/IM0062.png?OpenElement\" alt=\"\" \/><\/span><span class=\"nome\">DEBIT AIRE COMRIME<\/span><span class=\"code\">200 l\/min<\/span><\/div>\n<div class=\"obj\"><span class=\"img\"><img title=\"\" src=\"https:\/\/www.telwin.com\/webtelwin\/telwinimg.nsf\/TelWinImg\/IM0013\/$FILE\/IM0013.png?OpenElement\" alt=\"\" \/><\/span><span class=\"nome\">PLAGE DE REGLAGE<\/span><span class=\"code\">20 &#8211; 50 \/ 20 &#8211; 70 A<\/span><\/div>\n<div class=\"obj\"><span class=\"img\"><img title=\"\" src=\"https:\/\/www.telwin.com\/webtelwin\/telwinimg.nsf\/TelWinImg\/IM0063\/$FILE\/IM0063.png?OpenElement\" alt=\"\" \/><\/span><span class=\"nome\">PRESSION AIR COMPRIME<\/span><span class=\"code\">4 &#8211; 5 bar<\/span><\/div>\n<div class=\"obj\"><span class=\"img\"><img title=\"\" src=\"https:\/\/www.telwin.com\/webtelwin\/telwinimg.nsf\/TelWinImg\/IM0017\/$FILE\/IM0017.png?OpenElement\" alt=\"\" \/><\/span><span class=\"nome\">COURANT MAX (EN 60974-1)<\/span><span class=\"code\">50 @ 35% \/ 70 @ 30% A<\/span><\/div>\n<div class=\"obj\"><span class=\"img\"><img title=\"\" src=\"https:\/\/www.telwin.com\/webtelwin\/telwinimg.nsf\/TelWinImg\/IM0036\/$FILE\/IM0036.png?OpenElement\" alt=\"\" \/><\/span><span class=\"nome\">DEGRE DE PROTECTION<\/span><span class=\"code\">IP23<\/span><\/div>\n<div class=\"obj\"><span class=\"img\"><img title=\"\" src=\"https:\/\/www.telwin.com\/webtelwin\/telwinimg.nsf\/TelWinImg\/IM0023\/$FILE\/IM0023.png?OpenElement\" alt=\"\" \/><\/span><span class=\"nome\">TENSION A VIDE MAX<\/span><span class=\"code\">310 \/ 325 V<\/span><\/div>\n<div class=\"obj\"><span class=\"img\"><img title=\"\" src=\"https:\/\/www.telwin.com\/webtelwin\/telwinimg.nsf\/TelWinImg\/IM0037\/$FILE\/IM0037.png?OpenElement\" alt=\"\" \/><\/span><span class=\"nome\">DIMENSIONS<\/span><span class=\"code\">47 x 19 x 35,5 cm<\/span><\/div>\n<div class=\"obj\"><span class=\"img\"><img title=\"\" src=\"https:\/\/www.telwin.com\/webtelwin\/telwinimg.nsf\/TelWinImg\/IM0015\/$FILE\/IM0015.png?OpenElement\" alt=\"\" \/><\/span><span class=\"nome\">COURANT ABSORB\u00c9 MAX<\/span><span class=\"code\">16 \/ 13 A<\/span><\/div>\n<div class=\"obj\"><span class=\"img\"><img title=\"\" src=\"https:\/\/www.telwin.com\/webtelwin\/telwinimg.nsf\/TelWinImg\/IM0039\/$FILE\/IM0039.png?OpenElement\" alt=\"\" \/><\/span><span class=\"nome\">POIDS<\/span><span class=\"code\">15,8 kg<\/span><\/div>\n<div class=\"obj\"><span class=\"img\"><img title=\"\" src=\"https:\/\/www.telwin.com\/webtelwin\/telwinimg.nsf\/TelWinImg\/IM0153\/$FILE\/IM0153.png?OpenElement\" alt=\"\" \/><\/span><span class=\"nome\">PUISSANCE ABSORBEE MAX<\/span><span class=\"code\">5,5 \/ 8,5 kW<\/span><\/div>\n<div class=\"obj\"><span class=\"img\"><img title=\"\" src=\"https:\/\/www.telwin.com\/webtelwin\/telwinimg.nsf\/TelWinImg\/IM0010\/$FILE\/IM0010.png?OpenElement\" alt=\"\" \/><\/span><span class=\"nome\">CODE EAN<\/span><span class=\"code\">800489799649 3<\/span><\/div>\n<div class=\"obj\"><span class=\"img\"><img title=\"\" src=\"https:\/\/www.telwin.com\/webtelwin\/telwinimg.nsf\/TelWinImg\/IM0029\/$FILE\/IM0029.png?OpenElement\" alt=\"\" \/><\/span><span class=\"nome\">RENDEMENT<\/span><span class=\"code\">90 %<\/span><\/div>\n","protected":false},"featured_media":2743,"template":"","meta":[],"brands":[{"id":30,"name":"TELWIN","slug":"telwin"}],"_links":{"self":[{"href":"http:\/\/www.le-professionnel.com\/index.php?rest_route=\/wp\/v2\/product\/2742"}],"collection":[{"href":"http:\/\/www.le-professionnel.com\/index.php?rest_route=\/wp\/v2\/product"}],"about":[{"href":"http:\/\/www.le-professionnel.com\/index.php?rest_route=\/wp\/v2\/types\/product"}],"version-history":[{"count":1,"href":"http:\/\/www.le-professionnel.com\/index.php?rest_route=\/wp\/v2\/product\/2742\/revisions"}],"predecessor-version":[{"id":2744,"href":"http:\/\/www.le-professionnel.com\/index.php?rest_route=\/wp\/v2\/product\/2742\/revisions\/2744"}],"wp:featuredmedia":[{"embeddable":true,"href":"http:\/\/www.le-professionnel.com\/index.php?rest_route=\/wp\/v2\/media\/2743"}],"wp:attachment":[{"href":"http:\/\/www.le-professionnel.com\/index.php?rest_route=%2Fwp%2Fv2%2Fmedia&parent=2742"}],"curies":[{"name":"wp","href":"https:\/\/api.w.org\/{rel}","templated":true}]}}