{"id":2315,"date":"2021-01-05T13:08:10","date_gmt":"2021-01-05T13:08:10","guid":{"rendered":"http:\/\/www.le-professionnel.com\/?post_type=product&#038;p=2315"},"modified":"2021-01-05T13:08:14","modified_gmt":"2021-01-05T13:08:14","slug":"perceuse-a-percussion-gsb-24-2","status":"publish","type":"product","link":"http:\/\/www.le-professionnel.com\/?product=perceuse-a-percussion-gsb-24-2","title":{"rendered":"Perceuse \u00e0 percussion GSB 24-2"},"content":{"rendered":"<p><strong>Le puissant outil pour applications extr\u00eamement exigeantes : maintenant avec syst\u00e8me KickBack Control intelligent.<\/strong><br \/>\n<strong>Applications heavy-duty avec de grands diam\u00e8tres gr\u00e2ce au moteur haute performance Bosch de 1 100 W et au couple \u00e9lev\u00e9<\/strong><\/p>\n","protected":false},"excerpt":{"rendered":"<p><strong>Donn\u00e9es suppl\u00e9mentaires<\/strong><br \/>\n<strong>Puissance absorb\u00e9e nominale*<\/strong><br \/>\n<strong>1 100W<\/strong><br \/>\n<strong>Poids<\/strong><br \/>\n<strong>2,9kg<\/strong><br \/>\n<strong>R\u00e9gime \u00e0 vide, 1\u00e8re vitesse<\/strong><br \/>\n<strong>0 \u2013 900t\/min<\/strong><br \/>\n<strong>R\u00e9gime \u00e0 vide, vitesse 2<\/strong><br \/>\n<strong>3,000t\/min<\/strong><br \/>\n<strong>Puissance restitu\u00e9e<\/strong><br \/>\n<strong>630W<\/strong><br \/>\n<strong>Vitesse de rotation nominale<\/strong><br \/>\n<strong>580 \/ 1,900t\/min<\/strong><br \/>\n<strong>Couple nominal<\/strong><br \/>\n<strong>9.6 \/ 3.2Nm<\/strong><br \/>\n<strong>Plage de serrage du mandrin, min.\/max.<\/strong><br \/>\n<strong>1.5 \u2013 13mm<\/strong><br \/>\n<strong>Dimensions de l\u2019outil (largeur)<\/strong><br \/>\n<strong>90mm<\/strong><br \/>\n<strong>Dimensions de l\u2019outil (longueur)<\/strong><br \/>\n<strong>335mm<\/strong><br \/>\n<strong>Dimensions de l\u2019outil (hauteur)<\/strong><br \/>\n<strong>220mm<\/strong><br \/>\n<strong>Fr\u00e9quence de frappe \u00e0 vide<\/strong><br \/>\n<strong>0 \u2013 15,300 \/ 51,000cps\/min<\/strong><br \/>\n<strong>Couple maxi.<\/strong><br \/>\n<strong>40.0 \/ 14.5Nm<\/strong><br \/>\n<strong>Plage de per\u00e7age<\/strong><br \/>\n<strong>\u00d8 per\u00e7age b\u00e9ton<\/strong><br \/>\n<strong>22 \/ 13mm<\/strong><br \/>\n<strong>\u00d8 per\u00e7age bois*<\/strong><br \/>\n<strong>40 \/ 25mm<\/strong><br \/>\n<strong>\u00d8 per\u00e7age acier<\/strong><br \/>\n<strong>16 \/ 8mm<\/strong><br \/>\n<strong>\u00d8 de per\u00e7age dans la pierre<\/strong><br \/>\n<strong>24 \/ 16mm<\/strong><br \/>\n<strong>\u00d8 de per\u00e7age dans la ma\u00e7onnerie*<\/strong><br \/>\n<strong>24 \/ 1mm<\/strong><br \/>\n<strong>Valeurs totales des vibrations (Per\u00e7age dans le m\u00e9tal)<\/strong><br \/>\n<strong>Valeur d\u2019\u00e9mission vibratoire ah<\/strong><br \/>\n<strong>5,6m\/s\u00b2<\/strong><br \/>\n<strong>Incertitude K<\/strong><br \/>\n<strong>1,5m\/s\u00b2<\/strong><br \/>\n<strong>Valeurs totales des vibrations (Per\u00e7age avec percussion dans le b\u00e9ton)<\/strong><br \/>\n<strong>Valeur d\u2019\u00e9mission vibratoire ah<\/strong><br \/>\n<strong>14,6m\/s\u00b2<\/strong><br \/>\n<strong>Incertitude K<\/strong><br \/>\n<strong>1,8m\/s\u00b2<\/strong><br \/>\n<strong>Valeurs totales des vibrations (Vissage)<\/strong><br \/>\n<strong>Valeur d\u2019\u00e9mission vibratoire ah<\/strong><br \/>\n<strong>2,5m\/s\u00b2<\/strong><br \/>\n<strong>Incertitude K<\/strong><br \/>\n<strong>1,5m\/s\u00b2<\/strong><\/p>\n","protected":false},"featured_media":2316,"template":"","meta":[],"brands":[{"id":19,"name":"BOSCH","slug":"bosch"}],"_links":{"self":[{"href":"http:\/\/www.le-professionnel.com\/index.php?rest_route=\/wp\/v2\/product\/2315"}],"collection":[{"href":"http:\/\/www.le-professionnel.com\/index.php?rest_route=\/wp\/v2\/product"}],"about":[{"href":"http:\/\/www.le-professionnel.com\/index.php?rest_route=\/wp\/v2\/types\/product"}],"version-history":[{"count":2,"href":"http:\/\/www.le-professionnel.com\/index.php?rest_route=\/wp\/v2\/product\/2315\/revisions"}],"predecessor-version":[{"id":2319,"href":"http:\/\/www.le-professionnel.com\/index.php?rest_route=\/wp\/v2\/product\/2315\/revisions\/2319"}],"wp:featuredmedia":[{"embeddable":true,"href":"http:\/\/www.le-professionnel.com\/index.php?rest_route=\/wp\/v2\/media\/2316"}],"wp:attachment":[{"href":"http:\/\/www.le-professionnel.com\/index.php?rest_route=%2Fwp%2Fv2%2Fmedia&parent=2315"}],"curies":[{"name":"wp","href":"https:\/\/api.w.org\/{rel}","templated":true}]}}