{"id":2285,"date":"2021-01-05T11:52:32","date_gmt":"2021-01-05T11:52:32","guid":{"rendered":"http:\/\/www.le-professionnel.com\/?post_type=product&#038;p=2285"},"modified":"2021-01-05T12:34:16","modified_gmt":"2021-01-05T12:34:16","slug":"telemetre-laser-glm-80","status":"publish","type":"product","link":"http:\/\/www.le-professionnel.com\/?product=telemetre-laser-glm-80","title":{"rendered":"T\u00e9l\u00e9m\u00e8tre laser GLM 80"},"content":{"rendered":"<p><strong>La technologie au service de la mesure<\/strong><br \/>\n<strong>Mesures de distances et d\u2019inclinaison gr\u00e2ce au capteur d\u2019inclinaison sur 360\u00b0<\/strong><br \/>\n<strong>Facile \u00e0 utiliser gr\u00e2ce \u00e0 l\u2019\u00e9cran r\u00e9tro-\u00e9clair\u00e9 avec rotation automatique de l\u2019affichage<\/strong><br \/>\n<strong>Jusqu\u2019\u00e0 25 000 mesures par charge gr\u00e2ce \u00e0 la batterie Lithium-Ion<\/strong><\/p>\n","protected":false},"excerpt":{"rendered":"<p><strong>Donn\u00e9es suppl\u00e9mentaires<\/strong><br \/>\n<strong>Diode laser*<\/strong><br \/>\n<strong>635 nm, &lt; 1 mW<\/strong><\/p>\n<p><strong>Port\u00e9e*<\/strong><br \/>\n<strong>0.05 \u2013 80.00<\/strong><\/p>\n<p><strong>m<\/strong><br \/>\n<strong>Poids approx.*<\/strong><br \/>\n<strong>0,14<\/strong><\/p>\n<p><strong>kg<\/strong><br \/>\n<strong>Temps de mesure typ.<\/strong><br \/>\n<strong>&lt; 0,5 s<\/strong><\/p>\n<p><strong>Classe laser<\/strong><br \/>\n<strong>2<\/strong><\/p>\n<p><strong>Pr\u00e9cision de mesure, typ.<\/strong><br \/>\n<strong>\u00b1 1,5 mm (plus l\u2019\u00e9cart li\u00e9 au type d\u2019utilisation)<\/strong><\/p>\n<p><strong>Temps de mesure, maxi.<\/strong><br \/>\n<strong>4<\/strong><\/p>\n<p><strong>s<\/strong><br \/>\n<strong>Alimentation<\/strong><br \/>\n<strong>1 batterie 3,7 V Li-Ion (1250 mAh)<\/strong><\/p>\n<p><strong>D\u00e9sactivation automatique<\/strong><br \/>\n<strong>5<\/strong><\/p>\n<p><strong>min.<\/strong><br \/>\n<strong>Unit\u00e9s de mesure<\/strong><br \/>\n<strong>m\/cm\/mm<\/strong><\/p>\n<p><strong>Capacit\u00e9 m\u00e9moire (valeurs)<\/strong><br \/>\n<strong>20 + 1<\/strong><\/p>\n<p><strong>\u00c9tanch\u00e9it\u00e9 \u00e0 l\u2019eau et \u00e0 la poussi\u00e8re<\/strong><br \/>\n<strong>IP 54<\/strong><\/p>\n","protected":false},"featured_media":2288,"template":"","meta":[],"brands":[{"id":19,"name":"BOSCH","slug":"bosch"}],"_links":{"self":[{"href":"http:\/\/www.le-professionnel.com\/index.php?rest_route=\/wp\/v2\/product\/2285"}],"collection":[{"href":"http:\/\/www.le-professionnel.com\/index.php?rest_route=\/wp\/v2\/product"}],"about":[{"href":"http:\/\/www.le-professionnel.com\/index.php?rest_route=\/wp\/v2\/types\/product"}],"version-history":[{"count":1,"href":"http:\/\/www.le-professionnel.com\/index.php?rest_route=\/wp\/v2\/product\/2285\/revisions"}],"predecessor-version":[{"id":2287,"href":"http:\/\/www.le-professionnel.com\/index.php?rest_route=\/wp\/v2\/product\/2285\/revisions\/2287"}],"wp:featuredmedia":[{"embeddable":true,"href":"http:\/\/www.le-professionnel.com\/index.php?rest_route=\/wp\/v2\/media\/2288"}],"wp:attachment":[{"href":"http:\/\/www.le-professionnel.com\/index.php?rest_route=%2Fwp%2Fv2%2Fmedia&parent=2285"}],"curies":[{"name":"wp","href":"https:\/\/api.w.org\/{rel}","templated":true}]}}

Télémètre laser GLM 80

<p><strong>La technologie au service de la mesure</strong><br />
<strong>Mesures de distances et d’inclinaison grâce au capteur d’inclinaison sur 360°</strong><br />
<strong>Facile à utiliser grâce à l’écran rétro-éclairé avec rotation automatique de l’affichage</strong><br />
<strong>Jusqu’à 25 000 mesures par charge grâce à la batterie Lithium-Ion</strong></p>

<p><strong>Données supplémentaires</strong><br />
<strong>Diode laser*</strong><br />
<strong>635 nm, &lt; 1 mW</strong></p>
<p><strong>Portée*</strong><br />
<strong>0.05 – 80.00</strong></p>
<p><strong>m</strong><br />
<strong>Poids approx.*</strong><br />
<strong>0,14</strong></p>
<p><strong>kg</strong><br />
<strong>Temps de mesure typ.</strong><br />
<strong>&lt; 0,5 s</strong></p>
<p><strong>Classe laser</strong><br />
<strong>2</strong></p>
<p><strong>Précision de mesure, typ.</strong><br />
<strong>± 1,5 mm (plus l’écart lié au type d’utilisation)</strong></p>
<p><strong>Temps de mesure, maxi.</strong><br />
<strong>4</strong></p>
<p><strong>s</strong><br />
<strong>Alimentation</strong><br />
<strong>1 batterie 3,7 V Li-Ion (1250 mAh)</strong></p>
<p><strong>Désactivation automatique</strong><br />
<strong>5</strong></p>
<p><strong>min.</strong><br />
<strong>Unités de mesure</strong><br />
<strong>m/cm/mm</strong></p>
<p><strong>Capacité mémoire (valeurs)</strong><br />
<strong>20 + 1</strong></p>
<p><strong>Étanchéité à l’eau et à la poussière</strong><br />
<strong>IP 54</strong></p>
