{"id":2279,"date":"2021-01-05T11:46:21","date_gmt":"2021-01-05T11:46:21","guid":{"rendered":"http:\/\/www.le-professionnel.com\/?post_type=product&#038;p=2279"},"modified":"2021-01-05T11:58:06","modified_gmt":"2021-01-05T11:58:06","slug":"telemetre-laser-glm-20","status":"publish","type":"product","link":"http:\/\/www.le-professionnel.com\/?product=telemetre-laser-glm-20","title":{"rendered":"T\u00e9l\u00e9m\u00e8tre laser GLM 20"},"content":{"rendered":"<p><strong>Compact et simple \u00e0 utiliser pour les mesures de distance<\/strong><br \/>\nUn seul bouton pour tout : utilisation intuitive et simple<br \/>\nCompact : tient dans chaque poche de pantalon<\/p>\n","protected":false},"excerpt":{"rendered":"<p><strong>Donn\u00e9es suppl\u00e9mentaires<\/strong><br \/>\n<strong>Diode laser*<\/strong><br \/>\n<strong>635 nm, &lt; 1 mW<\/strong><\/p>\n<p><strong>Port\u00e9e*<\/strong><br \/>\n<strong>0.15 \u2013 20.00<\/strong><\/p>\n<p><strong>m<\/strong><br \/>\n<strong>Poids approx.*<\/strong><br \/>\n<strong>0,13<\/strong><\/p>\n<p><strong>kg<\/strong><br \/>\n<strong>Temps de mesure typ.<\/strong><br \/>\n<strong>&lt; 0,5 s<\/strong><\/p>\n<p><strong>Unit\u00e9s de mesure<\/strong><br \/>\n<strong>m\/cm, ft\/inch<\/strong><\/p>\n<p><strong>Classe laser<\/strong><br \/>\n<strong>2<\/strong><\/p>\n<p><strong>Pr\u00e9cision de mesure, typ.<\/strong><br \/>\n<strong>\u00b1 3,0 mm (plus l\u2019\u00e9cart li\u00e9 au type d\u2019utilisation)<\/strong><\/p>\n<p><strong>Alimentation<\/strong><br \/>\n<strong>2 piles 1,5 V LR03 (AAA)<\/strong><\/p>\n<p><strong>D\u00e9sactivation automatique<\/strong><br \/>\n<strong>5<\/strong><\/p>\n<p><strong>min.<\/strong><br \/>\n<strong>Dur\u00e9e de vie batterie, nombre de mesures approximatif<\/strong><br \/>\n<strong>5 000<\/strong><\/p>\n<p><strong>Dur\u00e9e de vie batterie, autonomie approx.<\/strong><br \/>\n<strong>5h<\/strong><\/p>\n<p>&nbsp;<\/p>\n","protected":false},"featured_media":2289,"template":"","meta":[],"brands":[{"id":19,"name":"BOSCH","slug":"bosch"}],"_links":{"self":[{"href":"http:\/\/www.le-professionnel.com\/index.php?rest_route=\/wp\/v2\/product\/2279"}],"collection":[{"href":"http:\/\/www.le-professionnel.com\/index.php?rest_route=\/wp\/v2\/product"}],"about":[{"href":"http:\/\/www.le-professionnel.com\/index.php?rest_route=\/wp\/v2\/types\/product"}],"version-history":[{"count":1,"href":"http:\/\/www.le-professionnel.com\/index.php?rest_route=\/wp\/v2\/product\/2279\/revisions"}],"predecessor-version":[{"id":2281,"href":"http:\/\/www.le-professionnel.com\/index.php?rest_route=\/wp\/v2\/product\/2279\/revisions\/2281"}],"wp:featuredmedia":[{"embeddable":true,"href":"http:\/\/www.le-professionnel.com\/index.php?rest_route=\/wp\/v2\/media\/2289"}],"wp:attachment":[{"href":"http:\/\/www.le-professionnel.com\/index.php?rest_route=%2Fwp%2Fv2%2Fmedia&parent=2279"}],"curies":[{"name":"wp","href":"https:\/\/api.w.org\/{rel}","templated":true}]}}

Télémètre laser GLM 20

<p><strong>Compact et simple à utiliser pour les mesures de distance</strong><br />
Un seul bouton pour tout : utilisation intuitive et simple<br />
Compact : tient dans chaque poche de pantalon</p>

<p><strong>Données supplémentaires</strong><br />
<strong>Diode laser*</strong><br />
<strong>635 nm, &lt; 1 mW</strong></p>
<p><strong>Portée*</strong><br />
<strong>0.15 – 20.00</strong></p>
<p><strong>m</strong><br />
<strong>Poids approx.*</strong><br />
<strong>0,13</strong></p>
<p><strong>kg</strong><br />
<strong>Temps de mesure typ.</strong><br />
<strong>&lt; 0,5 s</strong></p>
<p><strong>Unités de mesure</strong><br />
<strong>m/cm, ft/inch</strong></p>
<p><strong>Classe laser</strong><br />
<strong>2</strong></p>
<p><strong>Précision de mesure, typ.</strong><br />
<strong>± 3,0 mm (plus l’écart lié au type d’utilisation)</strong></p>
<p><strong>Alimentation</strong><br />
<strong>2 piles 1,5 V LR03 (AAA)</strong></p>
<p><strong>Désactivation automatique</strong><br />
<strong>5</strong></p>
<p><strong>min.</strong><br />
<strong>Durée de vie batterie, nombre de mesures approximatif</strong><br />
<strong>5 000</strong></p>
<p><strong>Durée de vie batterie, autonomie approx.</strong><br />
<strong>5h</strong></p>
<p>&nbsp;</p>
