{"id":2275,"date":"2021-01-05T11:41:05","date_gmt":"2021-01-05T11:41:05","guid":{"rendered":"http:\/\/www.le-professionnel.com\/?post_type=product&#038;p=2275"},"modified":"2021-01-05T12:38:57","modified_gmt":"2021-01-05T12:38:57","slug":"telemetre-laser-glm-40","status":"publish","type":"product","link":"http:\/\/www.le-professionnel.com\/?product=telemetre-laser-glm-40","title":{"rendered":"T\u00e9l\u00e9m\u00e8tre laser GLM 40"},"content":{"rendered":"<h3 class=\"headline hl4\">Toutes les fonctions essentielles dans un ensemble compact<\/h3>\n<ul class=\"m-product_hightlights__list\">\n<li>Mesure de longueurs, calcul de surfaces et de volumes, utilisation intuitive<\/li>\n<li>Grand \u00e9cran de trois lignes r\u00e9tro-\u00e9clair\u00e9 pour une visibilit\u00e9 parfaite<\/li>\n<li>Fonction m\u00e9moire permettant un acc\u00e8s simple aux 10 derni\u00e8res mesures<\/li>\n<\/ul>\n","protected":false},"excerpt":{"rendered":"<p><strong>Donn\u00e9es suppl\u00e9mentaires<\/strong><br \/>\n<strong>Diode laser*<\/strong><br \/>\n<strong>635 nm, &lt; 1 mW<\/strong><\/p>\n<p><strong>Port\u00e9e*<\/strong><br \/>\n<strong>0.15 \u2013 40.00<\/strong><\/p>\n<p><strong>m<\/strong><br \/>\n<strong>Poids approx.*<\/strong><br \/>\n<strong>0,09<\/strong><\/p>\n<p><strong>kg<\/strong><br \/>\n<strong>Temps de mesure typ.<\/strong><br \/>\n<strong>&lt; 0,5 s<\/strong><\/p>\n<p><strong>Classe laser<\/strong><br \/>\n<strong>2<\/strong><\/p>\n<p><strong>Pr\u00e9cision de mesure, typ.<\/strong><br \/>\n<strong>\u00b1 1,5 mm (plus l\u2019\u00e9cart li\u00e9 au type d\u2019utilisation)<\/strong><\/p>\n<p><strong>Temps de mesure, maxi.<\/strong><br \/>\n<strong>4<\/strong><\/p>\n<p><strong>s<\/strong><br \/>\n<strong>Alimentation<\/strong><br \/>\n<strong>2 piles 1,5 V LR03 (AAA)<\/strong><\/p>\n<p><strong>D\u00e9sactivation automatique<\/strong><br \/>\n<strong>5<\/strong><\/p>\n<p><strong>min.<\/strong><br \/>\n<strong>Unit\u00e9s de mesure<\/strong><br \/>\n<strong>m\/cm, ft\/inch<\/strong><\/p>\n<p><strong>Capacit\u00e9 m\u00e9moire (valeurs)<\/strong><br \/>\n<strong>10<\/strong><\/p>\n<p><strong>\u00c9tanch\u00e9it\u00e9 \u00e0 l\u2019eau et \u00e0 la poussi\u00e8re<\/strong><br \/>\n<strong>IP 54<\/strong><\/p>\n","protected":false},"featured_media":2276,"template":"","meta":[],"brands":[{"id":19,"name":"BOSCH","slug":"bosch"}],"_links":{"self":[{"href":"http:\/\/www.le-professionnel.com\/index.php?rest_route=\/wp\/v2\/product\/2275"}],"collection":[{"href":"http:\/\/www.le-professionnel.com\/index.php?rest_route=\/wp\/v2\/product"}],"about":[{"href":"http:\/\/www.le-professionnel.com\/index.php?rest_route=\/wp\/v2\/types\/product"}],"version-history":[{"count":2,"href":"http:\/\/www.le-professionnel.com\/index.php?rest_route=\/wp\/v2\/product\/2275\/revisions"}],"predecessor-version":[{"id":2278,"href":"http:\/\/www.le-professionnel.com\/index.php?rest_route=\/wp\/v2\/product\/2275\/revisions\/2278"}],"wp:featuredmedia":[{"embeddable":true,"href":"http:\/\/www.le-professionnel.com\/index.php?rest_route=\/wp\/v2\/media\/2276"}],"wp:attachment":[{"href":"http:\/\/www.le-professionnel.com\/index.php?rest_route=%2Fwp%2Fv2%2Fmedia&parent=2275"}],"curies":[{"name":"wp","href":"https:\/\/api.w.org\/{rel}","templated":true}]}}

Télémètre laser GLM 40

<h3 class="headline hl4">Toutes les fonctions essentielles dans un ensemble compact</h3>
<ul class="m-product_hightlights__list">
<li>Mesure de longueurs, calcul de surfaces et de volumes, utilisation intuitive</li>
<li>Grand écran de trois lignes rétro-éclairé pour une visibilité parfaite</li>
<li>Fonction mémoire permettant un accès simple aux 10 dernières mesures</li>
</ul>

<p><strong>Données supplémentaires</strong><br />
<strong>Diode laser*</strong><br />
<strong>635 nm, &lt; 1 mW</strong></p>
<p><strong>Portée*</strong><br />
<strong>0.15 – 40.00</strong></p>
<p><strong>m</strong><br />
<strong>Poids approx.*</strong><br />
<strong>0,09</strong></p>
<p><strong>kg</strong><br />
<strong>Temps de mesure typ.</strong><br />
<strong>&lt; 0,5 s</strong></p>
<p><strong>Classe laser</strong><br />
<strong>2</strong></p>
<p><strong>Précision de mesure, typ.</strong><br />
<strong>± 1,5 mm (plus l’écart lié au type d’utilisation)</strong></p>
<p><strong>Temps de mesure, maxi.</strong><br />
<strong>4</strong></p>
<p><strong>s</strong><br />
<strong>Alimentation</strong><br />
<strong>2 piles 1,5 V LR03 (AAA)</strong></p>
<p><strong>Désactivation automatique</strong><br />
<strong>5</strong></p>
<p><strong>min.</strong><br />
<strong>Unités de mesure</strong><br />
<strong>m/cm, ft/inch</strong></p>
<p><strong>Capacité mémoire (valeurs)</strong><br />
<strong>10</strong></p>
<p><strong>Étanchéité à l’eau et à la poussière</strong><br />
<strong>IP 54</strong></p>
