{"id":1920,"date":"2020-12-14T22:01:48","date_gmt":"2020-12-14T22:01:48","guid":{"rendered":"http:\/\/www.le-professionnel.com\/?post_type=product&#038;p=1920"},"modified":"2020-12-14T22:01:54","modified_gmt":"2020-12-14T22:01:54","slug":"force-10218c-325-servante-datelier-practical-325-outils","status":"publish","type":"product","link":"http:\/\/www.le-professionnel.com\/?product=force-10218c-325-servante-datelier-practical-325-outils","title":{"rendered":"Force 10218C-325 Servante d&rsquo;atelier Practical 325 outils"},"content":{"rendered":"<p><strong>Caract\u00e9ristiques:<\/strong><\/p>\n<ul>\n<li>Servante d&rsquo;atelier Force Practical\u00a0Series<\/li>\n<li>8 Tiroirs sur roulement \u00e0 billes avec syst\u00e8me anti basculement<\/li>\n<li>Ouverture des tiroirs \u00e0 100%<\/li>\n<li>4 Roues en caoutchouc, 2 fixes et 2 rotatives avec frein<\/li>\n<li>Plan de travail en polypropyl\u00e8ne<\/li>\n<li>Verroullage \u00e0 cl\u00e9 centralis\u00e9<\/li>\n<li>Porte flacons lat\u00e9rals<\/li>\n<li>Disponible: rouge, noir et bleu<\/li>\n<li>Dim. L800 x B500 x H1030 mm<\/li>\n<\/ul>\n<p><b>Tiroir 1:<\/b><\/p>\n<ul>\n<li>Tournevis Fente: 3-3.5-4-5.5-6.5-8 mm<\/li>\n<li>Tournevis Boule Fente: 5.5-6.5 mm<\/li>\n<li>Tournevis Philips: PH.0-PH.1-PH.2-PH.3<\/li>\n<li>Tournevis Boule Philips: PH.1-PH.2<\/li>\n<li>Tournevis Torx: T8-T10-T15-T20-T25-T27-T30-T40<\/li>\n<li>1\/4&Prime; Douilles 6-pans: 4-4.5-5-5.5-6-7-8-9-10-11-12-13 mm<\/li>\n<li>1\/4&Prime; Douilles 6-pans en pouce: 3\/16&Prime; &#8211; 9\/32&Prime; &#8211; 11\/32&Prime; &#8211; 3\/8&Prime; &#8211; 1\/2&Prime;<\/li>\n<li>1\/4&Prime; Douilles longue 6-pans: 4-4.5-5-5.5-6-7-8-9-10-11-12-13 mm<\/li>\n<li>1\/4&Prime; Douilles longue 6-pans en pouce: 3\/16&Prime; &#8211; 9\/32&Prime; &#8211; 11\/32&Prime; &#8211; 3\/8&Prime; &#8211; 1\/2&Prime;<\/li>\n<li>1\/4&Prime; Douilles tournevis Hex: 3-4-5-6-7-8-10 mm<\/li>\n<li>1\/4&Prime; Douilles tournevis Hex en pouce: 1\/8&Prime; &#8211; 3\/16&Prime; &#8211; 7\/32&Prime; &#8211; 1\/4&Prime; &#8211; 3\/8&Prime;<\/li>\n<li>1\/4&Prime; Douilles tournevis Philips: PH.1-PH.2-PH.3<\/li>\n<li>1\/4&Prime; Douilles tournevis Pozidriv: PZ.1-PZ.2-PZ.3<\/li>\n<li>1\/4&Prime; Douilles tournevis Fente: 3-4-5.5-7 mm<\/li>\n<li>1\/4&Prime; Douilles tournevis Torx: T8-T10-T15-T20-T25-T27-T30-T40<\/li>\n<li>1\/4&Prime; Cliquet r\u00e9versible 20 dents<\/li>\n<li>1\/4&Prime; Rallonges 50-100-150 mm<\/li>\n<li>1\/4&Prime; Cardan universel<\/li>\n<li>1\/4&Prime; Douille magn\u00e9tique<\/li>\n<li>1\/4&Prime; Poign\u00e9e T 115 mm<\/li>\n<li>Tournevis porte-douille carr\u00e9 1\/4&Prime;<\/li>\n<\/ul>\n<p><img loading=\"lazy\" class=\"\" src=\"https:\/\/www.forcetools-kepmar.eu\/WebRoot\/StoreNL\/Shops\/457210838\/MediaGallery\/Lades\/325_Lade_1.jpg\" alt=\"325_Lade_1\" width=\"740\" height=\"490\" \/><\/p>\n<p><b>Tiroir 2:<\/b><\/p>\n<ul>\n<li>3\/8&Prime; Douilles 6-pans: 6-7-8-9-10-11-12-13-14-15-16-17-18-19-20-21-22 mm<\/li>\n<li>3\/8&Prime; Douilles 6-pans en pouce: 1\/4&Prime; &#8211; 3\/8&Prime; &#8211; 1\/2&Prime; &#8211; 9\/16&Prime; &#8211; 5\/8&Prime; &#8211; 11\/16&Prime; &#8211; 13\/16&Prime;<\/li>\n<li>3\/8&Prime; Cliquet r\u00e9versible 24 dents<\/li>\n<li>3\/8&Prime; Cardan universel<\/li>\n<li>3\/8&Prime; Rallonges 75-150-225 mm<\/li>\n<li>3\/8&Prime; Douilles pour bougies 16-20.6 mm<\/li>\n<li>Adapteur pour rallonge 1\/2&Prime; x 3\/8&Prime;<\/li>\n<li>1\/2&Prime; Douilles 6-pans: 8-10-11-12-13-14-15-16-17-18-20-21-22-23-24-26-27-28-30-32 mm<\/li>\n<li>1\/2&Prime; Douilles 6-pans en pouce: 5\/16&Prime; &#8211; 3\/8&Prime; &#8211; 7\/16&Prime; &#8211; 15\/32&Prime; &#8211; 1\/2&Prime; &#8211; 9\/16&Prime; &#8211; 19\/32&Prime; &#8211; 5\/8&Prime; &#8211; 11\/16&Prime; &#8211; 3\/4&Prime; &#8211; 25\/32&Prime; &#8211; 13\/16&Prime; &#8211; 7\/8&Prime; &#8211; 15\/16&Prime; &#8211; 1&Prime; &#8211; 1-1\/16&Prime; &#8211; 1-1\/8&Prime; &#8211; 1-3\/16&Prime; &#8211; 1-1\/4&Prime;<\/li>\n<li>1\/2&Prime; Cliquet r\u00e9versible 36 dents<\/li>\n<li>1\/2&Prime; Poign\u00e9e articul\u00e9e 380 mm<\/li>\n<li>1\/2&Prime; Poign\u00e9e T 250 mm<\/li>\n<li>1\/2&Prime; Rallonge 125 mm<\/li>\n<li>1\/2&Prime; Rallonge 250 mm<\/li>\n<li>1\/2&Prime; Cardan universel<\/li>\n<\/ul>\n<p><img loading=\"lazy\" class=\"\" src=\"https:\/\/www.forcetools-kepmar.eu\/WebRoot\/StoreNL\/Shops\/457210838\/MediaGallery\/Lades\/325_Lade_2.jpg\" alt=\"325_Lade_2\" width=\"744\" height=\"490\" \/><\/p>\n<p><b>Tiroir 3:<\/b><\/p>\n<ul>\n<li>1\/4&Prime; Douilles Torx: E4-E5-E6-E7-E8<\/li>\n<li>3\/8&Prime; Douilles Torx: E10-E11-E12-E14-E18-E20<\/li>\n<li>1\/2&Prime; Douilles Torx: E22-E24<\/li>\n<li>1\/4&Prime; Douilles tournevis Torx: T8-T9-T10-T15-T20-T25-T27-T30-T40<\/li>\n<li>3\/8&Prime; Douilles tournevis Torx: T45-T50<\/li>\n<li>1\/2&Prime; Douilles tournevis Torx: T55-T60-T70<\/li>\n<li>Cl\u00e9s m\u00e2les coud\u00e9es Torx: T10-T15-T20-T25-T27-T30-T40-T45-T50-T55-T60-T70<\/li>\n<li>Cl\u00e9s \u00e0 tuyauter: 08&#215;10 &#8211; 11&#215;13 &#8211; 12&#215;14 &#8211; 16&#215;18 &#8211; 17&#215;19 &#8211; 19&#215;22 &#8211; 24&#215;27 &#8211; 30&#215;32 mm<\/li>\n<li>Cl\u00e9s \u00e0 tuyauter en pouce: 5\/16&Prime; x 3\/8&Prime; &#8211; 1\/2&Prime; x 9\/16&Prime; &#8211; 3\/4&Prime; x 7\/8&Prime; &#8211; 3\/8&Prime; x 7\/16&Prime; &#8211; 5\/8&Prime; x 3\/4&Prime; &#8211; 7\/16&Prime; x 1\/2&Prime; &#8211; 11\/16&Prime; x 3\/4&Prime;<\/li>\n<li>Pince circlips int\u00e9rieur \u00e0 bec droits<\/li>\n<li>Pince circlips int\u00e9rieur \u00e0 bec 90\u00b0<\/li>\n<li>Pince circlips ext\u00e9rieur \u00e0 becs droits<\/li>\n<li>Pince circlips ext\u00e9rieur \u00e0 becs 90\u00b0<\/li>\n<\/ul>\n<p><img loading=\"lazy\" class=\"\" src=\"https:\/\/www.forcetools-kepmar.eu\/WebRoot\/StoreNL\/Shops\/457210838\/MediaGallery\/Lades\/325_Lade_3.jpg\" alt=\"325_Lade_3\" width=\"752\" height=\"490\" \/><\/p>\n<p><b>Tiroir 4:<\/b><\/p>\n<ul>\n<li>Cl\u00e9s mixtes: 6 &#8211; 7 &#8211; 8 &#8211; 9 &#8211; 10 &#8211; 11 &#8211; 12 &#8211; 13 &#8211; 14 &#8211; 15 &#8211; 16 &#8211; 17 &#8211; 18 &#8211; 19 &#8211; 20 &#8211; 21 &#8211; 22 &#8211; 23 mm<\/li>\n<li>Cl\u00e9s mixtes en pouce: 1\/4&Prime; &#8211; 5\/16&Prime; &#8211; 3\/8&Prime; &#8211; 7\/16&Prime; &#8211; 1\/2&Prime; &#8211; 9\/16&Prime; &#8211; 5\/8&Prime; &#8211; 11\/16&Prime; &#8211; 3\/4&Prime; &#8211; 13\/16&Prime; &#8211; 7\/8&Prime; &#8211; 15\/16&Prime; &#8211; 1&Prime;<\/li>\n<li>Cl\u00e9s polygonales (t\u00eate 45\u00b0): 08&#215;09 &#8211; 10&#215;11 &#8211; 12&#215;13 &#8211; 14&#215;15 &#8211; 16&#215;17 &#8211; 18&#215;19 &#8211; 21&#215;23 &#8211; 22&#215;24 mm<\/li>\n<li>Cl\u00e9s polygonales en pouce (t\u00eate 45\u00b0): 1\/4&Prime; x 5\/16&Prime; &#8211; 3\/8&Prime; x 7\/16&Prime; &#8211; 7\/16&Prime; x 1\/2&Prime; &#8211; 1\/2&Prime; x 9\/16&Prime; &#8211; 5\/8&Prime; x 11\/16&Prime; &#8211; 11\/16&Prime; x 3\/4&Prime; &#8211; 13\/16&Prime; x 7\/8&Prime; &#8211; 7\/8&Prime; x 15\/16&Prime;<\/li>\n<\/ul>\n<p><img loading=\"lazy\" class=\"\" src=\"https:\/\/www.forcetools-kepmar.eu\/WebRoot\/StoreNL\/Shops\/457210838\/MediaGallery\/Lades\/325_Lade_4.jpg\" alt=\"325_Lade_4\" width=\"755\" height=\"490\" \/><\/p>\n<p><b>Tiroir 5:<\/b><\/p>\n<ul>\n<li>Pince multiprise 250mm<\/li>\n<li>Pince grip 250mm<\/li>\n<li>Cl\u00e9 \u00e0 molette 250mm<\/li>\n<li>Pince \u00e0 long bec 200mm<\/li>\n<li>Pince \u00e0 long bec coud\u00e9 200mm<\/li>\n<li>Pince universelle 175mm<\/li>\n<li>Pince coupante 175mm<\/li>\n<li>Marteau de m\u00e9canicien 300gr<\/li>\n<li>Marteau sans rebond 400gr<\/li>\n<li>Burin pointu<\/li>\n<li>Pointeau 4mm<\/li>\n<li>Chasse-clous: 2-3-4 mm<\/li>\n<li>Chasse-goupilles: 2-3-4 mm<\/li>\n<li>Burins \u00e0 profil constant: 10-12-15-19-22-25 mm<\/li>\n<\/ul>\n<p><img loading=\"lazy\" class=\"\" src=\"https:\/\/www.forcetools-kepmar.eu\/WebRoot\/StoreNL\/Shops\/457210838\/MediaGallery\/Lades\/325_Lade_5.jpg\" alt=\"325_Lade_5\" width=\"739\" height=\"490\" \/><\/p>\n<p><b>Tiroir 6:<\/b><\/p>\n<ul>\n<li>Cl\u00e9s hexagonales t\u00eate sph\u00e9rique: 2 &#8211; 2.5 &#8211; 3 &#8211; 4 &#8211; 5 &#8211; 6 &#8211; 7 &#8211; 8 &#8211; 10 &#8211; 12 mm<\/li>\n<li>Cl\u00e9s hexagonales poign\u00e9e en T en pouce: 3\/32&Prime; &#8211; 7\/64&Prime; &#8211; 1\/8&Prime; &#8211; 5\/32&Prime; &#8211; 3\/16&Prime; &#8211; 7\/32&Prime; &#8211; 1\/4&Prime; &#8211; 5\/16&Prime; &#8211; 3\/8&Prime;<\/li>\n<\/ul>\n<p><img loading=\"lazy\" class=\"\" src=\"https:\/\/www.forcetools-kepmar.eu\/WebRoot\/StoreNL\/Shops\/457210838\/MediaGallery\/Lades\/325_Lade_6n.jpg\" alt=\"325_Lade_6n\" width=\"740\" height=\"490\" \/><\/p>\n","protected":false},"excerpt":{"rendered":"<p>Cette servante d&rsquo;atelier de Force Practical Series est robuste, de qualit\u00e9 professionnelle, id\u00e9ale pour votre garage ou atelier.<br \/>\nEquip\u00e9e de modules en ABS thermoform\u00e9 avec 325 outils \u00e0 main. Cette servante d&rsquo;atelier offre une capacit\u00e9 de rangement importante pour vos outils. Avec 8 tiroirs, cette servante d&rsquo;atelier r\u00e9pondra \u00e0 vos besoins de rangement d&rsquo;outils pour une dur\u00e9e de vie extr\u00eamement longue.<br \/>\nL&rsquo;ouverture des tiroirs se fait \u00e0 100%. La fermeture se fait par verrouillage centralis\u00e9 (2 cl\u00e9 incluses.)\u00a0Gr\u00e2ce \u00e0 ses 4 roues en caoutchouc, 2 fixes et 2 rotatives avec freins. La peinture ext\u00e9rieure poudr\u00e9e offre une finition impeccable.<br \/>\nGrand plan de travail en polypropyl\u00e8ne, avec rebords int\u00e9gr\u00e9s \u00e9vitant la chute d&rsquo;outils pendant le d\u00e9placement. R\u00e9sistance aux impacts et aux hydrocarbures. 2 poign\u00e9es int\u00e9gr\u00e9es, une pour le d\u00e9placement et une autre permettant de soulever la servante pour le passage d&rsquo;obstacles.<br \/>\nId\u00e9al pour le transport d&rsquo;outils sur les zones de travaux, les chantiers, les ateliers, les garages.<\/p>\n","protected":false},"featured_media":1871,"template":"","meta":[],"brands":[{"id":29,"name":"FORCE","slug":"force"}],"_links":{"self":[{"href":"http:\/\/www.le-professionnel.com\/index.php?rest_route=\/wp\/v2\/product\/1920"}],"collection":[{"href":"http:\/\/www.le-professionnel.com\/index.php?rest_route=\/wp\/v2\/product"}],"about":[{"href":"http:\/\/www.le-professionnel.com\/index.php?rest_route=\/wp\/v2\/types\/product"}],"version-history":[{"count":2,"href":"http:\/\/www.le-professionnel.com\/index.php?rest_route=\/wp\/v2\/product\/1920\/revisions"}],"predecessor-version":[{"id":1928,"href":"http:\/\/www.le-professionnel.com\/index.php?rest_route=\/wp\/v2\/product\/1920\/revisions\/1928"}],"wp:featuredmedia":[{"embeddable":true,"href":"http:\/\/www.le-professionnel.com\/index.php?rest_route=\/wp\/v2\/media\/1871"}],"wp:attachment":[{"href":"http:\/\/www.le-professionnel.com\/index.php?rest_route=%2Fwp%2Fv2%2Fmedia&parent=1920"}],"curies":[{"name":"wp","href":"https:\/\/api.w.org\/{rel}","templated":true}]}}