{"id":1863,"date":"2020-12-13T23:24:44","date_gmt":"2020-12-13T23:24:44","guid":{"rendered":"http:\/\/www.le-professionnel.com\/?post_type=product&#038;p=1863"},"modified":"2020-12-13T23:24:46","modified_gmt":"2020-12-13T23:24:46","slug":"force-10517-180a-servante-datelier-rb-180-outils","status":"publish","type":"product","link":"http:\/\/www.le-professionnel.com\/?product=force-10517-180a-servante-datelier-rb-180-outils","title":{"rendered":"Force 10517-180A Servante d&rsquo;atelier R&#038;B 180 outils"},"content":{"rendered":"<p><strong>Caract\u00e9ristiques:<\/strong><\/p>\n<ul>\n<li>Servante d&rsquo;atelier Force R&amp;B<\/li>\n<li>7 Tiroirs sur roulement \u00e0 billes (<u>sans<\/u>\u00a0syst\u00e8me anti basculement)<\/li>\n<li>Ouverture des tiroirs \u00e0 100%<\/li>\n<li>4 Roues en caoutchouc, 2 fixes et 2 rotatives avec frein<\/li>\n<li>Plan de travail<\/li>\n<li>Verroullage \u00e0 cl\u00e9 centralis\u00e9<\/li>\n<li>Dim. L687 x B459 x H995 mm<\/li>\n<\/ul>\n","protected":false},"excerpt":{"rendered":"<p>Servante d&rsquo;atelier Force R&amp;B construction robuste pour utilisation professionnelle.<br \/>\nCette servante d&rsquo;atelier \u00e0 outils offre un rapport qualit\u00e9\/prix int\u00e9ressant vue la qualit\u00e9 et la robustesse de sa fabrication.<br \/>\nDe part sa qualit\u00e9 de fabrication et sa capacit\u00e9 de rangement, cette servante d&rsquo;atelier offre un rapport qualit\u00e9\/prix imbattable.<br \/>\nL&rsquo;ouverture des tiroirs se fait \u00e0 100%. La fermeture se fait par verrouillage centralis\u00e9.\u00a0Gr\u00e2ce \u00e0 ses 4 roues en caoutchouc, 2 fixes et 2 rotatives avec freins.\u00a0La peinture ext\u00e9rieure poudr\u00e9e offre une finition impeccable.<br \/>\nId\u00e9al pour le transport d&rsquo;outils sur les zones de travaux, les chantiers, les ateliers, les garages.<\/p>\n","protected":false},"featured_media":1864,"template":"","meta":[],"brands":[{"id":29,"name":"FORCE","slug":"force"}],"_links":{"self":[{"href":"http:\/\/www.le-professionnel.com\/index.php?rest_route=\/wp\/v2\/product\/1863"}],"collection":[{"href":"http:\/\/www.le-professionnel.com\/index.php?rest_route=\/wp\/v2\/product"}],"about":[{"href":"http:\/\/www.le-professionnel.com\/index.php?rest_route=\/wp\/v2\/types\/product"}],"version-history":[{"count":1,"href":"http:\/\/www.le-professionnel.com\/index.php?rest_route=\/wp\/v2\/product\/1863\/revisions"}],"predecessor-version":[{"id":1869,"href":"http:\/\/www.le-professionnel.com\/index.php?rest_route=\/wp\/v2\/product\/1863\/revisions\/1869"}],"wp:featuredmedia":[{"embeddable":true,"href":"http:\/\/www.le-professionnel.com\/index.php?rest_route=\/wp\/v2\/media\/1864"}],"wp:attachment":[{"href":"http:\/\/www.le-professionnel.com\/index.php?rest_route=%2Fwp%2Fv2%2Fmedia&parent=1863"}],"curies":[{"name":"wp","href":"https:\/\/api.w.org\/{rel}","templated":true}]}}